CREATE TABLE `llx_propaldet_extrafields` (
  `rowid` int(11) NOT NULL,
  `tms` timestamp NOT NULL DEFAULT CURRENT_TIMESTAMP ON UPDATE CURRENT_TIMESTAMP,
  `fk_object` int(11) NOT NULL,
  `import_key` varchar(14) DEFAULT NULL
) ENGINE=InnoDB DEFAULT CHARSET=latin1;

-- --------------------------------------------------------

--
-- Structure de la table `llx_propal_extrafields`
--

CREATE TABLE `llx_propal_extrafields` (
  `rowid` int(11) NOT NULL,
  `tms` timestamp NOT NULL DEFAULT CURRENT_TIMESTAMP ON UPDATE CURRENT_TIMESTAMP,
  `fk_object` int(11) NOT NULL,
  `import_key` varchar(14) DEFAULT NULL
) ENGINE=InnoDB DEFAULT CHARSET=latin1;

-- --------------------------------------------------------

--
-- Structure de la table `llx_propal_merge_pdf_product`
--

CREATE TABLE `llx_propal_merge_pdf_product` (
  `rowid` int(11) NOT NULL,
  `fk_product` int(11) NOT NULL,
  `file_name` varchar(200) NOT NULL,
  `lang` varchar(5) DEFAULT NULL,
  `fk_user_author` int(11) DEFAULT NULL,
  `fk_user_mod` int(11) NOT NULL,
  `datec` datetime NOT NULL,
  `tms` timestamp NOT NULL DEFAULT CURRENT_TIMESTAMP ON UPDATE CURRENT_TIMESTAMP,
  `import_key` varchar(14) DEFAULT NULL
) ENGINE=InnoDB DEFAULT CHARSET=latin1;

-- --------------------------------------------------------

--
-- Structure de la table `llx_resource`
--

CREATE TABLE `llx_resource` (
  `rowid` int(11) NOT NULL,
  `entity` int(11) NOT NULL DEFAULT '1',
  `ref` varchar(255) DEFAULT NULL,
  `description` text,
  `fk_code_type_resource` varchar(32) DEFAULT NULL,
  `note_public` text,
  `note_private` text,
  `tms` timestamp NOT NULL DEFAULT CURRENT_TIMESTAMP ON UPDATE CURRENT_TIMESTAMP
) ENGINE=InnoDB DEFAULT CHARSET=latin1;

-- --------------------------------------------------------

--
-- Structure de la table `llx_rights_def`
--

CREATE TABLE `llx_rights_def` (
  `id` int(11) NOT NULL,
  `libelle` varchar(255) DEFAULT NULL,
  `module` varchar(64) DEFAULT NULL,
  `entity` int(11) NOT NULL DEFAULT '1',
  `perms` varchar(50) DEFAULT NULL,
  `subperms` varchar(50) DEFAULT NULL,
  `type` varchar(1) DEFAULT NULL,
  `bydefault` tinyint(4) DEFAULT '0'
) ENGINE=InnoDB DEFAULT CHARSET=latin1;

--
-- Déchargement des données de la table `llx_rights_def`
--

INSERT INTO `llx_rights_def` (`id`, `libelle`, `module`, `entity`, `perms`, `subperms`, `type`, `bydefault`) VALUES
(11, 'Lire les factures', 'facture', 1, 'lire', NULL, 'a', 1),
(12, 'Creer/modifier les factures', 'facture', 1, 'creer', NULL, 'a', 0),
(13, 'Dévalider les factures', 'facture', 1, 'invoice_advance', 'unvalidate', 'a', 0),
(14, 'Valider les factures', 'facture', 1, 'invoice_advance', 'validate', 'a', 0),
(15, 'Envoyer les factures par mail', 'facture', 1, 'invoice_advance', 'send', 'a', 0),
(16, 'Emettre des paiements sur les factures', 'facture', 1, 'paiement', NULL, 'a', 0),
(19, 'Supprimer les factures', 'facture', 1, 'supprimer', NULL, 'a', 0),
(21, 'Lire les propositions commerciales', 'propale', 1, 'lire', NULL, 'r', 1),
(22, 'Creer/modifier les propositions commerciales', 'propale', 1, 'creer', NULL, 'w', 0),
(24, 'Valider les propositions commerciales', 'propale', 1, 'propal_advance', 'validate', 'd', 0),
(25, 'Envoyer les propositions commerciales aux clients', 'propale', 1, 'propal_advance', 'send', 'd', 0),
(26, 'Cloturer les propositions commerciales', 'propale', 1, 'cloturer', NULL, 'd', 0),
(27, 'Supprimer les propositions commerciales', 'propale', 1, 'supprimer', NULL, 'd', 0),
(28, 'Exporter les propositions commerciales et attributs', 'propale', 1, 'export', NULL, 'r', 0),
(31, 'Lire les produits', 'produit', 1, 'lire', NULL, 'r', 1),
(32, 'Creer/modifier les produits', 'produit', 1, 'creer', NULL, 'w', 0),
(34, 'Supprimer les produits', 'produit', 1, 'supprimer', NULL, 'd', 0),
(38, 'Exporter les produits', 'produit', 1, 'export', NULL, 'r', 0),
(81, 'Lire les commandes clients', 'commande', 1, 'lire', NULL, 'r', 1),
(82, 'Creer/modifier les commandes clients', 'commande', 1, 'creer', NULL, 'w', 0),
(84, 'Valider les commandes clients', 'commande', 1, 'order_advance', 'validate', 'd', 0),
(86, 'Envoyer les commandes clients', 'commande', 1, 'order_advance', 'send', 'd', 0),
(87, 'Cloturer les commandes clients', 'commande', 1, 'cloturer', NULL, 'd', 0),
(88, 'Annuler les commandes clients', 'commande', 1, 'order_advance', 'annuler', 'd', 0),
(89, 'Supprimer les commandes clients', 'commande', 1, 'supprimer', NULL, 'd', 0),
(91, 'Lire les charges', 'tax', 1, 'charges', 'lire', 'r', 1),
(92, 'Creer/modifier les charges', 'tax', 1, 'charges', 'creer', 'w', 0),
(93, 'Supprimer les charges', 'tax', 1, 'charges', 'supprimer', 'd', 0),
(94, 'Exporter les charges', 'tax', 1, 'charges', 'export', 'r', 0),
(95, 'Lire CA, bilans, resultats', 'compta', 1, 'resultat', 'lire', 'r', 1),
(111, 'Lire les comptes bancaires', 'banque', 1, 'lire', NULL, 'r', 1),
(112, 'Creer/modifier montant/supprimer ecriture bancaire', 'banque', 1, 'modifier', NULL, 'w', 0),
(113, 'Configurer les comptes bancaires (creer, gerer categories)', 'banque', 1, 'configurer', NULL, 'a', 0),
(114, 'Rapprocher les ecritures bancaires', 'banque', 1, 'consolidate', NULL, 'w', 0),
(115, 'Exporter transactions et releves', 'banque', 1, 'export', NULL, 'r', 0),
(116, 'Virements entre comptes', 'banque', 1, 'transfer', NULL, 'w', 0),
(117, 'Gerer les envois de cheques', 'banque', 1, 'cheque', NULL, 'w', 0),
(121, 'Lire les societes', 'societe', 1, 'lire', NULL, 'r', 1),
(122, 'Creer modifier les societes', 'societe', 1, 'creer', NULL, 'w', 0),
(125, 'Supprimer les societes', 'societe', 1, 'supprimer', NULL, 'd', 0),
(126, 'Exporter les societes', 'societe', 1, 'export', NULL, 'r', 0),
(161, 'Lire les contrats', 'contrat', 1, 'lire', NULL, 'r', 1),
(162, 'Creer / modifier les contrats', 'contrat', 1, 'creer', NULL, 'w', 0),
(163, 'Activer un service d\'un contrat', 'contrat', 1, 'activer', NULL, 'w', 0),
(164, 'Desactiver un service d\'un contrat', 'contrat', 1, 'desactiver', NULL, 'w', 0),
(165, 'Supprimer un contrat', 'contrat', 1, 'supprimer', NULL, 'd', 0),
(167, 'Export contracts', 'contrat', 1, 'export', NULL, 'r', 0),
(251, 'Consulter les autres utilisateurs', 'user', 1, 'user', 'lire', 'r', 0),
(252, 'Consulter les permissions des autres utilisateurs', 'user', 1, 'user_advance', 'readperms', 'r', 0),
(253, 'Creer/modifier utilisateurs internes et externes', 'user', 1, 'user', 'creer', 'w', 0),
(254, 'Creer/modifier utilisateurs externes seulement', 'user', 1, 'user_advance', 'write', 'w', 0),
(255, 'Modifier le mot de passe des autres utilisateurs', 'user', 1, 'user', 'password', 'w', 0),
(256, 'Supprimer ou desactiver les autres utilisateurs', 'user', 1, 'user', 'supprimer', 'd', 0),
(262, 'Consulter tous les tiers par utilisateurs internes (sinon uniquement si contact commercial). Non effectif pour utilisateurs externes (tjs limités à eux-meme).', 'societe', 1, 'client', 'voir', 'r', 1),
(281, 'Lire les contacts', 'societe', 1, 'contact', 'lire', 'r', 1),
(282, 'Creer modifier les contacts', 'societe', 1, 'contact', 'creer', 'w', 0),
(283, 'Supprimer les contacts', 'societe', 1, 'contact', 'supprimer', 'd', 0),
(286, 'Exporter les contacts', 'societe', 1, 'contact', 'export', 'd', 0),
(341, 'Consulter ses propres permissions', 'user', 1, 'self_advance', 'readperms', 'r', 1),
(342, 'Creer/modifier ses propres infos utilisateur', 'user', 1, 'self', 'creer', 'w', 1),
(343, 'Modifier son propre mot de passe', 'user', 1, 'self', 'password', 'w', 1),
(344, 'Modifier ses propres permissions', 'user', 1, 'self_advance', 'writeperms', 'w', 1),
(351, 'Consulter les groupes', 'user', 1, 'group_advance', 'read', 'r', 0),
(352, 'Consulter les permissions des groupes', 'user', 1, 'group_advance', 'readperms', 'r', 0),
(353, 'Creer/modifier les groupes et leurs permissions', 'user', 1, 'group_advance', 'write', 'w', 0),
(354, 'Supprimer ou desactiver les groupes', 'user', 1, 'group_advance', 'delete', 'd', 0),
(358, 'Exporter les utilisateurs', 'user', 1, 'user', 'export', 'r', 0),
(531, 'Lire les services', 'service', 1, 'lire', NULL, 'r', 1),
(532, 'Creer/modifier les services', 'service', 1, 'creer', NULL, 'w', 0),
(534, 'Supprimer les services', 'service', 1, 'supprimer', NULL, 'd', 0),
(538, 'Exporter les services', 'service', 1, 'export', NULL, 'r', 0),
(1321, 'Exporter les factures clients, attributs et reglements', 'facture', 1, 'facture', 'export', 'r', 0),
(1421, 'Exporter les commandes clients et attributs', 'commande', 1, 'commande', 'export', 'r', 0);

-- --------------------------------------------------------

--
-- Structure de la table `llx_societe`
--

CREATE TABLE `llx_societe` (
  `rowid` int(11) NOT NULL,
  `nom` varchar(128) DEFAULT NULL,
  `name_alias` varchar(128) DEFAULT NULL,
  `entity` int(11) NOT NULL DEFAULT '1',
  `ref_ext` varchar(128) DEFAULT NULL,
  `ref_int` varchar(60) DEFAULT NULL,
  `statut` tinyint(4) DEFAULT '0',
  `parent` int(11) DEFAULT NULL,
  `tms` timestamp NOT NULL DEFAULT CURRENT_TIMESTAMP ON UPDATE CURRENT_TIMESTAMP,
  `datec` datetime DEFAULT NULL,
  `status` tinyint(4) DEFAULT '1',
  `code_client` varchar(24) DEFAULT NULL,
  `code_fournisseur` varchar(24) DEFAULT NULL,
  `code_compta` varchar(24) DEFAULT NULL,
  `code_compta_fournisseur` varchar(24) DEFAULT NULL,
  `address` varchar(255) DEFAULT NULL,
  `zip` varchar(25) DEFAULT NULL,
  `town` varchar(50) DEFAULT NULL,
  `fk_departement` int(11) DEFAULT '0',
  `fk_pays` int(11) DEFAULT '0',
  `phone` varchar(20) DEFAULT NULL,
  `fax` varchar(20) DEFAULT NULL,
  `url` varchar(255) DEFAULT NULL,
  `email` varchar(128) DEFAULT NULL,
  `skype` varchar(255) DEFAULT NULL,
  `fk_effectif` int(11) DEFAULT '0',
  `fk_typent` int(11) DEFAULT '0',
  `fk_forme_juridique` int(11) DEFAULT '0',
  `fk_currency` varchar(3) DEFAULT NULL,
  `siren` varchar(128) DEFAULT NULL,
  `siret` varchar(128) DEFAULT NULL,
  `ape` varchar(128) DEFAULT NULL,
  `idprof4` varchar(128) DEFAULT NULL,
  `idprof5` varchar(128) DEFAULT NULL,
  `idprof6` varchar(128) DEFAULT NULL,
  `tva_intra` varchar(20) DEFAULT NULL,
  `capital` double DEFAULT NULL,
  `fk_stcomm` int(11) NOT NULL DEFAULT '0',
  `note_private` text,
  `note_public` text,
  `prefix_comm` varchar(5) DEFAULT NULL,
  `client` tinyint(4) DEFAULT '0',
  `fournisseur` tinyint(4) DEFAULT '0',
  `supplier_account` varchar(32) DEFAULT NULL,
  `fk_prospectlevel` varchar(12) DEFAULT NULL,
  `fk_incoterms` int(11) DEFAULT NULL,
  `location_incoterms` varchar(255) DEFAULT NULL,
  `customer_bad` tinyint(4) DEFAULT '0',
  `customer_rate` double DEFAULT '0',
  `supplier_rate` double DEFAULT '0',
  `fk_user_creat` int(11) DEFAULT NULL,
  `fk_user_modif` int(11) DEFAULT NULL,
  `remise_client` double DEFAULT '0',
  `mode_reglement` tinyint(4) DEFAULT NULL,
  `cond_reglement` tinyint(4) DEFAULT NULL,
  `mode_reglement_supplier` tinyint(4) DEFAULT NULL,
  `cond_reglement_supplier` tinyint(4) DEFAULT NULL,
  `tva_assuj` tinyint(4) DEFAULT '1',
  `localtax1_assuj` tinyint(4) DEFAULT '0',
  `localtax1_value` double(6,3) DEFAULT NULL,
  `localtax2_assuj` tinyint(4) DEFAULT '0',
  `localtax2_value` double(6,3) DEFAULT NULL,
  `barcode` varchar(255) DEFAULT NULL,
  `fk_barcode_type` int(11) DEFAULT '0',
  `price_level` int(11) DEFAULT NULL,
  `outstanding_limit` double(24,8) DEFAULT NULL,
  `default_lang` varchar(6) DEFAULT NULL,
  `logo` varchar(255) DEFAULT NULL,
  `canvas` varchar(32) DEFAULT NULL,
  `import_key` varchar(14) DEFAULT NULL,
  `webservices_url` varchar(255) DEFAULT NULL,
  `webservices_key` varchar(128) DEFAULT NULL
) ENGINE=InnoDB DEFAULT CHARSET=latin1;

--
-- Déchargement des données de la table `llx_societe`
--

INSERT INTO `llx_societe` (`rowid`, `nom`, `name_alias`, `entity`, `ref_ext`, `ref_int`, `statut`, `parent`, `tms`, `datec`, `status`, `code_client`, `code_fournisseur`, `code_compta`, `code_compta_fournisseur`, `address`, `zip`, `town`, `fk_departement`, `fk_pays`, `phone`, `fax`, `url`, `email`, `skype`, `fk_effectif`, `fk_typent`, `fk_forme_juridique`, `fk_currency`, `siren`, `siret`, `ape`, `idprof4`, `idprof5`, `idprof6`, `tva_intra`, `capital`, `fk_stcomm`, `note_private`, `note_public`, `prefix_comm`, `client`, `fournisseur`, `supplier_account`, `fk_prospectlevel`, `fk_incoterms`, `location_incoterms`, `customer_bad`, `customer_rate`, `supplier_rate`, `fk_user_creat`, `fk_user_modif`, `remise_client`, `mode_reglement`, `cond_reglement`, `mode_reglement_supplier`, `cond_reglement_supplier`, `tva_assuj`, `localtax1_assuj`, `localtax1_value`, `localtax2_assuj`, `localtax2_value`, `barcode`, `fk_barcode_type`, `price_level`, `outstanding_limit`, `default_lang`, `logo`, `canvas`, `import_key`, `webservices_url`, `webservices_key`) VALUES
(1, 'Ali', '', 1, NULL, NULL, 0, NULL, '2016-02-16 12:41:30', '2016-02-15 20:31:08', 1, NULL, NULL, NULL, NULL, '', '1060', 'Saint-Gilles', 104, 2, NULL, NULL, NULL, NULL, NULL, NULL, 0, NULL, NULL, '', '', '', '', '', '', '', 0, 0, NULL, NULL, NULL, 2, 0, NULL, NULL, 0, NULL, 0, 0, 0, 1, 2, 0, NULL, NULL, NULL, NULL, 1, NULL, 0.000, NULL, 0.000, NULL, 0, NULL, NULL, NULL, NULL, NULL, NULL, NULL, NULL),
(2, 'SPRL C.D\'ASSUR', '', 1, NULL, NULL, 0, NULL, '2016-02-16 11:36:15', '2016-02-16 15:36:15', 1, 'C D\'assur', NULL, NULL, NULL, '', NULL, NULL, 0, 2, NULL, NULL, NULL, NULL, NULL, NULL, 0, NULL, NULL, '', '', '', '', '', '', '', 0, 0, NULL, NULL, NULL, 3, 0, NULL, NULL, 0, NULL, 0, 0, 0, 1, 1, 0, NULL, NULL, NULL, NULL, 1, NULL, 0.000, NULL, 0.000, NULL, 0, NULL, NULL, NULL, NULL, NULL, NULL, NULL, NULL),
(3, 'Lanson', '', 1, NULL, NULL, 0, NULL, '2016-02-16 12:08:53', '2016-02-16 15:36:33', 1, NULL, NULL, NULL, NULL, 'Bollinkstraat 15', '1070', 'Bruxelles', 0, 2, NULL, NULL, NULL, 'lanson@aol.be', NULL, NULL, 0, NULL, NULL, '', '', '', '', '', '', '', 0, 0, NULL, NULL, NULL, 2, 0, NULL, NULL, 0, NULL, 0, 0, 0, 1, 3, 0, NULL, NULL, NULL, NULL, 1, NULL, 0.000, NULL, 0.000, NULL, 0, NULL, NULL, NULL, NULL, NULL, NULL, NULL, NULL),
(4, 'Mme Line Rish', '', 1, NULL, NULL, 0, NULL, '2016-03-02 09:18:19', '2016-03-02 13:18:19', 1, NULL, NULL, NULL, NULL, 'Rue Brogniez 189', '1070', 'Anderlecht', 0, 2, NULL, NULL, NULL, NULL, NULL, NULL, 0, NULL, NULL, '', '', '', '', '', '', '', 0, 0, NULL, NULL, NULL, 3, 0, NULL, NULL, 0, NULL, 0, 0, 0, 3, 3, 0, NULL, NULL, NULL, NULL, 1, NULL, 0.000, NULL, 0.000, NULL, 0, NULL, NULL, NULL, NULL, NULL, NULL, NULL, NULL),
(5, 'Pharma Force NV', '', 1, NULL, NULL, 0, NULL, '2016-10-31 14:05:44', '2016-05-18 12:04:14', 1, NULL, NULL, NULL, NULL, 'Poortakkerstraat 41 G', '9051', 'Sint denijs Westrem', 0, 2, NULL, NULL, NULL, 'stefan.stroobants@patrona.be', NULL, NULL, 0, NULL, NULL, '', '', '', '', '', '', '0859 585 888', 0, 0, NULL, NULL, NULL, 1, 0, NULL, NULL, 0, NULL, 0, 0, 0, 3, 3, 0, NULL, NULL, NULL, NULL, 1, NULL, 0.000, NULL, 0.000, NULL, 0, NULL, NULL, NULL, NULL, NULL, NULL, NULL, NULL),
(6, 'Pharma Real Estate', '', 1, NULL, NULL, 0, NULL, '2016-05-19 11:56:46', '2016-05-19 15:56:46', 1, NULL, NULL, NULL, NULL, 'Poortakkerstraat 41G', '9051', 'Sint denijs Westrem', 0, 2, NULL, NULL, NULL, 'Stefan.Stroobants@pharmaforce.be', NULL, NULL, 0, NULL, NULL, '', '', '', '', '', '', 'BE0873955449', 0, 0, NULL, NULL, NULL, 3, 0, NULL, NULL, 0, NULL, 0, 0, 0, 3, 3, 0, NULL, NULL, NULL, NULL, 1, NULL, 0.000, NULL, 0.000, NULL, 0, NULL, NULL, NULL, NULL, NULL, NULL, NULL, NULL),
(7, 'Wissem FAIVAZ', '', 1, NULL, NULL, 0, NULL, '2016-09-02 08:23:34', '2016-05-20 11:46:07', 1, NULL, NULL, NULL, NULL, 'Ruitersdreef 7', '9090', 'Melle', 0, 2, NULL, NULL, NULL, NULL, NULL, NULL, 0, NULL, NULL, '', '', '', '', '', '', '', 0, 0, NULL, NULL, NULL, 1, 0, NULL, NULL, 0, NULL, 0, 0, 0, 3, 3, 0, NULL, NULL, NULL, NULL, 1, NULL, 0.000, NULL, 0.000, NULL, 0, NULL, NULL, NULL, NULL, NULL, NULL, NULL, NULL),
(8, 'ANDRE NAGANT', '', 1, NULL, NULL, 0, NULL, '2016-05-30 13:43:37', '2016-05-30 17:43:37', 1, NULL, NULL, NULL, NULL, 'Rue des griottes 31', '1080', 'Uccle', 0, 2, NULL, NULL, NULL, NULL, NULL, NULL, 0, NULL, NULL, '', '', '', '', '', '', '', 0, 0, NULL, NULL, NULL, 3, 0, NULL, NULL, 0, NULL, 0, 0, 0, 3, 3, 0, NULL, NULL, NULL, NULL, 1, NULL, 0.000, NULL, 0.000, NULL, 0, NULL, NULL, NULL, NULL, NULL, NULL, NULL, NULL),
(9, 'Martine DEMYTTENARE', '', 1, NULL, NULL, 0, NULL, '2016-05-30 14:40:04', '2016-05-30 18:40:04', 1, NULL, NULL, NULL, NULL, 'Linkebeekstraat 6', '1620', 'beersel', 0, 2, NULL, NULL, NULL, NULL, NULL, NULL, 0, NULL, NULL, '', '', '', '', '', '', '', 0, 0, NULL, NULL, NULL, 3, 0, NULL, NULL, 0, NULL, 0, 0, 0, 3, 3, 0, NULL, NULL, NULL, NULL, 1, NULL, 0.000, NULL, 0.000, NULL, 0, NULL, NULL, NULL, NULL, NULL, NULL, NULL, NULL),
(10, 'Résidence Joseph Schols', '', 1, NULL, NULL, 0, NULL, '2016-05-31 07:33:46', '2016-05-31 11:33:46', 1, NULL, NULL, NULL, NULL, 'Chaussée de Gand 393', '1080', 'bruxelles', 0, 2, NULL, NULL, NULL, NULL, NULL, NULL, 0, NULL, NULL, '', '', '', '', '', '', '', 0, 0, NULL, NULL, NULL, 3, 0, NULL, NULL, 0, NULL, 0, 0, 0, 3, 3, 0, NULL, NULL, NULL, NULL, 1, NULL, 0.000, NULL, 0.000, NULL, 0, NULL, NULL, NULL, NULL, NULL, NULL, NULL, NULL),
(11, 'Monsieur Peletier', '', 1, NULL, NULL, 0, NULL, '2016-06-14 12:10:09', '2016-06-14 16:10:09', 1, NULL, NULL, NULL, NULL, 'rue Jean Bolllen 34', '1020', 'laeken', 0, 2, NULL, NULL, NULL, 'peletier1853@gmail.com', NULL, NULL, 0, NULL, NULL, '', '', '', '', '', '', '', 0, 0, NULL, NULL, NULL, 3, 0, NULL, NULL, 0, NULL, 0, 0, 0, 3, 3, 0, NULL, NULL, NULL, NULL, 1, NULL, 0.000, NULL, 0.000, NULL, 0, NULL, NULL, NULL, NULL, NULL, NULL, NULL, NULL),
(12, 'Monsieur', '', 1, NULL, NULL, 0, NULL, '2016-06-14 12:15:28', '2016-06-14 16:15:28', 1, NULL, NULL, NULL, NULL, 'rue Willems 16', '1210', 'Sint Josse ten noode', 0, 2, NULL, NULL, NULL, NULL, NULL, NULL, 0, NULL, NULL, '', '', '', '', '', '', '', 0, 0, NULL, NULL, NULL, 3, 0, NULL, NULL, 0, NULL, 0, 0, 0, 3, 3, 0, NULL, NULL, NULL, NULL, 1, NULL, 0.000, NULL, 0.000, NULL, 0, NULL, NULL, NULL, NULL, NULL, NULL, NULL, NULL),
(13, 'Monsieur Heiremans', '', 1, NULL, NULL, 0, NULL, '2016-06-22 09:01:11', '2016-06-22 13:01:11', 1, NULL, NULL, NULL, NULL, 'avenue des sept Bonniers 287', '1190', 'bruxelles', 0, 2, NULL, NULL, NULL, NULL, NULL, NULL, 0, NULL, NULL, '', '', '', '', '', '', '', 0, 0, NULL, NULL, NULL, 3, 0, NULL, NULL, 0, NULL, 0, 0, 0, 3, 3, 0, NULL, NULL, NULL, NULL, 1, NULL, 0.000, NULL, 0.000, NULL, 0, NULL, NULL, NULL, NULL, NULL, NULL, NULL, NULL),
(14, 'Madame  ANTON Martine', '', 1, NULL, NULL, 0, NULL, '2016-09-02 09:40:23', '2016-07-20 15:11:59', 1, NULL, NULL, NULL, NULL, 'Chaussée de Ninove 592', '1070', 'Anderlecht', 0, 2, NULL, NULL, NULL, NULL, NULL, NULL, 0, NULL, NULL, '', '', '', '', '', '', '', 0, 0, NULL, NULL, NULL, 3, 0, NULL, NULL, 0, NULL, 0, 0, 0, 3, 3, 0, NULL, NULL, NULL, NULL, 1, NULL, 0.000, NULL, 0.000, NULL, 0, NULL, NULL, NULL, NULL, NULL, NULL, NULL, NULL),
(15, 'AYOUB SELIMI', '', 1, NULL, NULL, 0, NULL, '2016-08-18 13:01:47', '2016-08-18 17:01:47', 1, NULL, NULL, NULL, NULL, 'Rue Large 189', '9600', 'renaix', 0, 2, NULL, NULL, NULL, 'ayos91@gmail.com', NULL, NULL, 0, NULL, NULL, '', '', '', '', '', '', '', 0, 0, NULL, NULL, NULL, 3, 0, NULL, NULL, 0, NULL, 0, 0, 0, 3, 3, 0, NULL, NULL, NULL, NULL, 1, NULL, 0.000, NULL, 0.000, NULL, 0, NULL, NULL, NULL, NULL, NULL, NULL, NULL, NULL),
(16, 'D&D Group', '', 1, NULL, NULL, 0, NULL, '2016-08-19 08:55:03', '2016-08-19 10:43:23', 1, NULL, NULL, NULL, NULL, 'Geiteling 10,', '3580', 'Beringen', 0, 2, NULL, NULL, NULL, NULL, NULL, NULL, 0, NULL, NULL, '', '', '', '', '', '', '', 0, 0, NULL, NULL, NULL, 3, 0, NULL, NULL, 0, NULL, 0, 0, 0, 3, 3, 0, NULL, NULL, NULL, NULL, 1, NULL, 0.000, NULL, 0.000, NULL, 0, NULL, NULL, NULL, NULL, NULL, NULL, NULL, NULL),
(17, 'choker ASSAF', '', 1, NULL, NULL, 0, NULL, '2016-08-29 13:45:36', '2016-08-29 17:45:35', 1, NULL, NULL, NULL, NULL, 'rue Gendebien 85', '6200', 'chatelineau', 0, 2, NULL, NULL, NULL, NULL, NULL, NULL, 0, NULL, NULL, '', '', '', '', '', '', '', 0, 0, NULL, NULL, NULL, 3, 0, NULL, NULL, 0, NULL, 0, 0, 0, 3, 3, 0, NULL, NULL, NULL, NULL, 1, NULL, 0.000, NULL, 0.000, NULL, 0, NULL, NULL, NULL, NULL, NULL, NULL, NULL, NULL),
(18, 'Jaffar GHIOUAR', '', 1, NULL, NULL, 0, NULL, '2016-08-29 13:50:34', '2016-08-29 17:50:34', 1, NULL, NULL, NULL, NULL, 'Haneveldlaan 104', '1850', 'grimbergen', 0, 2, NULL, NULL, NULL, NULL, NULL, NULL, 0, NULL, NULL, '', '', '', '', '', '', '', 0, 0, NULL, NULL, NULL, 3, 0, NULL, NULL, 0, NULL, 0, 0, 0, 3, 3, 0, NULL, NULL, NULL, NULL, 1, NULL, 0.000, NULL, 0.000, NULL, 0, NULL, NULL, NULL, NULL, NULL, NULL, NULL, NULL),
(19, 'Monsieur Bhiri Sadok', '', 1, NULL, NULL, 0, NULL, '2016-09-05 09:28:43', '2016-08-30 10:37:05', 1, NULL, NULL, NULL, NULL, 'Rue de la chasse 1', '5380', 'Marchovelette', 0, 2, NULL, NULL, NULL, NULL, NULL, NULL, 0, NULL, NULL, '', '', '', '', '', '', '', 0, 0, NULL, NULL, NULL, 3, 0, NULL, NULL, 0, NULL, 0, 0, 0, 3, 3, 0, NULL, NULL, NULL, NULL, 1, NULL, 0.000, NULL, 0.000, NULL, 0, NULL, NULL, NULL, NULL, NULL, NULL, NULL, NULL),
(20, 'student house', '', 1, NULL, NULL, 0, NULL, '2016-09-02 08:18:34', '2016-09-02 12:18:34', 1, NULL, NULL, NULL, NULL, 'Boulevard d’Avroy 67', '4000', 'liege', 0, 2, NULL, NULL, NULL, NULL, NULL, NULL, 0, NULL, NULL, '', '', '', '', '', '', '', 0, 0, NULL, NULL, NULL, 3, 0, NULL, NULL, 0, NULL, 0, 0, 0, 3, 3, 0, NULL, NULL, NULL, NULL, 1, NULL, 0.000, NULL, 0.000, NULL, 0, NULL, NULL, NULL, NULL, NULL, NULL, NULL, NULL),
(21, 'Chems eddine MAHER', '', 1, NULL, NULL, 0, NULL, '2016-09-08 09:50:50', '2016-09-08 13:50:50', 1, NULL, NULL, NULL, NULL, 'rue joseph Grafé', '5000', 'numur', 0, 2, NULL, NULL, NULL, NULL, NULL, NULL, 0, NULL, NULL, '', '', '', '', '', '', '', 0, 0, NULL, NULL, NULL, 3, 0, NULL, NULL, 0, NULL, 0, 0, 0, 3, 3, 0, NULL, NULL, NULL, NULL, 1, NULL, 0.000, NULL, 0.000, NULL, 0, NULL, NULL, NULL, NULL, NULL, NULL, NULL, NULL),
(22, 'TAJDIRT ALI', '', 1, NULL, NULL, 0, NULL, '2016-09-09 09:39:08', '2016-09-09 13:39:08', 1, NULL, NULL, NULL, NULL, 'dorent 15', '1620', 'Drogenbos', 0, 2, NULL, NULL, NULL, NULL, NULL, NULL, 0, NULL, NULL, '', '', '', '', '', '', '', 0, 0, NULL, NULL, NULL, 3, 0, NULL, NULL, 0, NULL, 0, 0, 0, 3, 3, 0, NULL, NULL, NULL, NULL, 1, NULL, 0.000, NULL, 0.000, NULL, 0, NULL, NULL, NULL, NULL, NULL, NULL, NULL, NULL),
(23, 'Kapilar Ismi', '', 1, NULL, NULL, 0, NULL, '2016-09-14 07:04:41', '2016-09-14 11:04:41', 1, NULL, NULL, NULL, NULL, 'boulevard mettewie 79 appartement 20', '1080', 'bruxelles', 0, 2, NULL, NULL, NULL, NULL, NULL, NULL, 0, NULL, NULL, '', '', '', '', '', '', '', 0, 0, NULL, NULL, NULL, 3, 0, NULL, NULL, 0, NULL, 0, 0, 0, 3, 3, 0, NULL, NULL, NULL, NULL, 1, NULL, 0.000, NULL, 0.000, NULL, 0, NULL, NULL, NULL, NULL, NULL, NULL, NULL, NULL),
(24, 'M. Mollica', '', 1, NULL, NULL, 0, NULL, '2016-09-29 13:09:50', '2016-09-29 17:09:50', 1, NULL, NULL, NULL, NULL, 'avenueArmand huysmans 163', '1050', 'Ixelles', 0, 2, NULL, NULL, NULL, NULL, NULL, NULL, 0, NULL, NULL, '', '', '', '', '', '', '', 0, 0, NULL, NULL, NULL, 3, 0, NULL, NULL, 0, NULL, 0, 0, 0, 3, 3, 0, NULL, NULL, NULL, NULL, 1, NULL, 0.000, NULL, 0.000, NULL, 0, NULL, NULL, NULL, NULL, NULL, NULL, NULL, NULL),
(25, 'Thomas Julien', '', 1, NULL, NULL, 0, NULL, '2016-11-28 11:03:08', '2016-10-05 15:50:29', 1, NULL, NULL, NULL, NULL, 'chaussée de waterloo', '1080', 'Uccle', 0, 2, NULL, NULL, NULL, NULL, NULL, NULL, 0, NULL, NULL, '', '', '', '', '', '', '', 0, 0, NULL, NULL, NULL, 1, 0, NULL, NULL, 0, NULL, 0, 0, 0, 3, 3, 0, NULL, NULL, NULL, NULL, 1, NULL, 0.000, NULL, 0.000, NULL, 0, NULL, NULL, NULL, NULL, NULL, NULL, NULL, NULL),
(26, 'Régine MPIA MAKANI', '', 1, NULL, NULL, 0, NULL, '2016-10-05 12:07:34', '2016-10-05 16:07:34', 1, NULL, NULL, NULL, NULL, 'Boulevard edmond Marchtens 98/76', '1080', 'bruxelles', 0, 2, NULL, NULL, NULL, NULL, NULL, NULL, 0, NULL, NULL, '', '', '', '', '', '', '', 0, 0, NULL, NULL, NULL, 3, 0, NULL, NULL, 0, NULL, 0, 0, 0, 3, 3, 0, NULL, NULL, NULL, NULL, 1, NULL, 0.000, NULL, 0.000, NULL, 0, NULL, NULL, NULL, NULL, NULL, NULL, NULL, NULL),
(27, 'Marcel Sauvage', '', 1, NULL, NULL, 0, NULL, '2016-10-05 12:31:34', '2016-10-05 16:31:34', 1, NULL, NULL, NULL, NULL, 'rue de Souvret', '6180', 'Courcelles', 0, 2, NULL, NULL, NULL, NULL, NULL, NULL, 0, NULL, NULL, '', '', '', '', '', '', '', 0, 0, NULL, NULL, NULL, 3, 0, NULL, NULL, 0, NULL, 0, 0, 0, 3, 3, 0, NULL, NULL, NULL, NULL, 1, NULL, 0.000, NULL, 0.000, NULL, 0, NULL, NULL, NULL, NULL, NULL, NULL, NULL, NULL),
(28, 'Kalipe KOFFI', '', 1, NULL, NULL, 0, NULL, '2016-10-06 11:03:55', '2016-10-06 15:03:55', 1, NULL, NULL, NULL, NULL, 'rue jean dessis 50', '4460', 'grace Hollogne', 0, 2, NULL, NULL, NULL, NULL, NULL, NULL, 0, NULL, NULL, '', '', '', '', '', '', '', 0, 0, NULL, NULL, NULL, 3, 0, NULL, NULL, 0, NULL, 0, 0, 0, 3, 3, 0, NULL, NULL, NULL, NULL, 1, NULL, 0.000, NULL, 0.000, NULL, 0, NULL, NULL, NULL, NULL, NULL, NULL, NULL, NULL),
(29, 'Hinde YOUSSOUF', '', 1, NULL, NULL, 0, NULL, '2016-10-10 10:30:15', '2016-10-10 14:30:15', 1, NULL, NULL, NULL, NULL, 'Chef du pupitre\r\nLogistique et intendance\r\nWallonie-Bruxelles International\r\nPlace Sainclette 2', '1080', 'Molenbeek', 0, 2, NULL, NULL, NULL, NULL, NULL, NULL, 0, NULL, NULL, '', '', '', '', '', '', '', 0, 0, NULL, NULL, NULL, 3, 0, NULL, NULL, 0, NULL, 0, 0, 0, 3, 3, 0, NULL, NULL, NULL, NULL, 1, NULL, 0.000, NULL, 0.000, NULL, 0, NULL, NULL, NULL, NULL, NULL, NULL, NULL, NULL),
(30, 'L Abatte Cosimo', '', 1, NULL, NULL, 0, NULL, '2016-10-10 11:49:41', '2016-10-10 15:49:41', 1, NULL, NULL, NULL, NULL, 'Avenue Charles Schaller 83 a', '1160', 'Auderghem', 0, 2, NULL, NULL, NULL, 'cosimo.labbate@gmail.com', NULL, NULL, 0, NULL, NULL, '', '', '', '', '', '', '', 0, 0, NULL, NULL, NULL, 3, 0, NULL, NULL, 0, NULL, 0, 0, 0, 3, 3, 0, NULL, NULL, NULL, NULL, 1, NULL, 0.000, NULL, 0.000, NULL, 0, NULL, NULL, NULL, NULL, NULL, NULL, NULL, NULL),
(31, 'El Yamani Abderrahman', '', 1, NULL, NULL, 0, NULL, '2016-10-12 09:46:11', '2016-10-12 13:46:11', 1, NULL, NULL, NULL, NULL, 'chaussée de Ruisbroek 11', '1190', 'bruxelles', 0, 2, NULL, NULL, NULL, 'elyamaniabderrahman@hotmail.com', NULL, NULL, 0, NULL, NULL, '', '', '', '', '', '', '', 0, 0, NULL, NULL, NULL, 3, 0, NULL, NULL, 0, NULL, 0, 0, 0, 3, 3, 0, NULL, NULL, NULL, NULL, 1, NULL, 0.000, NULL, 0.000, NULL, 0, NULL, NULL, NULL, NULL, NULL, NULL, NULL, NULL),
(32, 'M. RENAUD', '', 1, NULL, NULL, 0, NULL, '2016-10-12 11:10:34', '2016-10-12 15:10:34', 1, NULL, NULL, NULL, NULL, 'Avenue Rogier 277', '1030', 'bruxelles', 0, 2, NULL, NULL, NULL, 'rita.aupaix@gmail.com', NULL, NULL, 0, NULL, NULL, '', '', '', '', '', '', '', 0, 0, NULL, NULL, NULL, 3, 0, NULL, NULL, 0, NULL, 0, 0, 0, 3, 3, 0, NULL, NULL, NULL, NULL, 1, NULL, 0.000, NULL, 0.000, NULL, 0, NULL, NULL, NULL, NULL, NULL, NULL, NULL, NULL),
(33, 'Madame Lapagnard  jeanine', '', 1, NULL, NULL, 0, NULL, '2016-10-19 09:38:17', '2016-10-19 13:38:17', 1, NULL, NULL, NULL, NULL, 'Roggeveld 2', '1932', 'sint stevens woluwé', 0, 2, NULL, NULL, NULL, NULL, NULL, NULL, 0, NULL, NULL, '', '', '', '', '', '', '', 0, 0, NULL, NULL, NULL, 3, 0, NULL, NULL, 0, NULL, 0, 0, 0, 3, 3, 0, NULL, NULL, NULL, NULL, 1, NULL, 0.000, NULL, 0.000, NULL, 0, NULL, NULL, NULL, NULL, NULL, NULL, NULL, NULL),
(34, 'M. PINCIUC IVAN', '', 1, NULL, NULL, 0, NULL, '2016-10-19 10:50:51', '2016-10-19 14:50:51', 1, NULL, NULL, NULL, NULL, 'chaussée de Ninove 596', '1070', 'Anderlecht', 0, 2, NULL, NULL, NULL, 'pinchuk.ivan84@gmail.com', NULL, NULL, 0, NULL, NULL, '', '', '', '', '', '', '', 0, 0, NULL, NULL, NULL, 3, 0, NULL, NULL, 0, NULL, 0, 0, 0, 3, 3, 0, NULL, NULL, NULL, NULL, 1, NULL, 0.000, NULL, 0.000, NULL, 0, NULL, NULL, NULL, NULL, NULL, NULL, NULL, NULL),
(35, 'Moonens stephanie', '', 1, NULL, NULL, 0, NULL, '2016-10-24 14:33:21', '2016-10-24 18:33:21', 1, NULL, NULL, NULL, NULL, 'mouillesquare 3/41', '1081', 'koekelberg', 0, 2, NULL, NULL, NULL, 'lena.moonens@gmail.com', NULL, NULL, 0, NULL, NULL, '', '', '', '', '', '', '', 0, 0, NULL, NULL, NULL, 3, 0, NULL, NULL, 0, NULL, 0, 0, 0, 3, 3, 0, NULL, NULL, NULL, NULL, 1, NULL, 0.000, NULL, 0.000, NULL, 0, NULL, NULL, NULL, NULL, NULL, NULL, NULL, NULL),
(36, 'GARA RAMI', '', 1, NULL, NULL, 0, NULL, '2016-10-25 11:01:53', '2016-10-25 15:01:53', 1, NULL, NULL, NULL, NULL, 'Rue des béguinages 15', '1080', 'bruxelles', 0, 2, NULL, NULL, NULL, 'joker-box@hotmail.com', NULL, NULL, 0, NULL, NULL, '', '', '', '', '', '', '', 0, 0, NULL, NULL, NULL, 3, 0, NULL, NULL, 0, NULL, 0, 0, 0, 3, 3, 0, NULL, NULL, NULL, NULL, 1, NULL, 0.000, NULL, 0.000, NULL, 0, NULL, NULL, NULL, NULL, NULL, NULL, NULL, NULL),
(37, 'ARNAUD', '', 1, NULL, NULL, 0, NULL, '2016-10-25 11:13:27', '2016-10-25 15:13:27', 1, NULL, NULL, NULL, NULL, 'rue jupiter 178', '1190', 'bruxelles', 0, 2, NULL, NULL, NULL, NULL, NULL, NULL, 0, NULL, NULL, '', '', '', '', '', '', '', 0, 0, NULL, NULL, NULL, 3, 0, NULL, NULL, 0, NULL, 0, 0, 0, 3, 3, 0, NULL, NULL, NULL, NULL, 1, NULL, 0.000, NULL, 0.000, NULL, 0, NULL, NULL, NULL, NULL, NULL, NULL, NULL, NULL),
(38, 'Pharma Real Estate', '', 1, NULL, NULL, 0, NULL, '2016-10-31 13:37:30', '2016-10-31 17:37:30', 1, NULL, NULL, NULL, NULL, 'Poortakkerstraat 41G', '9051', 'gent', 0, 2, NULL, NULL, NULL, 'Stefan.Stroobants@pharmaforce.be', NULL, NULL, 0, NULL, NULL, '', '', '', '', '', '', '0873.955.449', 0, 0, NULL, NULL, NULL, 3, 0, NULL, NULL, 0, NULL, 0, 0, 0, 3, 3, 0, NULL, NULL, NULL, NULL, 1, NULL, 0.000, NULL, 0.000, NULL, 0, NULL, NULL, NULL, NULL, NULL, NULL, NULL, NULL),
(39, 'RENOVAC', '', 1, NULL, NULL, 0, NULL, '2017-05-05 10:51:34', '2016-12-02 15:46:57', 1, NULL, NULL, NULL, NULL, 'Avenue de la Charmille 20', '1200', 'Woluwé St lambert', 0, 2, NULL, NULL, NULL, 'info@renovac.be', NULL, 1, 8, NULL, NULL, '', '', '', '', '', '', 'BE0562.677.204', 0, 0, NULL, NULL, NULL, 3, 0, NULL, NULL, 0, NULL, 0, 0, 0, 3, 3, 0, NULL, NULL, NULL, NULL, 1, NULL, 0.000, NULL, 0.000, NULL, 0, NULL, NULL, NULL, NULL, NULL, NULL, NULL, NULL),
(40, 'AMBASSADE  Arabie Saoudite', '', 1, NULL, NULL, 0, NULL, '2016-12-19 14:28:36', '2016-12-19 15:08:31', 1, NULL, NULL, NULL, NULL, 'Avenue Louise 326', '1050', 'Bruxelles', 0, 2, NULL, NULL, NULL, 'chokr.aab@gmail.com', NULL, NULL, 0, NULL, NULL, '', '', '', '', '', '', '', 0, 0, NULL, NULL, NULL, 3, 0, NULL, NULL, 0, NULL, 0, 0, 0, 3, 3, 0, NULL, NULL, NULL, NULL, 1, NULL, 0.000, NULL, 0.000, NULL, 0, NULL, NULL, NULL, NULL, NULL, NULL, NULL, NULL),
(41, 'ASBL Mosquée Hamza', '', 1, NULL, NULL, 0, NULL, '2017-01-06 07:32:29', '2017-01-06 11:32:29', 1, NULL, NULL, NULL, NULL, 'Boulevard de Niewport 8', '1000', 'bruxelles', 0, 2, NULL, NULL, NULL, 'Sma188@hotmail.com', NULL, NULL, 0, NULL, NULL, '', '', '', '', '', '', '0432093032', 0, 0, NULL, NULL, NULL, 3, 0, NULL, NULL, 0, NULL, 0, 0, 0, 3, 3, 0, NULL, NULL, NULL, NULL, 1, NULL, 0.000, NULL, 0.000, NULL, 0, NULL, NULL, NULL, NULL, NULL, NULL, NULL, NULL),
(42, 'Mr CHAMPION', '', 1, NULL, NULL, 0, NULL, '2017-01-09 11:12:01', '2017-01-09 15:12:01', 1, NULL, NULL, NULL, NULL, 'rue d u Collège 88', '1050', 'Bruxelles', 0, 2, NULL, NULL, NULL, NULL, NULL, NULL, 0, NULL, NULL, '', '', '', '', '', '', '', 0, 0, NULL, NULL, NULL, 3, 0, NULL, NULL, 0, NULL, 0, 0, 0, 3, 3, 0, NULL, NULL, NULL, NULL, 1, NULL, 0.000, NULL, 0.000, NULL, 0, NULL, NULL, NULL, NULL, NULL, NULL, NULL, NULL),
(43, 'STOUTI Magda', '', 1, NULL, NULL, 0, NULL, '2017-02-09 13:05:00', '2017-02-09 17:05:00', 1, NULL, NULL, NULL, NULL, 'rue François Delcoigne 24', '1081', 'koekelberg', 0, 2, NULL, NULL, NULL, NULL, NULL, NULL, 0, NULL, NULL, '', '', '', '', '', '', '', 0, 0, NULL, NULL, NULL, 3, 0, NULL, NULL, 0, NULL, 0, 0, 0, 3, 3, 0, NULL, NULL, NULL, NULL, 1, NULL, 0.000, NULL, 0.000, NULL, 0, NULL, NULL, NULL, NULL, NULL, NULL, NULL, NULL),
(44, 'EAGLE EXPRESS', '', 1, NULL, NULL, 0, NULL, '2017-02-14 12:00:28', '2017-02-14 16:00:28', 1, NULL, NULL, NULL, NULL, 'Chaussée d\'Alsemberg 842', '1080', 'Uccle', 0, 2, NULL, NULL, NULL, NULL, NULL, NULL, 0, NULL, NULL, '', '', '', '', '', '', '0459.258.178', 0, 0, NULL, NULL, NULL, 3, 0, NULL, NULL, 0, NULL, 0, 0, 0, 3, 3, 0, NULL, NULL, NULL, NULL, 1, NULL, 0.000, NULL, 0.000, NULL, 0, NULL, NULL, NULL, NULL, NULL, NULL, NULL, NULL),
(45, 'Madame Carlier', '', 1, NULL, NULL, 0, NULL, '2017-02-28 08:07:11', '2017-02-28 12:07:11', 1, NULL, NULL, NULL, NULL, 'Avenue d\'Etterbeek 44', '1070', 'Anderlecht', 0, 2, NULL, NULL, NULL, NULL, NULL, NULL, 0, NULL, NULL, '', '', '', '', '', '', '', 0, 0, NULL, NULL, NULL, 3, 0, NULL, NULL, 0, NULL, 0, 0, 0, 3, 3, 0, NULL, NULL, NULL, NULL, 1, NULL, 0.000, NULL, 0.000, NULL, 0, NULL, NULL, NULL, NULL, NULL, NULL, NULL, NULL),
(46, 'Etude Bodson', '', 1, NULL, NULL, 0, NULL, '2017-02-28 09:16:39', '2017-02-28 13:16:39', 1, NULL, NULL, NULL, NULL, 'avenue d etterbeek 44', '1070', 'Anderlecht', 0, 2, NULL, NULL, NULL, NULL, NULL, NULL, 0, NULL, NULL, '', '', '', '', '', '', '', 0, 0, NULL, NULL, NULL, 3, 0, NULL, NULL, 0, NULL, 0, 0, 0, 3, 3, 0, NULL, NULL, NULL, NULL, 1, NULL, 0.000, NULL, 0.000, NULL, 0, NULL, NULL, NULL, NULL, NULL, NULL, NULL, NULL),
(47, 'Philippe Lenaert', '', 1, NULL, NULL, 0, NULL, '2017-03-07 11:07:51', '2017-03-07 15:07:51', 1, NULL, NULL, NULL, NULL, 'Avenue Felix Lacourt 114', '1390', 'grey doiceau', 0, 2, NULL, NULL, NULL, NULL, NULL, NULL, 0, NULL, NULL, '', '', '', '', '', '', '', 0, 0, NULL, NULL, NULL, 3, 0, NULL, NULL, 0, NULL, 0, 0, 0, 3, 3, 0, NULL, NULL, NULL, NULL, 1, NULL, 0.000, NULL, 0.000, NULL, 0, NULL, NULL, NULL, NULL, NULL, NULL, NULL, NULL),
(48, 'SAlima ATIAOUI', '', 1, NULL, NULL, 0, NULL, '2017-03-22 12:22:55', '2017-03-22 16:22:55', 1, NULL, NULL, NULL, NULL, 'rue de Heembeek 82', NULL, 'LAEKEN', 0, 2, NULL, NULL, NULL, NULL, NULL, NULL, 0, NULL, NULL, '', '', '', '', '', '', '', 0, 0, NULL, NULL, NULL, 3, 0, NULL, NULL, 0, NULL, 0, 0, 0, 3, 3, 0, NULL, NULL, NULL, NULL, 1, NULL, 0.000, NULL, 0.000, NULL, 0, NULL, NULL, NULL, NULL, NULL, NULL, NULL, NULL),
(49, 'Mme Veneta AVRAMOVA -CHARLANDJIEVA', '', 1, NULL, NULL, 0, NULL, '2017-04-06 10:02:09', '2017-03-31 15:51:44', 1, NULL, NULL, NULL, NULL, '48, Rue Ramey', '75018', 'Paris', 0, 2, NULL, NULL, NULL, NULL, NULL, NULL, 0, NULL, NULL, '', '', '', '', '', '', '', 0, 0, NULL, NULL, NULL, 3, 0, NULL, NULL, 0, NULL, 0, 0, 0, 3, 3, 0, NULL, NULL, NULL, NULL, 1, NULL, 0.000, NULL, 0.000, NULL, 0, NULL, NULL, NULL, NULL, NULL, NULL, NULL, NULL),
(50, 'NV LANSON', '', 1, NULL, NULL, 0, NULL, '2017-04-26 11:48:51', '2017-04-26 15:48:51', 1, NULL, NULL, NULL, NULL, 'Bollinckxstraat 15', '1070', 'ANDERLECHT', 0, 2, NULL, NULL, NULL, NULL, NULL, NULL, 0, NULL, NULL, '', '', '', '', '', '', 'BTW 417.915.293', 0, 0, NULL, NULL, NULL, 3, 0, NULL, NULL, 0, NULL, 0, 0, 0, 3, 3, 0, NULL, NULL, NULL, NULL, 1, NULL, 0.000, NULL, 0.000, NULL, 0, NULL, NULL, NULL, NULL, NULL, NULL, NULL, NULL),
(51, 'Zellik Pharma', '', 1, NULL, NULL, 0, NULL, '2017-05-30 12:39:05', '2017-05-30 16:39:05', 1, NULL, NULL, NULL, NULL, 'Brusselsesteenweg 812', '1731', 'zellik', 0, 2, NULL, NULL, NULL, NULL, NULL, NULL, 0, NULL, NULL, '', '', '', '', '', '', '881910538', 0, 0, NULL, NULL, NULL, 3, 0, NULL, NULL, 0, NULL, 0, 0, 0, 3, 3, 0, NULL, NULL, NULL, NULL, 1, NULL, 0.000, NULL, 0.000, NULL, 0, NULL, NULL, NULL, NULL, NULL, NULL, NULL, NULL),
(52, 'Monsieur Salih Hascelik', '', 1, NULL, NULL, 0, NULL, '2017-06-01 10:03:38', '2017-06-01 14:03:38', 1, NULL, NULL, NULL, NULL, 'Avenue Vital Riethuisen 34', '1083', 'Ganshoren', 0, 2, NULL, NULL, NULL, NULL, NULL, NULL, 0, NULL, NULL, '', '', '', '', '', '', '', 0, 0, NULL, NULL, NULL, 3, 0, NULL, NULL, 0, NULL, 0, 0, 0, 3, 3, 0, NULL, NULL, NULL, NULL, 1, NULL, 0.000, NULL, 0.000, NULL, 0, NULL, NULL, NULL, NULL, NULL, NULL, NULL, NULL),
(53, 'Pharma 2 Care', '', 1, NULL, NULL, 0, NULL, '2017-06-27 07:06:06', '2017-06-27 11:06:06', 1, NULL, NULL, NULL, NULL, '50 Nieuwesteenweg,', '8377', 'Zuinekerke', 0, 2, NULL, NULL, NULL, 'stefan.stroobants@patrona.be', NULL, NULL, 0, NULL, NULL, '', '', '', '', '', '', 'BE 0427391896', 0, 0, NULL, NULL, NULL, 3, 0, NULL, NULL, 0, NULL, 0, 0, 0, 3, 3, 0, NULL, NULL, NULL, NULL, 1, NULL, 0.000, NULL, 0.000, NULL, 0, NULL, NULL, NULL, NULL, NULL, NULL, NULL, NULL),
(54, 'Madame SIRET', '', 1, NULL, NULL, 0, NULL, '2017-06-27 11:32:22', '2017-06-27 15:30:40', 1, NULL, NULL, NULL, NULL, 'Avenue des iris 53', '1341', 'Céroux-Mousty', 0, 2, NULL, NULL, NULL, 'jececo@gmail.com', NULL, NULL, 0, NULL, NULL, '', '', '', '', '', '', '0459.006.473', 0, 0, NULL, NULL, NULL, 3, 0, NULL, NULL, 0, NULL, 0, 0, 0, 3, 3, 0, NULL, NULL, NULL, NULL, 1, NULL, 0.000, NULL, 0.000, NULL, 0, NULL, NULL, NULL, NULL, NULL, NULL, NULL, NULL),
(55, 'Regie des batiments', '', 1, NULL, NULL, 0, NULL, '2017-07-14 09:02:49', '2017-07-14 13:02:49', 1, NULL, NULL, NULL, NULL, 'rue Jourdan 95 bte 2', '1060', 'Saint-Gilles', 104, 2, NULL, NULL, NULL, NULL, NULL, NULL, 0, NULL, NULL, '', '', '', '', '', '', '', 0, 0, NULL, NULL, NULL, 3, 0, NULL, NULL, 0, NULL, 0, 0, 0, 3, 3, 0, NULL, NULL, NULL, NULL, 1, NULL, 0.000, NULL, 0.000, NULL, 0, NULL, NULL, NULL, NULL, NULL, NULL, NULL, NULL),
(56, 'privé', '', 1, NULL, NULL, 0, NULL, '2017-08-08 08:19:58', '2017-08-08 12:19:58', 1, NULL, NULL, NULL, NULL, '', NULL, NULL, 0, 2, NULL, NULL, NULL, NULL, NULL, NULL, 0, NULL, NULL, '', '', '', '', '', '', '', 0, 0, NULL, NULL, NULL, 3, 0, NULL, NULL, 0, NULL, 0, 0, 0, 3, 3, 0, NULL, NULL, NULL, NULL, 1, NULL, 0.000, NULL, 0.000, NULL, 0, NULL, NULL, NULL, NULL, NULL, NULL, NULL, NULL),
(57, 'Fons Vanhumbeek', '', 1, NULL, NULL, 0, NULL, '2017-09-13 11:13:43', '2017-09-13 15:13:43', 1, NULL, NULL, NULL, NULL, 'munt veide 3', '1785', NULL, 0, 2, NULL, NULL, NULL, 'fons.vanhumbeeck@gmail.com', NULL, NULL, 0, NULL, NULL, '', '', '', '', '', '', '', 0, 0, NULL, NULL, NULL, 3, 0, NULL, NULL, 0, NULL, 0, 0, 0, 3, 3, 0, NULL, NULL, NULL, NULL, 1, NULL, 0.000, NULL, 0.000, NULL, 0, NULL, NULL, NULL, NULL, NULL, NULL, NULL, NULL),
(58, 'Maison de L ambassadeur', '', 1, NULL, NULL, 0, NULL, '2017-10-05 09:36:22', '2017-10-05 13:36:22', 1, NULL, NULL, NULL, NULL, 'avenue Grand Air 11', '1640', 'Rode St Genèse', 0, 2, NULL, NULL, NULL, NULL, NULL, NULL, 0, NULL, NULL, '', '', '', '', '', '', '', 0, 0, NULL, NULL, NULL, 3, 0, NULL, NULL, 0, NULL, 0, 0, 0, 3, 3, 0, NULL, NULL, NULL, NULL, 1, NULL, 0.000, NULL, 0.000, NULL, 0, NULL, NULL, NULL, NULL, NULL, NULL, NULL, NULL),
(59, 'Ambassade Arabie Saoudite', '', 1, NULL, NULL, 0, NULL, '2017-10-05 11:04:17', '2017-10-05 15:04:17', 1, NULL, NULL, NULL, NULL, 'Rooseveltlaan 69', '1050', 'Bruxelles', 0, 2, NULL, NULL, NULL, NULL, NULL, NULL, 0, NULL, NULL, '', '', '', '', '', '', '', 0, 0, NULL, NULL, NULL, 3, 0, NULL, NULL, 0, NULL, 0, 0, 0, 3, 3, 0, NULL, NULL, NULL, NULL, 1, NULL, 0.000, NULL, 0.000, NULL, 0, NULL, NULL, NULL, NULL, NULL, NULL, NULL, NULL),
(60, 'Dinak belgium', '', 1, NULL, NULL, 0, NULL, '2017-12-14 10:32:39', '2017-11-21 12:49:01', 1, NULL, NULL, NULL, NULL, 'Langveld park unit 4\r\n\r\nBasteleusstraat 2-6', '1600', 'Sint pieters leeuw', 0, 2, NULL, NULL, NULL, NULL, NULL, NULL, 0, NULL, NULL, '', '', '', '', '', '', 'Be0864984731', 0, 0, NULL, NULL, NULL, 1, 0, NULL, NULL, 0, NULL, 0, 0, 0, 3, 3, 0, NULL, NULL, NULL, NULL, 1, NULL, 0.000, NULL, 0.000, NULL, 0, NULL, NULL, NULL, NULL, NULL, NULL, NULL, NULL),
(61, 'Rami Gara', 'Wallonie-Bruxelles International', 1, NULL, NULL, 0, NULL, '2018-05-30 11:33:17', '2018-05-30 13:33:17', 1, NULL, NULL, NULL, NULL, 'Rue des Beguines 15', '1080', 'bruxelles', 0, 2, NULL, NULL, NULL, NULL, NULL, NULL, 0, NULL, NULL, '', '', '', '', '', '', '', 0, 0, NULL, NULL, NULL, 3, 0, NULL, NULL, 0, NULL, 0, 0, 0, 3, 3, 0, NULL, NULL, NULL, NULL, 1, NULL, 0.000, NULL, 0.000, NULL, 0, NULL, NULL, NULL, NULL, NULL, NULL, NULL, NULL),
(62, 'ASSASSI Fatima', '', 1, NULL, NULL, 0, NULL, '2018-06-19 10:50:16', '2018-06-19 12:50:16', 1, NULL, NULL, NULL, NULL, 'rue du Greffe 10', '1070', 'Anderlecht', 0, 2, NULL, NULL, NULL, 'foulkire@hotmail.com', NULL, NULL, 0, NULL, NULL, '', '', '', '', '', '', '', 0, 0, NULL, NULL, NULL, 3, 0, NULL, NULL, 0, NULL, 0, 0, 0, 3, 3, 0, NULL, NULL, NULL, NULL, 1, NULL, 0.000, NULL, 0.000, NULL, 0, NULL, NULL, NULL, NULL, NULL, NULL, NULL, NULL),
(63, 'Lattenist Daniel', '', 1, NULL, NULL, 0, NULL, '2018-06-20 07:34:15', '2018-06-20 09:34:15', 1, NULL, NULL, NULL, NULL, 'rue Antoine Breart 4', '1060', 'bruxelles', 0, 2, NULL, NULL, NULL, NULL, NULL, NULL, 0, NULL, NULL, '', '', '', '', '', '', '', 0, 0, NULL, NULL, NULL, 3, 0, NULL, NULL, 0, NULL, 0, 0, 0, 3, 3, 0, NULL, NULL, NULL, NULL, 1, NULL, 0.000, NULL, 0.000, NULL, 0, NULL, NULL, NULL, NULL, NULL, NULL, NULL, NULL),
(64, 'Lattenist Daniel', '', 1, NULL, NULL, 0, NULL, '2018-06-20 07:34:35', '2018-06-20 09:34:35', 1, NULL, NULL, NULL, NULL, 'rue Antoine Breart 4', '1060', 'bruxelles', 0, 2, NULL, NULL, NULL, NULL, NULL, NULL, 0, NULL, NULL, '', '', '', '', '', '', '', 0, 0, NULL, NULL, NULL, 3, 0, NULL, NULL, 0, NULL, 0, 0, 0, 3, 3, 0, NULL, NULL, NULL, NULL, 1, NULL, 0.000, NULL, 0.000, NULL, 0, NULL, NULL, NULL, NULL, NULL, NULL, NULL, NULL),
(65, 'SCS CENTRAL BOX', '', 1, NULL, NULL, 0, NULL, '2018-12-28 10:11:35', '2018-12-28 11:11:35', 1, NULL, NULL, NULL, NULL, 'rue des trois arbres, 62', '1180', 'Uccle', 0, 2, NULL, NULL, NULL, NULL, NULL, NULL, 0, NULL, NULL, '', '', '', '', '', '', 'be0689921012', 0, 0, NULL, NULL, NULL, 3, 0, NULL, NULL, 0, NULL, 0, 0, 0, 3, 3, 0, NULL, NULL, NULL, NULL, 1, NULL, 0.000, NULL, 0.000, NULL, 0, NULL, NULL, NULL, NULL, NULL, NULL, NULL, NULL),
(66, 'De wijze boom', '', 1, NULL, NULL, 0, NULL, '2019-01-15 07:53:53', '2019-01-15 08:53:53', 1, NULL, NULL, NULL, NULL, 'Sint-Baafskouterstraat  129', '9040', 'Sint-Amandsberg', 0, 2, NULL, NULL, NULL, NULL, NULL, NULL, 0, NULL, NULL, '', '', '', '', '', '', '', 0, 0, NULL, NULL, NULL, 3, 0, NULL, NULL, 0, NULL, 0, 0, 0, 3, 3, 0, NULL, NULL, NULL, NULL, 1, NULL, 0.000, NULL, 0.000, NULL, 0, NULL, NULL, NULL, NULL, NULL, NULL, NULL, NULL),
(67, 'Mr Bourton', '', 1, NULL, NULL, 0, NULL, '2019-02-01 10:44:30', '2019-02-01 11:44:30', 1, NULL, NULL, NULL, NULL, 'rue Franklin 13', '1030', 'Bruxelles', 0, 2, NULL, NULL, NULL, 'fredericbourton@gmail.com', NULL, NULL, 0, NULL, NULL, '', '', '', '', '', '', '', 0, 0, NULL, NULL, NULL, 3, 0, NULL, NULL, 0, NULL, 0, 0, 0, 3, 3, 0, NULL, NULL, NULL, NULL, 1, NULL, 0.000, NULL, 0.000, NULL, 0, NULL, NULL, NULL, NULL, NULL, NULL, NULL, NULL),
(68, 'Madame Godfirnon', '', 1, NULL, NULL, 0, NULL, '2019-03-26 12:33:55', '2019-03-26 13:26:52', 1, NULL, NULL, NULL, NULL, 'rue de Genève 117', '1140', 'Evere', 0, 2, NULL, NULL, NULL, NULL, NULL, NULL, 0, NULL, NULL, '', '', '', '', '', '', '', 0, 0, NULL, NULL, NULL, 3, 0, NULL, NULL, 0, NULL, 0, 0, 0, 3, 3, 0, NULL, NULL, NULL, NULL, 1, NULL, 0.000, NULL, 0.000, NULL, 0, NULL, NULL, NULL, NULL, NULL, NULL, NULL, NULL),
(69, 'Delta-Relay sprl', '', 1, NULL, NULL, 0, NULL, '2019-04-03 11:02:34', '2019-04-03 13:02:34', 1, NULL, NULL, NULL, NULL, 'Avenue Jupiter 178', '1190', 'bruxelles', 0, 2, NULL, NULL, NULL, NULL, NULL, NULL, 0, NULL, NULL, '', '', '', '', '', '', '0464107485', 0, 0, NULL, NULL, NULL, 3, 0, NULL, NULL, 0, NULL, 0, 0, 0, 3, 3, 0, NULL, NULL, NULL, NULL, 1, NULL, 0.000, NULL, 0.000, NULL, 0, NULL, NULL, NULL, NULL, NULL, NULL, NULL, NULL),
(70, 'Mme Delbecq', '', 1, NULL, NULL, 0, NULL, '2019-04-04 11:34:11', '2019-04-04 13:34:11', 1, NULL, NULL, NULL, NULL, 'rue de la revision 77', '1070', 'Anderlecht', 0, 2, NULL, NULL, NULL, NULL, NULL, NULL, 0, NULL, NULL, '', '', '', '', '', '', '', 0, 0, NULL, NULL, NULL, 3, 0, NULL, NULL, 0, NULL, 0, 0, 0, 3, 3, 0, NULL, NULL, NULL, NULL, 1, NULL, 0.000, NULL, 0.000, NULL, 0, NULL, NULL, NULL, NULL, NULL, NULL, NULL, NULL),
(71, 'Madame ENGULU Marie-José', '', 1, NULL, NULL, 0, NULL, '2019-05-03 10:11:03', '2019-05-03 12:11:03', 1, NULL, NULL, NULL, NULL, 'Résidence Esplanade\r\n42 Place Eugène Keym', '1170', 'Boisfort', 0, 2, NULL, NULL, NULL, NULL, NULL, NULL, 0, NULL, NULL, '', '', '', '', '', '', '', 0, 0, NULL, NULL, NULL, 3, 0, NULL, NULL, 0, NULL, 0, 0, 0, 3, 3, 0, NULL, NULL, NULL, NULL, 1, NULL, 0.000, NULL, 0.000, NULL, 0, NULL, NULL, NULL, NULL, NULL, NULL, NULL, NULL),
(72, 'Monsieur', '', 1, NULL, NULL, 0, NULL, '2019-05-20 08:38:44', '2019-05-20 10:00:25', 1, NULL, NULL, NULL, NULL, 'Rue de la bienfaisance 51', '7090', 'Braine Le Comte', 0, 2, NULL, NULL, NULL, NULL, NULL, NULL, 0, NULL, NULL, '', '', '', '', '', '', '', 0, 0, NULL, NULL, NULL, 3, 0, NULL, NULL, 0, NULL, 0, 0, 0, 3, 3, 0, NULL, NULL, NULL, NULL, 1, NULL, 0.000, NULL, 0.000, NULL, 0, NULL, NULL, NULL, NULL, NULL, NULL, NULL, NULL),
(73, 'NAJEM Hicham', '', 1, NULL, NULL, 0, NULL, '2019-09-04 05:41:21', '2019-09-04 07:41:21', 1, NULL, NULL, NULL, NULL, 'Les closieres de Verrewinkel 6 C', '1180', 'Uccle', 0, 2, NULL, NULL, NULL, NULL, NULL, NULL, 0, NULL, NULL, '', '', '', '', '', '', '', 0, 0, NULL, NULL, NULL, 3, 0, NULL, NULL, 0, NULL, 0, 0, 0, 3, 3, 0, NULL, NULL, NULL, NULL, 1, NULL, 0.000, NULL, 0.000, NULL, 0, NULL, NULL, NULL, NULL, NULL, NULL, NULL, NULL),
(74, 'Delta Relay Sprl', 'Delta Relay Sprl', 1, NULL, NULL, 0, NULL, '2020-01-09 10:22:35', '2019-09-30 12:10:13', 1, NULL, NULL, NULL, NULL, '40 rue des anciens etangs', '1190', 'FOREST', 0, 2, '0484604852', NULL, NULL, 'coralie@delta-relay.com', NULL, NULL, 0, NULL, NULL, '', '', '', '', '', '', 'BE0464107485', 0, 0, NULL, NULL, NULL, 3, 0, NULL, NULL, 0, NULL, 0, 0, 0, 3, 3, 0, NULL, NULL, NULL, NULL, 1, NULL, 0.000, NULL, 0.000, NULL, 0, NULL, NULL, NULL, NULL, NULL, NULL, NULL, NULL),
(75, 'Hume Brophy', '', 1, NULL, NULL, 0, NULL, '2020-01-15 08:26:41', '2020-01-15 09:26:41', 1, NULL, NULL, NULL, NULL, 'Rue de la Science 41', '1040', 'bruxelles', 0, 2, NULL, NULL, NULL, 'julian.schopp@humbrophy.com', NULL, NULL, 0, NULL, NULL, '', '', '', '', '', '', 'BE0893.750.476', 0, 0, NULL, NULL, NULL, 1, 0, NULL, NULL, 0, NULL, 0, 0, 0, 3, 3, 0, NULL, NULL, NULL, NULL, 1, NULL, 0.000, NULL, 0.000, NULL, 0, NULL, NULL, NULL, NULL, NULL, NULL, NULL, NULL),
(76, 'HSS Maison Dailly', '', 1, NULL, NULL, 0, NULL, '2020-01-15 09:08:06', '2020-01-15 10:08:06', 1, NULL, NULL, NULL, NULL, 'Rue Verte 216', '1030', 'bruxelles', 0, 2, NULL, NULL, NULL, 'sproano@schaerbeek.irisnet.be', NULL, NULL, 0, NULL, NULL, '', '', '', '', '', '', '', 0, 0, NULL, NULL, NULL, 1, 0, NULL, NULL, 0, NULL, 0, 0, 0, 3, 3, 0, NULL, NULL, NULL, NULL, 0, NULL, 0.000, NULL, 0.000, NULL, 0, NULL, NULL, NULL, NULL, NULL, NULL, NULL, NULL),
(77, 'AZ Solutions', '', 1, NULL, NULL, 0, NULL, '2020-01-15 11:59:01', '2020-01-15 12:59:01', 1, NULL, NULL, NULL, NULL, 'Boulevard du Midi 125', '1000', 'bruxelles', 0, 2, '0489658564', NULL, NULL, NULL, NULL, NULL, 0, NULL, NULL, '', '', '', '', '', '', '', 0, 0, NULL, NULL, NULL, 2, 0, NULL, NULL, 0, NULL, 0, 0, 0, 3, 3, 0, NULL, NULL, NULL, NULL, 1, NULL, 0.000, NULL, 0.000, NULL, 0, NULL, NULL, NULL, NULL, NULL, NULL, NULL, NULL),
(78, 'Edouard De Wykerslooth', '', 1, NULL, NULL, 0, NULL, '2020-01-17 12:11:55', '2020-01-17 13:11:55', 1, NULL, NULL, NULL, NULL, 'Rue de la Vallée 20', '1440', 'Wauthier Braine', 0, 2, '0495184983', NULL, NULL, NULL, NULL, NULL, 0, NULL, NULL, '', '', '', '', '', '', '', 0, 0, NULL, NULL, NULL, 3, 0, NULL, NULL, 0, NULL, 0, 0, 0, 3, 3, 0, NULL, NULL, NULL, NULL, 1, NULL, 0.000, NULL, 0.000, NULL, 0, NULL, NULL, NULL, NULL, NULL, NULL, NULL, NULL),
(79, 'M. Poliakoff', '', 1, NULL, NULL, 0, NULL, '2020-02-17 11:05:27', '2020-02-17 12:05:27', 1, NULL, NULL, NULL, NULL, 'Avenue Marie Louise 2B', '1410', 'Waterloo', 0, 2, '0479/388641', NULL, NULL, NULL, NULL, NULL, 0, NULL, NULL, '', '', '', '', '', '', '', 0, 0, NULL, NULL, NULL, 3, 0, NULL, NULL, 0, NULL, 0, 0, 0, 3, 3, 0, NULL, NULL, NULL, NULL, 1, NULL, 0.000, NULL, 0.000, NULL, 0, NULL, NULL, NULL, NULL, NULL, NULL, NULL, NULL),
(80, 'Client', '', 1, NULL, NULL, 0, NULL, '2020-02-18 12:46:54', '2020-02-18 13:46:54', 1, NULL, NULL, NULL, NULL, 'Gaston Deruyverstraat 53', '1600', 'Sint pieters leeuw', 0, 2, NULL, NULL, NULL, 'pakconcept@hotmail.com', NULL, NULL, 0, NULL, NULL, '', '', '', '', '', '', '', 0, 0, NULL, NULL, NULL, 3, 0, NULL, NULL, 0, NULL, 0, 0, 0, 3, 3, 0, NULL, NULL, NULL, NULL, 1, NULL, 0.000, NULL, 0.000, NULL, 0, NULL, NULL, NULL, NULL, NULL, NULL, NULL, NULL),
(81, 'GVHV-MPLP Molenbeek', '', 1, NULL, NULL, 0, NULL, '2020-02-21 10:41:15', '2020-02-21 11:41:15', 1, NULL, NULL, NULL, NULL, 'Graaf van Vlaanderenstraat 25', '1080', 'Molenbeek', 0, 2, '0475855292', NULL, NULL, 'patricia.polanco@mplp.be', NULL, NULL, 0, NULL, NULL, '', '', '', '', '', '', '', 0, 0, NULL, NULL, NULL, 3, 0, NULL, NULL, 0, NULL, 0, 0, 0, 3, 3, 0, NULL, NULL, NULL, NULL, 1, NULL, 0.000, NULL, 0.000, NULL, 0, NULL, NULL, NULL, NULL, NULL, NULL, NULL, NULL),
(82, 'Cleymans', '', 1, NULL, NULL, 0, NULL, '2020-02-24 12:01:54', '2020-02-24 13:01:54', 1, NULL, NULL, NULL, NULL, 'Peverstraat 4', '1755', 'Kester', 0, 2, '0473926722', NULL, NULL, 'cleymansg@yahoo.fr', NULL, NULL, 0, NULL, NULL, '', '', '', '', '', '', '', 0, 0, NULL, NULL, NULL, 3, 0, NULL, NULL, 0, NULL, 0, 0, 0, 3, 3, 0, NULL, NULL, NULL, NULL, 1, NULL, 0.000, NULL, 0.000, NULL, 0, NULL, NULL, NULL, NULL, NULL, NULL, NULL, NULL),
(83, 'NV Bouwbedrijf Van Poppel', '', 1, NULL, NULL, 0, NULL, '2020-10-30 16:23:22', '2020-10-30 17:23:22', 1, NULL, NULL, NULL, NULL, 'Oude Liersebaan 233', '2800', 'Mechelen', 0, 2, NULL, NULL, NULL, NULL, NULL, NULL, 0, 222, NULL, '', '', '', '', '', '', '0466.257.521', 0, 0, NULL, NULL, NULL, 1, 0, NULL, NULL, 0, NULL, 0, 0, 0, 3, 3, 0, NULL, NULL, NULL, NULL, 1, NULL, 0.000, NULL, 0.000, NULL, 0, NULL, NULL, NULL, NULL, NULL, NULL, NULL, NULL),
(84, 'Abd Alhaseb alsaleh a2zticaret', '', 1, NULL, NULL, 0, NULL, '2021-01-12 10:26:09', '2021-01-12 10:41:40', 1, NULL, NULL, NULL, NULL, 'Fevzi çakmak mah. Fevzi çakmak Cad.\r\nNo : 34 iç KAPI\r\nNO: 8 ESENLER/Istanbul\r\n\r\nTAX : 0471476614', NULL, NULL, 0, 2, NULL, '0471476614', NULL, NULL, NULL, NULL, 0, NULL, NULL, '', '', '', '', '', '', '', 0, 0, NULL, NULL, NULL, 1, 0, NULL, NULL, 0, NULL, 0, 0, 0, 3, 3, 0, NULL, NULL, NULL, NULL, 1, NULL, 0.000, NULL, 0.000, NULL, 0, NULL, NULL, NULL, NULL, NULL, NULL, NULL, NULL),
(85, 'ZGHIBI Sofiane', '', 1, NULL, NULL, 0, NULL, '2021-03-04 08:10:58', '2021-03-04 09:10:58', 1, NULL, NULL, NULL, NULL, 'SOUSSE\r\nTUNISIE', NULL, NULL, 0, 2, NULL, NULL, NULL, NULL, NULL, NULL, 0, NULL, NULL, '', '', '', '', '', '', '', 0, 0, NULL, NULL, NULL, 3, 0, NULL, NULL, 0, NULL, 0, 0, 0, 3, 3, 0, NULL, NULL, NULL, NULL, 1, NULL, 0.000, NULL, 0.000, NULL, 0, NULL, NULL, NULL, NULL, NULL, NULL, NULL, NULL),
(86, 'Hassein Aymen', '', 1, NULL, NULL, 0, NULL, '2021-03-04 08:13:10', '2021-03-04 09:13:10', 1, NULL, NULL, NULL, NULL, 'Sousse \r\nTUNISIE', NULL, NULL, 0, 2, NULL, NULL, NULL, NULL, NULL, NULL, 0, NULL, NULL, '', '', '', '', '', '', '', 0, 0, NULL, NULL, NULL, 3, 0, NULL, NULL, 0, NULL, 0, 0, 0, 3, 3, 0, NULL, NULL, NULL, NULL, 1, NULL, 0.000, NULL, 0.000, NULL, 0, NULL, NULL, NULL, NULL, NULL, NULL, NULL, NULL),
(87, 'BOUFTEH BILEL', '', 1, NULL, NULL, 0, NULL, '2021-03-04 08:16:20', '2021-03-04 09:16:20', 1, NULL, NULL, NULL, NULL, 'Sousse \r\nTUNISIE', NULL, NULL, 0, 2, NULL, NULL, NULL, NULL, NULL, NULL, 0, NULL, NULL, '', '', '', '', '', '', '', 0, 0, NULL, NULL, NULL, 3, 0, NULL, NULL, 0, NULL, 0, 0, 0, 3, 3, 0, NULL, NULL, NULL, NULL, 1, NULL, 0.000, NULL, 0.000, NULL, 0, NULL, NULL, NULL, NULL, NULL, NULL, NULL, NULL),
(88, 'haddaji houcine', '', 1, NULL, NULL, 0, NULL, '2021-03-04 08:18:20', '2021-03-04 09:18:20', 1, NULL, NULL, NULL, NULL, 'sousse \r\ntunisie', NULL, NULL, 0, 2, NULL, NULL, NULL, NULL, NULL, NULL, 0, NULL, NULL, '', '', '', '', '', '', '', 0, 0, NULL, NULL, NULL, 3, 0, NULL, NULL, 0, NULL, 0, 0, 0, 3, 3, 0, NULL, NULL, NULL, NULL, 1, NULL, 0.000, NULL, 0.000, NULL, 0, NULL, NULL, NULL, NULL, NULL, NULL, NULL, NULL),
(89, 'central box', '', 1, NULL, NULL, 0, NULL, '2021-03-04 08:21:55', '2021-03-04 09:21:55', 1, NULL, NULL, NULL, NULL, 'Rue Des anciens etangs 40', '1190', 'Forest', 0, 2, NULL, NULL, NULL, NULL, NULL, NULL, 0, NULL, NULL, '', '', '', '', '', '', 'BE0689921012', 0, 0, NULL, NULL, NULL, 3, 0, NULL, NULL, 0, NULL, 0, 0, 0, 3, 3, 0, NULL, NULL, NULL, NULL, 1, NULL, 0.000, NULL, 0.000, NULL, 0, NULL, NULL, NULL, NULL, NULL, NULL, NULL, NULL),
(90, 'BEN KALIFA HABIB', '', 1, NULL, NULL, 0, NULL, '2021-03-04 08:24:05', '2021-03-04 09:24:05', 1, NULL, NULL, NULL, NULL, 'Sousse \r\nTUNISIE', NULL, NULL, 0, 2, NULL, NULL, NULL, NULL, NULL, NULL, 0, NULL, NULL, '', '', '', '', '', '', '', 0, 0, NULL, NULL, NULL, 3, 0, NULL, NULL, 0, NULL, 0, 0, 0, 3, 3, 0, NULL, NULL, NULL, NULL, 1, NULL, 0.000, NULL, 0.000, NULL, 0, NULL, NULL, NULL, NULL, NULL, NULL, NULL, NULL),
(91, 'Chrysalide', '', 1, NULL, NULL, 0, NULL, '2021-04-01 09:09:38', '2021-04-01 11:01:30', 1, NULL, NULL, NULL, NULL, 'Chaussée de Wavre 1595', '1160', 'Auderghem', 0, 2, '0489303100', NULL, NULL, 'tamara@immochrysalide.be', NULL, NULL, 0, NULL, NULL, '', '', '', '', '', '', 'BE0849890739', 0, 0, NULL, NULL, NULL, 1, 0, NULL, NULL, 0, NULL, 0, 0, 0, 3, 3, 0, NULL, NULL, NULL, NULL, 1, NULL, 0.000, NULL, 0.000, NULL, 0, NULL, NULL, NULL, NULL, NULL, NULL, NULL, NULL),
(92, 'Mark Van Noyen', '', 1, NULL, NULL, 0, NULL, '2021-06-24 06:31:12', '2021-06-24 08:31:12', 1, NULL, NULL, NULL, NULL, 'Ijzerenleen 31', '2800', 'Mechelen', 0, 2, NULL, NULL, NULL, 'mark.van.noyen@belgacom.net', NULL, 1, 8, NULL, NULL, '', '', '', '', '', '', '', 0, 0, NULL, NULL, NULL, 1, 0, NULL, NULL, 0, NULL, 0, 0, 0, 3, 3, 0, NULL, NULL, NULL, NULL, 1, NULL, 0.000, NULL, 0.000, NULL, 0, NULL, NULL, NULL, NULL, NULL, NULL, NULL, NULL),
(93, 'Amélia Adams - D\'Eycken Bruge', '', 1, NULL, NULL, 0, NULL, '2021-07-05 11:09:58', '2021-07-05 13:09:58', 1, NULL, NULL, NULL, NULL, 'Bergenlaan 5', '3360', 'Bierbeek', 0, 2, NULL, NULL, NULL, NULL, NULL, NULL, 0, NULL, NULL, '', '', '', '', '', '', '', 0, 0, NULL, NULL, NULL, 1, 0, NULL, NULL, 0, NULL, 0, 0, 0, 3, 3, 0, NULL, NULL, NULL, NULL, 1, NULL, 0.000, NULL, 0.000, NULL, 0, NULL, NULL, NULL, NULL, NULL, NULL, NULL, NULL),
(94, 'Oswald Anné', '', 1, NULL, NULL, 0, NULL, '2021-07-19 10:20:48', '2021-07-19 12:20:48', 1, NULL, NULL, NULL, NULL, 'Rue Gaucheret 329', '1030', 'Schaerbeek', 0, 2, NULL, NULL, NULL, NULL, NULL, NULL, 0, NULL, NULL, '', '', '', '', '', '', '', 0, 0, NULL, NULL, NULL, 3, 0, NULL, NULL, 0, NULL, 0, 0, 0, 3, 3, 0, NULL, NULL, NULL, NULL, 1, NULL, 0.000, NULL, 0.000, NULL, 0, NULL, NULL, NULL, NULL, NULL, NULL, NULL, NULL),
(95, 'Tymosiak Andrzej', '', 1, NULL, NULL, 0, NULL, '2021-07-20 10:26:37', '2021-07-20 12:26:37', 1, NULL, NULL, NULL, NULL, 'Rue Neerpede 301', '1070', 'Anderlecht', 0, 2, NULL, NULL, NULL, NULL, NULL, NULL, 0, NULL, NULL, '', '', '', '', '', '', '', 0, 0, NULL, NULL, NULL, 3, 0, NULL, NULL, 0, NULL, 0, 0, 0, 3, 3, 0, NULL, NULL, NULL, NULL, 1, NULL, 0.000, NULL, 0.000, NULL, 0, NULL, NULL, NULL, NULL, NULL, NULL, NULL, NULL),
(96, 'Engels Rudy', '', 1, NULL, NULL, 0, NULL, '2021-08-18 09:56:36', '2021-08-18 11:56:36', 1, NULL, NULL, NULL, NULL, 'Rue du Chien Marin 20', '1000', 'bruxelles', 0, 2, NULL, NULL, NULL, NULL, NULL, NULL, 0, NULL, NULL, '', '', '', '', '', '', '', 0, 0, NULL, NULL, NULL, 1, 0, NULL, NULL, 0, NULL, 0, 0, 0, 3, 3, 0, NULL, NULL, NULL, NULL, 1, NULL, 0.000, NULL, 0.000, NULL, 0, NULL, NULL, NULL, NULL, NULL, NULL, NULL, NULL),
(97, 'Mevrouw Vanden Poel', '', 1, NULL, NULL, 0, NULL, '2021-11-15 12:29:26', '2021-11-15 13:25:36', 1, NULL, NULL, NULL, NULL, 'Rondeweg 5 B23', '1800', 'Vilvoorde', 106, 2, NULL, NULL, NULL, NULL, NULL, NULL, 0, NULL, NULL, '', '', '', '', '', '', '', 0, 0, NULL, NULL, NULL, 1, 0, NULL, NULL, 0, NULL, 0, 0, 0, 3, 3, 0, NULL, NULL, NULL, NULL, 1, NULL, 0.000, NULL, 0.000, NULL, 0, NULL, NULL, NULL, NULL, NULL, NULL, NULL, NULL),
(98, 'Nationale Belgische Multiple Sclerose Liga vzw', '', 1, NULL, NULL, 0, NULL, '2021-11-19 16:20:14', '2021-11-19 17:20:14', 1, NULL, NULL, NULL, NULL, 'Aug. Lambiottestraat 144/8', '1030', 'Schaerbeek', 0, 2, NULL, NULL, NULL, NULL, NULL, NULL, 0, NULL, NULL, '', '', '', '', '', '', '', 0, 0, NULL, NULL, NULL, 1, 0, NULL, NULL, 0, NULL, 0, 0, 0, 3, 3, 0, NULL, NULL, NULL, NULL, 1, NULL, 0.000, NULL, 0.000, NULL, 0, NULL, NULL, NULL, NULL, NULL, NULL, NULL, NULL);

-- --------------------------------------------------------

--
-- Structure de la table `llx_societe_address`
--

CREATE TABLE `llx_societe_address` (
  `rowid` int(11) NOT NULL,
  `datec` datetime DEFAULT NULL,
  `tms` timestamp NOT NULL DEFAULT CURRENT_TIMESTAMP ON UPDATE CURRENT_TIMESTAMP,
  `label` varchar(30) DEFAULT NULL,
  `fk_soc` int(11) DEFAULT '0',
  `name` varchar(60) DEFAULT NULL,
  `address` varchar(255) DEFAULT NULL,
  `zip` varchar(10) DEFAULT NULL,
  `town` varchar(50) DEFAULT NULL,
  `fk_pays` int(11) DEFAULT '0',
  `phone` varchar(20) DEFAULT NULL,
  `fax` varchar(20) DEFAULT NULL,
  `note` text,
  `fk_user_creat` int(11) DEFAULT NULL,
  `fk_user_modif` int(11) DEFAULT NULL
) ENGINE=InnoDB DEFAULT CHARSET=latin1;

-- --------------------------------------------------------

--
-- Structure de la table `llx_societe_commerciaux`
--

CREATE TABLE `llx_societe_commerciaux` (
  `rowid` int(11) NOT NULL,
  `fk_soc` int(11) DEFAULT NULL,
  `fk_user` int(11) DEFAULT NULL
) ENGINE=InnoDB DEFAULT CHARSET=latin1;

--
-- Déchargement des données de la table `llx_societe_commerciaux`
--

INSERT INTO `llx_societe_commerciaux` (`rowid`, `fk_soc`, `fk_user`) VALUES
(1, 1, 1),
(2, 2, 1),
(3, 3, 1),
(4, 4, 3),
(5, 5, 3),
(6, 6, 3),
(7, 7, 3),
(8, 8, 3),
(9, 9, 3),
(10, 10, 3),
(11, 11, 3),
(12, 12, 3),
(13, 13, 3),
(14, 14, 3),
(15, 15, 3),
(16, 16, 3),
(17, 17, 3),
(18, 18, 3),
(19, 19, 3),
(20, 20, 3),
(21, 21, 3),
(22, 22, 3),
(23, 23, 3),
(24, 24, 3),
(25, 25, 3),
(26, 26, 3),
(27, 27, 3),
(28, 28, 3),
(29, 29, 3),
(30, 30, 3),
(31, 31, 3),
(32, 32, 3),
(33, 33, 3),
(34, 34, 3),
(35, 35, 3),
(36, 36, 3),
(37, 37, 3),
(38, 38, 3),
(39, 39, 3),
(40, 40, 3),
(41, 41, 3),
(42, 42, 3),
(43, 43, 3),
(44, 44, 3),
(45, 45, 3),
(46, 46, 3),
(47, 47, 3),
(48, 48, 3),
(49, 49, 3),
(50, 50, 3),
(51, 51, 3),
(52, 52, 3),
(53, 53, 3),
(54, 54, 3),
(55, 55, 3),
(56, 56, 3),
(57, 57, 3),
(58, 58, 3),
(59, 59, 3),
(60, 60, 3),
(61, 61, 3),
(62, 62, 3),
(63, 63, 3),
(64, 64, 3),
(65, 65, 3),
(66, 66, 3),
(67, 67, 3),
(68, 68, 3),
(69, 69, 3),
(70, 70, 3),
(71, 71, 3),
(72, 72, 3),
(73, 73, 3),
(74, 74, 3),
(75, 75, 3),
(76, 76, 3),
(77, 77, 3),
(78, 78, 3),
(79, 79, 3),
(80, 80, 3),
(81, 81, 3),
(82, 82, 3),
(83, 83, 3),
(84, 84, 3),
(85, 85, 3),
(86, 86, 3),
(87, 87, 3),
(88, 88, 3),
(89, 89, 3),
(90, 90, 3),
(91, 91, 3),
(92, 92, 3),
(93, 93, 3),
(94, 94, 3),
(95, 95, 3),
(96, 96, 3),
(97, 97, 3),
(98, 98, 3);

-- --------------------------------------------------------

--
-- Structure de la table `llx_societe_extrafields`
--

CREATE TABLE `llx_societe_extrafields` (
  `rowid` int(11) NOT NULL,
  `tms` timestamp NOT NULL DEFAULT CURRENT_TIMESTAMP ON UPDATE CURRENT_TIMESTAMP,
  `fk_object` int(11) NOT NULL,
  `import_key` varchar(14) DEFAULT NULL
) ENGINE=InnoDB DEFAULT CHARSET=latin1;

-- --------------------------------------------------------

--
-- Structure de la table `llx_societe_log`
--

CREATE TABLE `llx_societe_log` (
  `id` int(11) NOT NULL,
  `datel` datetime DEFAULT NULL,
  `fk_soc` int(11) DEFAULT NULL,
  `fk_statut` int(11) DEFAULT NULL,
  `fk_user` int(11) DEFAULT NULL,
  `author` varchar(30) DEFAULT NULL,
  `label` varchar(128) DEFAULT NULL
) ENGINE=InnoDB DEFAULT CHARSET=latin1;

-- --------------------------------------------------------

--
-- Structure de la table `llx_societe_prices`
--

CREATE TABLE `llx_societe_prices` (
  `rowid` int(11) NOT NULL,
  `fk_soc` int(11) DEFAULT '0',
  `tms` timestamp NOT NULL DEFAULT CURRENT_TIMESTAMP ON UPDATE CURRENT_TIMESTAMP,
  `datec` datetime DEFAULT NULL,
  `fk_user_author` int(11) DEFAULT NULL,
  `price_level` tinyint(4) DEFAULT '1'
) ENGINE=InnoDB DEFAULT CHARSET=latin1;

-- --------------------------------------------------------

--
-- Structure de la table `llx_societe_remise`
--

CREATE TABLE `llx_societe_remise` (
  `rowid` int(11) NOT NULL,
  `fk_soc` int(11) NOT NULL,
  `tms` timestamp NOT NULL DEFAULT CURRENT_TIMESTAMP ON UPDATE CURRENT_TIMESTAMP,
  `datec` datetime DEFAULT NULL,
  `fk_user_author` int(11) DEFAULT NULL,
  `remise_client` double(6,3) NOT NULL DEFAULT '0.000',
  `note` text
) ENGINE=InnoDB DEFAULT CHARSET=latin1;

-- --------------------------------------------------------

--
-- Structure de la table `llx_societe_remise_except`
--

CREATE TABLE `llx_societe_remise_except` (
  `rowid` int(11) NOT NULL,
  `fk_soc` int(11) NOT NULL,
  `datec` datetime DEFAULT NULL,
  `amount_ht` double(24,8) NOT NULL,
  `amount_tva` double(24,8) NOT NULL DEFAULT '0.00000000',
  `amount_ttc` double(24,8) NOT NULL DEFAULT '0.00000000',
  `tva_tx` double(6,3) NOT NULL DEFAULT '0.000',
  `fk_user` int(11) NOT NULL,
  `fk_facture_line` int(11) DEFAULT NULL,
  `fk_facture` int(11) DEFAULT NULL,
  `fk_facture_source` int(11) DEFAULT NULL,
  `description` text NOT NULL
) ENGINE=InnoDB DEFAULT CHARSET=latin1;

-- --------------------------------------------------------

--
-- Structure de la table `llx_societe_rib`
--

CREATE TABLE `llx_societe_rib` (
  `rowid` int(11) NOT NULL,
  `fk_soc` int(11) NOT NULL,
  `datec` datetime DEFAULT NULL,
  `tms` timestamp NOT NULL DEFAULT CURRENT_TIMESTAMP ON UPDATE CURRENT_TIMESTAMP,
  `label` varchar(30) DEFAULT NULL,
  `bank` varchar(255) DEFAULT NULL,
  `code_banque` varchar(7) DEFAULT NULL,
  `code_guichet` varchar(6) DEFAULT NULL,
  `number` varchar(255) DEFAULT NULL,
  `cle_rib` varchar(5) DEFAULT NULL,
  `bic` varchar(20) DEFAULT NULL,
  `iban_prefix` varchar(34) DEFAULT NULL,
  `domiciliation` varchar(255) DEFAULT NULL,
  `proprio` varchar(60) DEFAULT NULL,
  `owner_address` varchar(255) DEFAULT NULL,
  `default_rib` smallint(6) NOT NULL DEFAULT '0',
  `rum` varchar(32) DEFAULT NULL,
  `frstrecur` varchar(16) DEFAULT 'FRST',
  `import_key` varchar(14) DEFAULT NULL
) ENGINE=InnoDB DEFAULT CHARSET=latin1;

-- --------------------------------------------------------

--
-- Structure de la table `llx_socpeople`
--

CREATE TABLE `llx_socpeople` (
  `rowid` int(11) NOT NULL,
  `datec` datetime DEFAULT NULL,
  `tms` timestamp NOT NULL DEFAULT CURRENT_TIMESTAMP ON UPDATE CURRENT_TIMESTAMP,
  `fk_soc` int(11) DEFAULT NULL,
  `entity` int(11) NOT NULL DEFAULT '1',
  `ref_ext` varchar(128) DEFAULT NULL,
  `civility` varchar(6) DEFAULT NULL,
  `lastname` varchar(50) DEFAULT NULL,
  `firstname` varchar(50) DEFAULT NULL,
  `address` varchar(255) DEFAULT NULL,
  `zip` varchar(25) DEFAULT NULL,
  `town` varchar(255) DEFAULT NULL,
  `fk_departement` int(11) DEFAULT NULL,
  `fk_pays` int(11) DEFAULT '0',
  `birthday` date DEFAULT NULL,
  `poste` varchar(80) DEFAULT NULL,
  `phone` varchar(30) DEFAULT NULL,
  `phone_perso` varchar(30) DEFAULT NULL,
  `phone_mobile` varchar(30) DEFAULT NULL,
  `fax` varchar(30) DEFAULT NULL,
  `email` varchar(255) DEFAULT NULL,
  `jabberid` varchar(255) DEFAULT NULL,
  `skype` varchar(255) DEFAULT NULL,
  `no_email` smallint(6) NOT NULL DEFAULT '0',
  `priv` smallint(6) NOT NULL DEFAULT '0',
  `fk_user_creat` int(11) DEFAULT '0',
  `fk_user_modif` int(11) DEFAULT NULL,
  `note_private` text,
  `note_public` text,
  `default_lang` varchar(6) DEFAULT NULL,
  `canvas` varchar(32) DEFAULT NULL,
  `import_key` varchar(14) DEFAULT NULL,
  `statut` tinyint(4) NOT NULL DEFAULT '1'
) ENGINE=InnoDB DEFAULT CHARSET=latin1;

--
-- Déchargement des données de la table `llx_socpeople`
--

INSERT INTO `llx_socpeople` (`rowid`, `datec`, `tms`, `fk_soc`, `entity`, `ref_ext`, `civility`, `lastname`, `firstname`, `address`, `zip`, `town`, `fk_departement`, `fk_pays`, `birthday`, `poste`, `phone`, `phone_perso`, `phone_mobile`, `fax`, `email`, `jabberid`, `skype`, `no_email`, `priv`, `fk_user_creat`, `fk_user_modif`, `note_private`, `note_public`, `default_lang`, `canvas`, `import_key`, `statut`) VALUES
(1, '2016-12-02 15:46:57', '2016-12-02 11:46:57', 39, 1, '', 'MR', 'VAN AUDENAARDE Christophe', '', 'Avenue de la Charmille 20', '1200', 'Woluwé St lambert', NULL, 2, NULL, '', '', '', '', '', 'info@renovac.be', '', '', 0, 0, 3, 3, NULL, NULL, NULL, NULL, NULL, 1),
(2, '2021-06-24 08:31:12', '2021-06-24 06:31:12', 92, 1, '', 'MR', 'Van Noyen', 'Mark', 'Ijzerenleen 31', '2800', 'Mechelen', NULL, 2, NULL, '', '', '', '', '', 'mark.van.noyen@belgacom.net', '', '', 0, 0, 3, 3, NULL, NULL, NULL, NULL, NULL, 1);

-- --------------------------------------------------------

--
-- Structure de la table `llx_socpeople_extrafields`
--

CREATE TABLE `llx_socpeople_extrafields` (
  `rowid` int(11) NOT NULL,
  `tms` timestamp NOT NULL DEFAULT CURRENT_TIMESTAMP ON UPDATE CURRENT_TIMESTAMP,
  `fk_object` int(11) NOT NULL,
  `import_key` varchar(14) DEFAULT NULL
) ENGINE=InnoDB DEFAULT CHARSET=latin1;

-- --------------------------------------------------------

--
-- Structure de la table `llx_stock_mouvement`
--

CREATE TABLE `llx_stock_mouvement` (
  `rowid` int(11) NOT NULL,
  `tms` timestamp NOT NULL DEFAULT CURRENT_TIMESTAMP ON UPDATE CURRENT_TIMESTAMP,
  `datem` datetime DEFAULT NULL,
  `fk_product` int(11) NOT NULL,
  `batch` varchar(30) DEFAULT NULL,
  `eatby` date DEFAULT NULL,
  `sellby` date DEFAULT NULL,
  `fk_entrepot` int(11) NOT NULL,
  `value` double DEFAULT NULL,
  `price` double(24,8) DEFAULT '0.00000000',
  `type_mouvement` smallint(6) DEFAULT NULL,
  `fk_user_author` int(11) DEFAULT NULL,
  `label` varchar(255) DEFAULT NULL,
  `inventorycode` varchar(128) DEFAULT NULL,
  `fk_origin` int(11) DEFAULT NULL,
  `origintype` varchar(32) DEFAULT NULL
) ENGINE=InnoDB DEFAULT CHARSET=latin1;

-- --------------------------------------------------------

--
-- Structure de la table `llx_tva`
--

CREATE TABLE `llx_tva` (
  `rowid` int(11) NOT NULL,
  `tms` timestamp NOT NULL DEFAULT CURRENT_TIMESTAMP ON UPDATE CURRENT_TIMESTAMP,
  `datep` date DEFAULT NULL,
  `datev` date DEFAULT NULL,
  `amount` double NOT NULL DEFAULT '0',
  `fk_typepayment` int(11) DEFAULT NULL,
  `num_payment` varchar(50) DEFAULT NULL,
  `label` varchar(255) DEFAULT NULL,
  `entity` int(11) NOT NULL DEFAULT '1',
  `note` text,
  `fk_bank` int(11) DEFAULT NULL,
  `fk_user_creat` int(11) DEFAULT NULL,
  `fk_user_modif` int(11) DEFAULT NULL
) ENGINE=InnoDB DEFAULT CHARSET=latin1;

-- --------------------------------------------------------

--
-- Structure de la table `llx_user`
--

CREATE TABLE `llx_user` (
  `rowid` int(11) NOT NULL,
  `entity` int(11) NOT NULL DEFAULT '1',
  `ref_ext` varchar(50) DEFAULT NULL,
  `ref_int` varchar(50) DEFAULT NULL,
  `datec` datetime DEFAULT NULL,
  `tms` timestamp NOT NULL DEFAULT CURRENT_TIMESTAMP ON UPDATE CURRENT_TIMESTAMP,
  `fk_user_creat` int(11) DEFAULT NULL,
  `fk_user_modif` int(11) DEFAULT NULL,
  `login` varchar(24) NOT NULL,
  `pass` varchar(32) DEFAULT NULL,
  `pass_crypted` varchar(128) DEFAULT NULL,
  `pass_temp` varchar(32) DEFAULT NULL,
  `api_key` varchar(128) DEFAULT NULL,
  `gender` varchar(10) DEFAULT NULL,
  `civility` varchar(6) DEFAULT NULL,
  `lastname` varchar(50) DEFAULT NULL,
  `firstname` varchar(50) DEFAULT NULL,
  `address` varchar(255) DEFAULT NULL,
  `zip` varchar(25) DEFAULT NULL,
  `town` varchar(50) DEFAULT NULL,
  `fk_state` int(11) DEFAULT '0',
  `fk_country` int(11) DEFAULT '0',
  `job` varchar(128) DEFAULT NULL,
  `skype` varchar(255) DEFAULT NULL,
  `office_phone` varchar(20) DEFAULT NULL,
  `office_fax` varchar(20) DEFAULT NULL,
  `user_mobile` varchar(20) DEFAULT NULL,
  `email` varchar(255) DEFAULT NULL,
  `signature` text,
  `admin` smallint(6) DEFAULT '0',
  `module_comm` smallint(6) DEFAULT '1',
  `module_compta` smallint(6) DEFAULT '1',
  `fk_soc` int(11) DEFAULT NULL,
  `fk_socpeople` int(11) DEFAULT NULL,
  `fk_member` int(11) DEFAULT NULL,
  `fk_user` int(11) DEFAULT NULL,
  `note` text,
  `datelastlogin` datetime DEFAULT NULL,
  `datepreviouslogin` datetime DEFAULT NULL,
  `egroupware_id` int(11) DEFAULT NULL,
  `ldap_sid` varchar(255) DEFAULT NULL,
  `openid` varchar(255) DEFAULT NULL,
  `statut` tinyint(4) DEFAULT '1',
  `photo` varchar(255) DEFAULT NULL,
  `lang` varchar(6) DEFAULT NULL,
  `color` varchar(6) DEFAULT NULL,
  `barcode` varchar(255) DEFAULT NULL,
  `fk_barcode_type` int(11) DEFAULT '0',
  `accountancy_code` varchar(32) DEFAULT NULL,
  `nb_holiday` int(11) DEFAULT '0',
  `thm` double(24,8) DEFAULT NULL,
  `tjm` double(24,8) DEFAULT NULL,
  `salary` double(24,8) DEFAULT NULL,
  `salaryextra` double(24,8) DEFAULT NULL,
  `weeklyhours` double(16,8) DEFAULT NULL
) ENGINE=InnoDB DEFAULT CHARSET=latin1;

--
-- Déchargement des données de la table `llx_user`
--

INSERT INTO `llx_user` (`rowid`, `entity`, `ref_ext`, `ref_int`, `datec`, `tms`, `fk_user_creat`, `fk_user_modif`, `login`, `pass`, `pass_crypted`, `pass_temp`, `api_key`, `gender`, `civility`, `lastname`, `firstname`, `address`, `zip`, `town`, `fk_state`, `fk_country`, `job`, `skype`, `office_phone`, `office_fax`, `user_mobile`, `email`, `signature`, `admin`, `module_comm`, `module_compta`, `fk_soc`, `fk_socpeople`, `fk_member`, `fk_user`, `note`, `datelastlogin`, `datepreviouslogin`, `egroupware_id`, `ldap_sid`, `openid`, `statut`, `photo`, `lang`, `color`, `barcode`, `fk_barcode_type`, `accountancy_code`, `nb_holiday`, `thm`, `tjm`, `salary`, `salaryextra`, `weeklyhours`) VALUES
(1, 0, NULL, NULL, '2016-02-15 20:09:32', '2016-02-15 16:09:32', NULL, NULL, 'aabrenov', '2016aabrenov2016', 'b29ca64f3b1778f440e23f36175d75e4', NULL, NULL, '', NULL, 'SuperAdmin', '', '', '', '', NULL, NULL, '', '', '', '', '', '', '', 1, 1, 1, NULL, NULL, NULL, NULL, '', '2020-01-15 14:17:11', '2020-01-15 14:13:47', NULL, '', NULL, 1, NULL, NULL, '', NULL, 0, '', 0, NULL, NULL, NULL, NULL, NULL),
(2, 1, NULL, NULL, '2016-02-16 15:00:30', '2016-02-16 11:00:30', NULL, NULL, 'ali', '32489189247', 'c25873a7258b70d363f78e3e80907892', NULL, 'vkpyqm80', 'man', NULL, 'ali', 'ali', '', '', '', NULL, NULL, '', '', '', '', '32489189247', '', '', 0, 1, 1, NULL, NULL, NULL, NULL, '', '2016-05-27 14:07:03', '2016-05-06 15:07:57', NULL, '', NULL, 1, NULL, NULL, '', NULL, 0, '', 0, NULL, NULL, NULL, NULL, NULL),
(3, 1, NULL, NULL, '2016-02-16 16:06:11', '2020-01-15 08:09:57', NULL, NULL, 'coralie', 'Vidacore77', '0e9bedda63f75cb115a3aa77cebd4a6f', NULL, 'h9v2sxgk', 'woman', NULL, 'coralie', 'coralie', '', '', '', NULL, NULL, '', '', '', '', 'coralie', 'coralie@aab-medical.be', 'Le Secretariat', 0, 1, 1, NULL, NULL, NULL, NULL, '', '2021-11-19 17:19:27', '2021-11-15 13:20:14', NULL, '', NULL, 1, NULL, NULL, '', NULL, 0, '', 0, NULL, NULL, NULL, NULL, NULL);

-- --------------------------------------------------------

--
-- Structure de la table `llx_usergroup`
--

CREATE TABLE `llx_usergroup` (
  `rowid` int(11) NOT NULL,
  `nom` varchar(255) NOT NULL,
  `entity` int(11) NOT NULL DEFAULT '1',
  `datec` datetime DEFAULT NULL,
  `tms` timestamp NOT NULL DEFAULT CURRENT_TIMESTAMP ON UPDATE CURRENT_TIMESTAMP,
  `note` text
) ENGINE=InnoDB DEFAULT CHARSET=latin1;

-- --------------------------------------------------------

--
-- Structure de la table `llx_usergroup_extrafields`
--

CREATE TABLE `llx_usergroup_extrafields` (
  `rowid` int(11) NOT NULL,
  `tms` timestamp NOT NULL DEFAULT CURRENT_TIMESTAMP ON UPDATE CURRENT_TIMESTAMP,
  `fk_object` int(11) NOT NULL,
  `import_key` varchar(14) DEFAULT NULL
) ENGINE=InnoDB DEFAULT CHARSET=latin1;

-- --------------------------------------------------------

--
-- Structure de la table `llx_usergroup_rights`
--

CREATE TABLE `llx_usergroup_rights` (
  `rowid` int(11) NOT NULL,
  `fk_usergroup` int(11) NOT NULL,
  `fk_id` int(11) NOT NULL
) ENGINE=InnoDB DEFAULT CHARSET=latin1;

-- --------------------------------------------------------

--
-- Structure de la table `llx_usergroup_user`
--

CREATE TABLE `llx_usergroup_user` (
  `rowid` int(11) NOT NULL,
  `entity` int(11) NOT NULL DEFAULT '1',
  `fk_user` int(11) NOT NULL,
  `fk_usergroup` int(11) NOT NULL
) ENGINE=InnoDB DEFAULT CHARSET=latin1;

-- --------------------------------------------------------

--
-- Structure de la table `llx_user_alert`
--

CREATE TABLE `llx_user_alert` (
  `rowid` int(11) NOT NULL,
  `type` int(11) DEFAULT NULL,
  `fk_contact` int(11) DEFAULT NULL,
  `fk_user` int(11) DEFAULT NULL
) ENGINE=InnoDB DEFAULT CHARSET=latin1;

-- --------------------------------------------------------

--
-- Structure de la table `llx_user_clicktodial`
--

CREATE TABLE `llx_user_clicktodial` (
  `fk_user` int(11) NOT NULL,
  `url` varchar(255) DEFAULT NULL,
  `login` varchar(32) DEFAULT NULL,
  `pass` varchar(64) DEFAULT NULL,
  `poste` varchar(20) DEFAULT NULL
) ENGINE=InnoDB DEFAULT CHARSET=latin1;

-- --------------------------------------------------------

--
-- Structure de la table `llx_user_extrafields`
--

CREATE TABLE `llx_user_extrafields` (
  `rowid` int(11) NOT NULL,
  `tms` timestamp NOT NULL DEFAULT CURRENT_TIMESTAMP ON UPDATE CURRENT_TIMESTAMP,
  `fk_object` int(11) NOT NULL,
  `import_key` varchar(14) DEFAULT NULL
) ENGINE=InnoDB DEFAULT CHARSET=latin1;

-- --------------------------------------------------------

--
-- Structure de la table `llx_user_param`
--

CREATE TABLE `llx_user_param` (
  `fk_user` int(11) NOT NULL,
  `entity` int(11) NOT NULL DEFAULT '1',
  `param` varchar(64) NOT NULL,
  `value` varchar(255) NOT NULL
) ENGINE=InnoDB DEFAULT CHARSET=latin1;

--
-- Déchargement des données de la table `llx_user_param`
--

INSERT INTO `llx_user_param` (`fk_user`, `entity`, `param`, `value`) VALUES
(2, 1, 'MAIN_BOXES_0', '1');

-- --------------------------------------------------------

--
-- Structure de la table `llx_user_rights`
--

CREATE TABLE `llx_user_rights` (
  `rowid` int(11) NOT NULL,
  `fk_user` int(11) NOT NULL,
  `fk_id` int(11) NOT NULL
) ENGINE=InnoDB DEFAULT CHARSET=latin1;

--
-- Déchargement des données de la table `llx_user_rights`
--

INSERT INTO `llx_user_rights` (`rowid`, `fk_user`, `fk_id`) VALUES
(107, 1, 11),
(101, 1, 12),
(102, 1, 13),
(103, 1, 14),
(104, 1, 15),
(106, 1, 16),
(108, 1, 19),
(29, 1, 21),
(22, 1, 22),
(23, 1, 24),
(24, 1, 25),
(26, 1, 26),
(28, 1, 27),
(30, 1, 28),
(150, 1, 31),
(147, 1, 32),
(149, 1, 34),
(151, 1, 38),
(54, 1, 81),
(48, 1, 82),
(49, 1, 84),
(50, 1, 86),
(52, 1, 87),
(53, 1, 88),
(55, 1, 89),
(143, 1, 91),
(140, 1, 92),
(142, 1, 93),
(144, 1, 94),
(98, 1, 95),
(136, 1, 111),
(127, 1, 112),
(129, 1, 113),
(131, 1, 114),
(133, 1, 115),
(135, 1, 116),
(137, 1, 117),
(115, 1, 121),
(112, 1, 122),
(114, 1, 125),
(116, 1, 126),
(81, 1, 161),
(74, 1, 162),
(76, 1, 163),
(78, 1, 164),
(80, 1, 165),
(82, 1, 167),
(117, 1, 262),
(123, 1, 281),
(120, 1, 282),
(122, 1, 283),
(124, 1, 286),
(1, 1, 341),
(2, 1, 342),
(3, 1, 343),
(4, 1, 344),
(157, 1, 531),
(154, 1, 532),
(156, 1, 534),
(158, 1, 538),
(109, 1, 1321),
(56, 1, 1421),
(191, 2, 11),
(192, 2, 12),
(193, 2, 13),
(194, 2, 14),
(195, 2, 15),
(196, 2, 16),
(197, 2, 19),
(203, 2, 21),
(204, 2, 22),
(205, 2, 24),
(206, 2, 25),
(207, 2, 26),
(208, 2, 27),
(209, 2, 28),
(199, 2, 31),
(200, 2, 32),
(201, 2, 34),
(202, 2, 38),
(182, 2, 81),
(183, 2, 82),
(184, 2, 84),
(185, 2, 86),
(186, 2, 87),
(187, 2, 88),
(188, 2, 89),
(223, 2, 91),
(224, 2, 92),
(225, 2, 93),
(226, 2, 94),
(190, 2, 95),
(175, 2, 111),
(176, 2, 112),
(177, 2, 113),
(178, 2, 114),
(179, 2, 115),
(180, 2, 116),
(181, 2, 117),
(214, 2, 121),
(215, 2, 122),
(216, 2, 125),
(217, 2, 126),
(227, 2, 161),
(228, 2, 162),
(229, 2, 163),
(230, 2, 164),
(231, 2, 165),
(232, 2, 167),
(218, 2, 262),
(219, 2, 281),
(220, 2, 282),
(221, 2, 283),
(222, 2, 286),
(170, 2, 341),
(171, 2, 342),
(172, 2, 343),
(173, 2, 344),
(210, 2, 531),
(211, 2, 532),
(212, 2, 534),
(213, 2, 538),
(198, 2, 1321),
(189, 2, 1421),
(271, 3, 11),
(272, 3, 12),
(273, 3, 13),
(274, 3, 14),
(275, 3, 15),
(276, 3, 16),
(277, 3, 19),
(279, 3, 21),
(280, 3, 22),
(281, 3, 24),
(282, 3, 25),
(283, 3, 26),
(284, 3, 27),
(285, 3, 28),
(286, 3, 31),
(287, 3, 32),
(288, 3, 34),
(289, 3, 38),
(256, 3, 81),
(257, 3, 82),
(258, 3, 84),
(259, 3, 86),
(260, 3, 87),
(261, 3, 88),
(262, 3, 89),
(303, 3, 91),
(304, 3, 92),
(305, 3, 93),
(306, 3, 94),
(264, 3, 95),
(249, 3, 111),
(250, 3, 112),
(251, 3, 113),
(252, 3, 114),
(253, 3, 115),
(254, 3, 116),
(255, 3, 117),
(294, 3, 121),
(295, 3, 122),
(296, 3, 125),
(297, 3, 126),
(265, 3, 161),
(266, 3, 162),
(267, 3, 163),
(268, 3, 164),
(269, 3, 165),
(270, 3, 167),
(298, 3, 262),
(299, 3, 281),
(300, 3, 282),
(301, 3, 283),
(302, 3, 286),
(244, 3, 341),
(245, 3, 342),
(246, 3, 343),
(247, 3, 344),
(290, 3, 531),
(291, 3, 532),
(292, 3, 534),
(293, 3, 538),
(278, 3, 1321),
(263, 3, 1421);

--
-- Index pour les tables déchargées
--

--
-- Index pour la table `llx_accountingaccount`
--
ALTER TABLE `llx_accountingaccount`
  ADD PRIMARY KEY (`rowid`),
  ADD KEY `idx_accountingaccount_fk_pcg_version` (`fk_pcg_version`);

--
-- Index pour la table `llx_accountingtransaction`
--
ALTER TABLE `llx_accountingtransaction`
  ADD PRIMARY KEY (`rowid`);

--
-- Index pour la table `llx_accounting_bookkeeping`
--
ALTER TABLE `llx_accounting_bookkeeping`
  ADD PRIMARY KEY (`rowid`);

--
-- Index pour la table `llx_accounting_fiscalyear`
--
ALTER TABLE `llx_accounting_fiscalyear`
  ADD PRIMARY KEY (`rowid`);

--
-- Index pour la table `llx_accounting_system`
--
ALTER TABLE `llx_accounting_system`
  ADD PRIMARY KEY (`rowid`),
  ADD UNIQUE KEY `uk_accounting_system_pcg_version` (`pcg_version`);

--
-- Index pour la table `llx_actioncomm`
--
ALTER TABLE `llx_actioncomm`
  ADD PRIMARY KEY (`id`),
  ADD KEY `idx_actioncomm_fk_soc` (`fk_soc`),
  ADD KEY `idx_actioncomm_fk_contact` (`fk_contact`),
  ADD KEY `idx_actioncomm_code` (`code`),
  ADD KEY `idx_actioncomm_fk_element` (`fk_element`);

--
-- Index pour la table `llx_actioncomm_extrafields`
--
ALTER TABLE `llx_actioncomm_extrafields`
  ADD PRIMARY KEY (`rowid`),
  ADD KEY `idx_actioncomm_extrafields` (`fk_object`);

--
-- Index pour la table `llx_actioncomm_resources`
--
ALTER TABLE `llx_actioncomm_resources`
  ADD PRIMARY KEY (`rowid`),
  ADD UNIQUE KEY `uk_actioncomm_resources` (`fk_actioncomm`,`element_type`,`fk_element`),
  ADD KEY `idx_actioncomm_resources_fk_element` (`fk_element`);

--
-- Index pour la table `llx_adherent`
--
ALTER TABLE `llx_adherent`
  ADD PRIMARY KEY (`rowid`),
  ADD UNIQUE KEY `uk_adherent_login` (`login`,`entity`),
  ADD UNIQUE KEY `uk_adherent_fk_soc` (`fk_soc`),
  ADD KEY `idx_adherent_fk_adherent_type` (`fk_adherent_type`);

--
-- Index pour la table `llx_adherent_extrafields`
--
ALTER TABLE `llx_adherent_extrafields`
  ADD PRIMARY KEY (`rowid`),
  ADD KEY `idx_adherent_extrafields` (`fk_object`);

--
-- Index pour la table `llx_adherent_type`
--
ALTER TABLE `llx_adherent_type`
  ADD PRIMARY KEY (`rowid`),
  ADD UNIQUE KEY `uk_adherent_type_libelle` (`libelle`,`entity`);

--
-- Index pour la table `llx_adherent_type_extrafields`
--
ALTER TABLE `llx_adherent_type_extrafields`
  ADD PRIMARY KEY (`rowid`),
  ADD KEY `idx_adherent_type_extrafields` (`fk_object`);

--
-- Index pour la table `llx_askpricesupplier`
--
ALTER TABLE `llx_askpricesupplier`
  ADD PRIMARY KEY (`rowid`);

--
-- Index pour la table `llx_askpricesupplierdet`
--
ALTER TABLE `llx_askpricesupplierdet`
  ADD PRIMARY KEY (`rowid`);

--
-- Index pour la table `llx_askpricesupplierdet_extrafields`
--
ALTER TABLE `llx_askpricesupplierdet_extrafields`
  ADD PRIMARY KEY (`rowid`);

--
-- Index pour la table `llx_askpricesupplier_extrafields`
--
ALTER TABLE `llx_askpricesupplier_extrafields`
  ADD PRIMARY KEY (`rowid`);

--
-- Index pour la table `llx_bank`
--
ALTER TABLE `llx_bank`
  ADD PRIMARY KEY (`rowid`),
  ADD KEY `idx_bank_datev` (`datev`),
  ADD KEY `idx_bank_dateo` (`dateo`),
  ADD KEY `idx_bank_fk_account` (`fk_account`),
  ADD KEY `idx_bank_rappro` (`rappro`),
  ADD KEY `idx_bank_num_releve` (`num_releve`);

--
-- Index pour la table `llx_bank_account`
--
ALTER TABLE `llx_bank_account`
  ADD PRIMARY KEY (`rowid`),
  ADD UNIQUE KEY `uk_bank_account_label` (`label`,`entity`);

--
-- Index pour la table `llx_bank_account_extrafields`
--
ALTER TABLE `llx_bank_account_extrafields`
  ADD PRIMARY KEY (`rowid`),
  ADD KEY `idx_bank_account_extrafields` (`fk_object`);

--
-- Index pour la table `llx_bank_categ`
--
ALTER TABLE `llx_bank_categ`
  ADD PRIMARY KEY (`rowid`);

--
-- Index pour la table `llx_bank_class`
--
ALTER TABLE `llx_bank_class`
  ADD UNIQUE KEY `uk_bank_class_lineid` (`lineid`,`fk_categ`);

--
-- Index pour la table `llx_bank_url`
--
ALTER TABLE `llx_bank_url`
  ADD PRIMARY KEY (`rowid`),
  ADD UNIQUE KEY `uk_bank_url` (`fk_bank`,`type`);

--
-- Index pour la table `llx_bookmark`
--
ALTER TABLE `llx_bookmark`
  ADD PRIMARY KEY (`rowid`),
  ADD UNIQUE KEY `uk_bookmark_url` (`fk_user`,`url`),
  ADD UNIQUE KEY `uk_bookmark_title` (`fk_user`,`title`);

--
-- Index pour la table `llx_bordereau_cheque`
--
ALTER TABLE `llx_bordereau_cheque`
  ADD PRIMARY KEY (`rowid`),
  ADD UNIQUE KEY `uk_bordereau_cheque` (`number`,`entity`);

--
-- Index pour la table `llx_boxes`
--
ALTER TABLE `llx_boxes`
  ADD PRIMARY KEY (`rowid`),
  ADD UNIQUE KEY `uk_boxes` (`entity`,`box_id`,`position`,`fk_user`),
  ADD KEY `idx_boxes_boxid` (`box_id`),
  ADD KEY `idx_boxes_fk_user` (`fk_user`);

--
-- Index pour la table `llx_boxes_def`
--
ALTER TABLE `llx_boxes_def`
  ADD PRIMARY KEY (`rowid`),
  ADD UNIQUE KEY `uk_boxes_def` (`file`,`entity`,`note`);

--
-- Index pour la table `llx_categorie`
--
ALTER TABLE `llx_categorie`
  ADD PRIMARY KEY (`rowid`),
  ADD UNIQUE KEY `uk_categorie_ref` (`entity`,`fk_parent`,`label`,`type`),
  ADD KEY `idx_categorie_type` (`type`),
  ADD KEY `idx_categorie_label` (`label`);

--
-- Index pour la table `llx_categories_extrafields`
--
ALTER TABLE `llx_categories_extrafields`
  ADD PRIMARY KEY (`rowid`),
  ADD KEY `idx_categories_extrafields` (`fk_object`);

--
-- Index pour la table `llx_categorie_contact`
--
ALTER TABLE `llx_categorie_contact`
  ADD PRIMARY KEY (`fk_categorie`,`fk_socpeople`),
  ADD KEY `idx_categorie_contact_fk_categorie` (`fk_categorie`),
  ADD KEY `idx_categorie_contact_fk_socpeople` (`fk_socpeople`);

--
-- Index pour la table `llx_categorie_fournisseur`
--
ALTER TABLE `llx_categorie_fournisseur`
  ADD PRIMARY KEY (`fk_categorie`,`fk_soc`),
  ADD KEY `idx_categorie_fournisseur_fk_categorie` (`fk_categorie`),
  ADD KEY `idx_categorie_fournisseur_fk_societe` (`fk_soc`);

--
-- Index pour la table `llx_categorie_lang`
--
ALTER TABLE `llx_categorie_lang`
  ADD PRIMARY KEY (`rowid`),
  ADD UNIQUE KEY `uk_category_lang` (`fk_category`,`lang`);

--
-- Index pour la table `llx_categorie_member`
--
ALTER TABLE `llx_categorie_member`
  ADD PRIMARY KEY (`fk_categorie`,`fk_member`),
  ADD KEY `idx_categorie_member_fk_categorie` (`fk_categorie`),
  ADD KEY `idx_categorie_member_fk_member` (`fk_member`);

--
-- Index pour la table `llx_categorie_product`
--
ALTER TABLE `llx_categorie_product`
  ADD PRIMARY KEY (`fk_categorie`,`fk_product`),
  ADD KEY `idx_categorie_product_fk_categorie` (`fk_categorie`),
  ADD KEY `idx_categorie_product_fk_product` (`fk_product`);

--
-- Index pour la table `llx_categorie_societe`
--
ALTER TABLE `llx_categorie_societe`
  ADD PRIMARY KEY (`fk_categorie`,`fk_soc`),
  ADD KEY `idx_categorie_societe_fk_categorie` (`fk_categorie`),
  ADD KEY `idx_categorie_societe_fk_societe` (`fk_soc`);

--
-- Index pour la table `llx_chargesociales`
--
ALTER TABLE `llx_chargesociales`
  ADD PRIMARY KEY (`rowid`);

--
-- Index pour la table `llx_commande`
--
ALTER TABLE `llx_commande`
  ADD PRIMARY KEY (`rowid`),
  ADD UNIQUE KEY `uk_commande_ref` (`ref`,`entity`),
  ADD KEY `idx_commande_fk_soc` (`fk_soc`),
  ADD KEY `idx_commande_fk_user_author` (`fk_user_author`),
  ADD KEY `idx_commande_fk_user_valid` (`fk_user_valid`),
  ADD KEY `idx_commande_fk_user_cloture` (`fk_user_cloture`),
  ADD KEY `idx_commande_fk_projet` (`fk_projet`),
  ADD KEY `idx_commande_fk_account` (`fk_account`),
  ADD KEY `idx_commande_fk_currency` (`fk_currency`);

--
-- Index pour la table `llx_commandedet`
--
ALTER TABLE `llx_commandedet`
  ADD PRIMARY KEY (`rowid`),
  ADD KEY `idx_commandedet_fk_commande` (`fk_commande`),
  ADD KEY `idx_commandedet_fk_product` (`fk_product`),
  ADD KEY `fk_commandedet_fk_unit` (`fk_unit`);

--
-- Index pour la table `llx_commandedet_extrafields`
--
ALTER TABLE `llx_commandedet_extrafields`
  ADD PRIMARY KEY (`rowid`),
  ADD KEY `idx_commandedet_extrafields` (`fk_object`);

--
-- Index pour la table `llx_commande_extrafields`
--
ALTER TABLE `llx_commande_extrafields`
  ADD PRIMARY KEY (`rowid`),
  ADD KEY `idx_commande_extrafields` (`fk_object`);

--
-- Index pour la table `llx_commande_fournisseur`
--
ALTER TABLE `llx_commande_fournisseur`
  ADD PRIMARY KEY (`rowid`),
  ADD UNIQUE KEY `uk_commande_fournisseur_ref` (`ref`,`fk_soc`,`entity`),
  ADD KEY `idx_commande_fournisseur_fk_soc` (`fk_soc`);

--
-- Index pour la table `llx_commande_fournisseurdet`
--
ALTER TABLE `llx_commande_fournisseurdet`
  ADD PRIMARY KEY (`rowid`),
  ADD KEY `fk_commande_fournisseurdet_fk_unit` (`fk_unit`);

--
-- Index pour la table `llx_commande_fournisseurdet_extrafields`
--
ALTER TABLE `llx_commande_fournisseurdet_extrafields`
  ADD PRIMARY KEY (`rowid`),
  ADD KEY `idx_commande_fournisseurdet_extrafields` (`fk_object`);

--
-- Index pour la table `llx_commande_fournisseur_dispatch`
--
ALTER TABLE `llx_commande_fournisseur_dispatch`
  ADD PRIMARY KEY (`rowid`),
  ADD KEY `idx_commande_fournisseur_dispatch_fk_commande` (`fk_commande`);

--
-- Index pour la table `llx_commande_fournisseur_extrafields`
--
ALTER TABLE `llx_commande_fournisseur_extrafields`
  ADD PRIMARY KEY (`rowid`),
  ADD KEY `idx_commande_fournisseur_extrafields` (`fk_object`);

--
-- Index pour la table `llx_commande_fournisseur_log`
--
ALTER TABLE `llx_commande_fournisseur_log`
  ADD PRIMARY KEY (`rowid`);

--
-- Index pour la table `llx_const`
--
ALTER TABLE `llx_const`
  ADD PRIMARY KEY (`rowid`),
  ADD UNIQUE KEY `uk_const` (`name`,`entity`);

--
-- Index pour la table `llx_contrat`
--
ALTER TABLE `llx_contrat`
  ADD PRIMARY KEY (`rowid`),
  ADD UNIQUE KEY `uk_contrat_ref` (`ref`,`entity`),
  ADD KEY `idx_contrat_fk_soc` (`fk_soc`),
  ADD KEY `idx_contrat_fk_user_author` (`fk_user_author`);

--
-- Index pour la table `llx_contratdet`
--
ALTER TABLE `llx_contratdet`
  ADD PRIMARY KEY (`rowid`),
  ADD KEY `idx_contratdet_fk_contrat` (`fk_contrat`),
  ADD KEY `idx_contratdet_fk_product` (`fk_product`),
  ADD KEY `idx_contratdet_date_ouverture_prevue` (`date_ouverture_prevue`),
  ADD KEY `idx_contratdet_date_ouverture` (`date_ouverture`),
  ADD KEY `idx_contratdet_date_fin_validite` (`date_fin_validite`),
  ADD KEY `fk_contratdet_fk_unit` (`fk_unit`);

--
-- Index pour la table `llx_contratdet_extrafields`
--
ALTER TABLE `llx_contratdet_extrafields`
  ADD PRIMARY KEY (`rowid`),
  ADD KEY `idx_contratdet_extrafields` (`fk_object`);

--
-- Index pour la table `llx_contratdet_log`
--
ALTER TABLE `llx_contratdet_log`
  ADD PRIMARY KEY (`rowid`),
  ADD KEY `idx_contratdet_log_fk_contratdet` (`fk_contratdet`),
  ADD KEY `idx_contratdet_log_date` (`date`);

--
-- Index pour la table `llx_contrat_extrafields`
--
ALTER TABLE `llx_contrat_extrafields`
  ADD PRIMARY KEY (`rowid`),
  ADD KEY `idx_contrat_extrafields` (`fk_object`);

--
-- Index pour la table `llx_cotisation`
--
ALTER TABLE `llx_cotisation`
  ADD PRIMARY KEY (`rowid`),
  ADD UNIQUE KEY `uk_cotisation` (`fk_adherent`,`dateadh`);

--
-- Index pour la table `llx_cronjob`
--
ALTER TABLE `llx_cronjob`
  ADD PRIMARY KEY (`rowid`);

--
-- Index pour la table `llx_c_actioncomm`
--
ALTER TABLE `llx_c_actioncomm`
  ADD PRIMARY KEY (`id`),
  ADD UNIQUE KEY `uk_c_actioncomm` (`code`);

--
-- Index pour la table `llx_c_action_trigger`
--
ALTER TABLE `llx_c_action_trigger`
  ADD PRIMARY KEY (`rowid`),
  ADD UNIQUE KEY `uk_action_trigger_code` (`code`),
  ADD KEY `idx_action_trigger_rang` (`rang`);

--
-- Index pour la table `llx_c_availability`
--
ALTER TABLE `llx_c_availability`
  ADD PRIMARY KEY (`rowid`),
  ADD UNIQUE KEY `uk_c_availability` (`code`);

--
-- Index pour la table `llx_c_barcode_type`
--
ALTER TABLE `llx_c_barcode_type`
  ADD PRIMARY KEY (`rowid`),
  ADD UNIQUE KEY `uk_c_barcode_type` (`code`,`entity`);

--
-- Index pour la table `llx_c_chargesociales`
--
ALTER TABLE `llx_c_chargesociales`
  ADD PRIMARY KEY (`id`);

--
-- Index pour la table `llx_c_civility`
--
ALTER TABLE `llx_c_civility`
  ADD PRIMARY KEY (`rowid`),
  ADD UNIQUE KEY `uk_c_civility` (`code`);

--
-- Index pour la table `llx_c_country`
--
ALTER TABLE `llx_c_country`
  ADD PRIMARY KEY (`rowid`),
  ADD UNIQUE KEY `idx_c_country_code` (`code`),
  ADD UNIQUE KEY `idx_c_country_label` (`label`),
  ADD UNIQUE KEY `idx_c_country_code_iso` (`code_iso`);

--
-- Index pour la table `llx_c_currencies`
--
ALTER TABLE `llx_c_currencies`
  ADD PRIMARY KEY (`code_iso`),
  ADD UNIQUE KEY `uk_c_currencies_code_iso` (`code_iso`);

--
-- Index pour la table `llx_c_departements`
--
ALTER TABLE `llx_c_departements`
  ADD PRIMARY KEY (`rowid`),
  ADD UNIQUE KEY `uk_departements` (`code_departement`,`fk_region`),
  ADD KEY `idx_departements_fk_region` (`fk_region`);

--
-- Index pour la table `llx_c_ecotaxe`
--
ALTER TABLE `llx_c_ecotaxe`
  ADD PRIMARY KEY (`rowid`),
  ADD UNIQUE KEY `uk_c_ecotaxe` (`code`);

--
-- Index pour la table `llx_c_effectif`
--
ALTER TABLE `llx_c_effectif`
  ADD PRIMARY KEY (`id`),
  ADD UNIQUE KEY `uk_c_effectif` (`code`);

--
-- Index pour la table `llx_c_email_templates`
--
ALTER TABLE `llx_c_email_templates`
  ADD PRIMARY KEY (`rowid`),
  ADD UNIQUE KEY `uk_c_email_templates` (`entity`,`label`,`lang`),
  ADD KEY `idx_type` (`type_template`);

--
-- Index pour la table `llx_c_field_list`
--
ALTER TABLE `llx_c_field_list`
  ADD PRIMARY KEY (`rowid`);

--
-- Index pour la table `llx_c_forme_juridique`
--
ALTER TABLE `llx_c_forme_juridique`
  ADD PRIMARY KEY (`rowid`),
  ADD UNIQUE KEY `uk_c_forme_juridique` (`code`);

--
-- Index pour la table `llx_c_holiday_types`
--
ALTER TABLE `llx_c_holiday_types`
  ADD PRIMARY KEY (`rowid`),
  ADD UNIQUE KEY `uk_c_holiday_types` (`code`);

--
-- Index pour la table `llx_c_incoterms`
--
ALTER TABLE `llx_c_incoterms`
  ADD PRIMARY KEY (`rowid`),
  ADD UNIQUE KEY `uk_c_incoterms` (`code`);

--
-- Index pour la table `llx_c_input_method`
--
ALTER TABLE `llx_c_input_method`
  ADD PRIMARY KEY (`rowid`),
  ADD UNIQUE KEY `uk_c_input_method` (`code`);

--
-- Index pour la table `llx_c_input_reason`
--
ALTER TABLE `llx_c_input_reason`
  ADD PRIMARY KEY (`rowid`),
  ADD UNIQUE KEY `uk_c_input_reason` (`code`);

--
-- Index pour la table `llx_c_lead_status`
--
ALTER TABLE `llx_c_lead_status`
  ADD PRIMARY KEY (`rowid`),
  ADD UNIQUE KEY `uk_c_lead_status_code` (`code`);

--
-- Index pour la table `llx_c_paiement`
--
ALTER TABLE `llx_c_paiement`
  ADD PRIMARY KEY (`id`),
  ADD UNIQUE KEY `uk_c_paiement` (`code`);

--
-- Index pour la table `llx_c_paper_format`
--
ALTER TABLE `llx_c_paper_format`
  ADD PRIMARY KEY (`rowid`);

--
-- Index pour la table `llx_c_payment_term`
--
ALTER TABLE `llx_c_payment_term`
  ADD PRIMARY KEY (`rowid`);

--
-- Index pour la table `llx_c_price_expression`
--
ALTER TABLE `llx_c_price_expression`
  ADD PRIMARY KEY (`rowid`);

--
-- Index pour la table `llx_c_price_global_variable`
--
ALTER TABLE `llx_c_price_global_variable`
  ADD PRIMARY KEY (`rowid`);

--
-- Index pour la table `llx_c_price_global_variable_updater`
--
ALTER TABLE `llx_c_price_global_variable_updater`
  ADD PRIMARY KEY (`rowid`);

--
-- Index pour la table `llx_c_propalst`
--
ALTER TABLE `llx_c_propalst`
  ADD PRIMARY KEY (`id`),
  ADD UNIQUE KEY `uk_c_propalst` (`code`);

--
-- Index pour la table `llx_c_prospectlevel`
--
ALTER TABLE `llx_c_prospectlevel`
  ADD PRIMARY KEY (`code`);

--
-- Index pour la table `llx_c_regions`
--
ALTER TABLE `llx_c_regions`
  ADD PRIMARY KEY (`rowid`),
  ADD UNIQUE KEY `uk_code_region` (`code_region`),
  ADD KEY `idx_c_regions_fk_pays` (`fk_pays`);

--
-- Index pour la table `llx_c_revenuestamp`
--
ALTER TABLE `llx_c_revenuestamp`
  ADD PRIMARY KEY (`rowid`);

--
-- Index pour la table `llx_c_shipment_mode`
--
ALTER TABLE `llx_c_shipment_mode`
  ADD PRIMARY KEY (`rowid`);

--
-- Index pour la table `llx_c_stcomm`
--
ALTER TABLE `llx_c_stcomm`
  ADD PRIMARY KEY (`id`),
  ADD UNIQUE KEY `uk_c_stcomm` (`code`);

--
-- Index pour la table `llx_c_tva`
--
ALTER TABLE `llx_c_tva`
  ADD PRIMARY KEY (`rowid`),
  ADD UNIQUE KEY `uk_c_tva_id` (`fk_pays`,`taux`,`recuperableonly`);

--
-- Index pour la table `llx_c_typent`
--
ALTER TABLE `llx_c_typent`
  ADD PRIMARY KEY (`id`),
  ADD UNIQUE KEY `uk_c_typent` (`code`);

--
-- Index pour la table `llx_c_type_contact`
--
ALTER TABLE `llx_c_type_contact`
  ADD PRIMARY KEY (`rowid`),
  ADD UNIQUE KEY `uk_c_type_contact_id` (`element`,`source`,`code`);

--
-- Index pour la table `llx_c_type_fees`
--
ALTER TABLE `llx_c_type_fees`
  ADD PRIMARY KEY (`id`),
  ADD UNIQUE KEY `uk_c_type_fees` (`code`);

--
-- Index pour la table `llx_c_type_resource`
--
ALTER TABLE `llx_c_type_resource`
  ADD PRIMARY KEY (`rowid`),
  ADD UNIQUE KEY `uk_c_type_resource_id` (`label`,`code`);

--
-- Index pour la table `llx_c_units`
--
ALTER TABLE `llx_c_units`
  ADD PRIMARY KEY (`rowid`),
  ADD UNIQUE KEY `uk_c_units_code` (`code`);

--
-- Index pour la table `llx_c_ziptown`
--
ALTER TABLE `llx_c_ziptown`
  ADD PRIMARY KEY (`rowid`),
  ADD UNIQUE KEY `uk_ziptown_fk_pays` (`zip`,`town`,`fk_pays`),
  ADD KEY `idx_c_ziptown_fk_county` (`fk_county`),
  ADD KEY `idx_c_ziptown_fk_pays` (`fk_pays`),
  ADD KEY `idx_c_ziptown_zip` (`zip`);

--
-- Index pour la table `llx_deplacement`
--
ALTER TABLE `llx_deplacement`
  ADD PRIMARY KEY (`rowid`);

--
-- Index pour la table `llx_document_generator`
--
ALTER TABLE `llx_document_generator`
  ADD PRIMARY KEY (`rowid`);

--
-- Index pour la table `llx_document_model`
--
ALTER TABLE `llx_document_model`
  ADD PRIMARY KEY (`rowid`),
  ADD UNIQUE KEY `uk_document_model` (`nom`,`type`,`entity`);

--
-- Index pour la table `llx_don`
--
ALTER TABLE `llx_don`
  ADD PRIMARY KEY (`rowid`);

--
-- Index pour la table `llx_don_extrafields`
--
ALTER TABLE `llx_don_extrafields`
  ADD PRIMARY KEY (`rowid`),
  ADD KEY `idx_don_extrafields` (`fk_object`);

--
-- Index pour la table `llx_ecm_directories`
--
ALTER TABLE `llx_ecm_directories`
  ADD PRIMARY KEY (`rowid`),
  ADD UNIQUE KEY `idx_ecm_directories` (`label`,`fk_parent`,`entity`),
  ADD KEY `idx_ecm_directories_fk_user_c` (`fk_user_c`),
  ADD KEY `idx_ecm_directories_fk_user_m` (`fk_user_m`);

--
-- Index pour la table `llx_element_contact`
--
ALTER TABLE `llx_element_contact`
  ADD PRIMARY KEY (`rowid`),
  ADD UNIQUE KEY `idx_element_contact_idx1` (`element_id`,`fk_c_type_contact`,`fk_socpeople`),
  ADD KEY `fk_element_contact_fk_c_type_contact` (`fk_c_type_contact`),
  ADD KEY `idx_element_contact_fk_socpeople` (`fk_socpeople`);

--
-- Index pour la table `llx_element_element`
--
ALTER TABLE `llx_element_element`
  ADD PRIMARY KEY (`rowid`),
  ADD UNIQUE KEY `idx_element_element_idx1` (`fk_source`,`sourcetype`,`fk_target`,`targettype`),
  ADD KEY `idx_element_element_fk_target` (`fk_target`);

--
-- Index pour la table `llx_element_lock`
--
ALTER TABLE `llx_element_lock`
  ADD PRIMARY KEY (`rowid`);

--
-- Index pour la table `llx_element_resources`
--
ALTER TABLE `llx_element_resources`
  ADD PRIMARY KEY (`rowid`),
  ADD UNIQUE KEY `idx_element_resources_idx1` (`resource_id`,`resource_type`,`element_id`,`element_type`),
  ADD KEY `idx_element_element_element_id` (`element_id`);

--
-- Index pour la table `llx_element_tag`
--
ALTER TABLE `llx_element_tag`
  ADD PRIMARY KEY (`rowid`),
  ADD UNIQUE KEY `uk_element_tag` (`entity`,`lang`,`tag`,`fk_element`,`element`);

--
-- Index pour la table `llx_entrepot`
--
ALTER TABLE `llx_entrepot`
  ADD PRIMARY KEY (`rowid`),
  ADD UNIQUE KEY `uk_entrepot_label` (`label`,`entity`);

--
-- Index pour la table `llx_events`
--
ALTER TABLE `llx_events`
  ADD PRIMARY KEY (`rowid`),
  ADD KEY `idx_events_dateevent` (`dateevent`);

--
-- Index pour la table `llx_event_element`
--
ALTER TABLE `llx_event_element`
  ADD PRIMARY KEY (`rowid`);

--
-- Index pour la table `llx_expedition`
--
ALTER TABLE `llx_expedition`
  ADD PRIMARY KEY (`rowid`),
  ADD UNIQUE KEY `idx_expedition_uk_ref` (`ref`,`entity`),
  ADD KEY `idx_expedition_fk_soc` (`fk_soc`),
  ADD KEY `idx_expedition_fk_user_author` (`fk_user_author`),
  ADD KEY `idx_expedition_fk_user_valid` (`fk_user_valid`),
  ADD KEY `idx_expedition_fk_shipping_method` (`fk_shipping_method`);

--
-- Index pour la table `llx_expeditiondet`
--
ALTER TABLE `llx_expeditiondet`
  ADD PRIMARY KEY (`rowid`),
  ADD KEY `idx_expeditiondet_fk_expedition` (`fk_expedition`);

--
-- Index pour la table `llx_expeditiondet_batch`
--
ALTER TABLE `llx_expeditiondet_batch`
  ADD PRIMARY KEY (`rowid`),
  ADD KEY `idx_fk_expeditiondet` (`fk_expeditiondet`);

--
-- Index pour la table `llx_expensereport`
--
ALTER TABLE `llx_expensereport`
  ADD PRIMARY KEY (`rowid`);

--
-- Index pour la table `llx_expensereport_det`
--
ALTER TABLE `llx_expensereport_det`
  ADD PRIMARY KEY (`rowid`);

--
-- Index pour la table `llx_export_compta`
--
ALTER TABLE `llx_export_compta`
  ADD PRIMARY KEY (`rowid`);

--
-- Index pour la table `llx_export_model`
--
ALTER TABLE `llx_export_model`
  ADD PRIMARY KEY (`rowid`),
  ADD UNIQUE KEY `uk_export_model` (`label`,`type`);

--
-- Index pour la table `llx_extrafields`
--
ALTER TABLE `llx_extrafields`
  ADD PRIMARY KEY (`rowid`),
  ADD UNIQUE KEY `uk_extrafields_name` (`name`,`entity`,`elementtype`);

--
-- Index pour la table `llx_facture`
--
ALTER TABLE `llx_facture`
  ADD PRIMARY KEY (`rowid`),
  ADD UNIQUE KEY `idx_facture_uk_facnumber` (`facnumber`,`entity`),
  ADD KEY `idx_facture_fk_soc` (`fk_soc`),
  ADD KEY `idx_facture_fk_user_author` (`fk_user_author`),
  ADD KEY `idx_facture_fk_user_valid` (`fk_user_valid`),
  ADD KEY `idx_facture_fk_facture_source` (`fk_facture_source`),
  ADD KEY `idx_facture_fk_projet` (`fk_projet`),
  ADD KEY `idx_facture_fk_account` (`fk_account`),
  ADD KEY `idx_facture_fk_currency` (`fk_currency`);

--
-- Index pour la table `llx_facturedet`
--
ALTER TABLE `llx_facturedet`
  ADD PRIMARY KEY (`rowid`),
  ADD UNIQUE KEY `uk_fk_remise_except` (`fk_remise_except`,`fk_facture`),
  ADD KEY `idx_facturedet_fk_facture` (`fk_facture`),
  ADD KEY `idx_facturedet_fk_product` (`fk_product`),
  ADD KEY `fk_facturedet_fk_unit` (`fk_unit`);

--
-- Index pour la table `llx_facturedet_extrafields`
--
ALTER TABLE `llx_facturedet_extrafields`
  ADD PRIMARY KEY (`rowid`),
  ADD KEY `idx_facturedet_extrafields` (`fk_object`);

--
-- Index pour la table `llx_facturedet_rec`
--
ALTER TABLE `llx_facturedet_rec`
  ADD PRIMARY KEY (`rowid`),
  ADD KEY `fk_facturedet_rec_fk_unit` (`fk_unit`);

--
-- Index pour la table `llx_facture_extrafields`
--
ALTER TABLE `llx_facture_extrafields`
  ADD PRIMARY KEY (`rowid`),
  ADD KEY `idx_facture_extrafields` (`fk_object`);

--
-- Index pour la table `llx_facture_fourn`
--
ALTER TABLE `llx_facture_fourn`
  ADD PRIMARY KEY (`rowid`),
  ADD UNIQUE KEY `uk_facture_fourn_ref` (`ref`,`entity`),
  ADD UNIQUE KEY `uk_facture_fourn_ref_supplier` (`ref_supplier`,`fk_soc`,`entity`),
  ADD KEY `idx_facture_fourn_date_lim_reglement` (`date_lim_reglement`),
  ADD KEY `idx_facture_fourn_fk_soc` (`fk_soc`),
  ADD KEY `idx_facture_fourn_fk_user_author` (`fk_user_author`),
  ADD KEY `idx_facture_fourn_fk_user_valid` (`fk_user_valid`),
  ADD KEY `idx_facture_fourn_fk_projet` (`fk_projet`);

--
-- Index pour la table `llx_facture_fourn_det`
--
ALTER TABLE `llx_facture_fourn_det`
  ADD PRIMARY KEY (`rowid`),
  ADD KEY `idx_facture_fourn_det_fk_facture` (`fk_facture_fourn`),
  ADD KEY `fk_facture_fourn_det_fk_unit` (`fk_unit`);

--
-- Index pour la table `llx_facture_fourn_det_extrafields`
--
ALTER TABLE `llx_facture_fourn_det_extrafields`
  ADD PRIMARY KEY (`rowid`),
  ADD KEY `idx_facture_fourn_det_extrafields` (`fk_object`);

--
-- Index pour la table `llx_facture_fourn_extrafields`
--
ALTER TABLE `llx_facture_fourn_extrafields`
  ADD PRIMARY KEY (`rowid`),
  ADD KEY `idx_facture_fourn_extrafields` (`fk_object`);

--
-- Index pour la table `llx_facture_rec`
--
ALTER TABLE `llx_facture_rec`
  ADD PRIMARY KEY (`rowid`),
  ADD UNIQUE KEY `idx_facture_rec_uk_titre` (`titre`,`entity`),
  ADD KEY `idx_facture_rec_fk_soc` (`fk_soc`),
  ADD KEY `idx_facture_rec_fk_user_author` (`fk_user_author`),
  ADD KEY `idx_facture_rec_fk_projet` (`fk_projet`);

--
-- Index pour la table `llx_fichinter`
--
ALTER TABLE `llx_fichinter`
  ADD PRIMARY KEY (`rowid`),
  ADD UNIQUE KEY `uk_fichinter_ref` (`ref`,`entity`),
  ADD KEY `idx_fichinter_fk_soc` (`fk_soc`);

--
-- Index pour la table `llx_fichinterdet`
--
ALTER TABLE `llx_fichinterdet`
  ADD PRIMARY KEY (`rowid`),
  ADD KEY `idx_fichinterdet_fk_fichinter` (`fk_fichinter`);

--
-- Index pour la table `llx_fichinterdet_extrafields`
--
ALTER TABLE `llx_fichinterdet_extrafields`
  ADD PRIMARY KEY (`rowid`),
  ADD KEY `idx_ficheinterdet_extrafields` (`fk_object`);

--
-- Index pour la table `llx_fichinter_extrafields`
--
ALTER TABLE `llx_fichinter_extrafields`
  ADD PRIMARY KEY (`rowid`),
  ADD KEY `idx_ficheinter_extrafields` (`fk_object`);

--
-- Index pour la table `llx_holiday`
--
ALTER TABLE `llx_holiday`
  ADD PRIMARY KEY (`rowid`),
  ADD KEY `idx_holiday_fk_user` (`fk_user`),
  ADD KEY `idx_holiday_fk_user_create` (`fk_user_create`),
  ADD KEY `idx_holiday_date_create` (`date_create`),
  ADD KEY `idx_holiday_date_debut` (`date_debut`),
  ADD KEY `idx_holiday_date_fin` (`date_fin`),
  ADD KEY `idx_holiday_fk_validator` (`fk_validator`);

--
-- Index pour la table `llx_holiday_config`
--
ALTER TABLE `llx_holiday_config`
  ADD PRIMARY KEY (`rowid`),
  ADD UNIQUE KEY `name` (`name`);

--
-- Index pour la table `llx_holiday_events`
--
ALTER TABLE `llx_holiday_events`
  ADD PRIMARY KEY (`rowid`),
  ADD UNIQUE KEY `uk_holiday_name` (`name`,`entity`);

--
-- Index pour la table `llx_holiday_logs`
--
ALTER TABLE `llx_holiday_logs`
  ADD PRIMARY KEY (`rowid`);

--
-- Index pour la table `llx_import_model`
--
ALTER TABLE `llx_import_model`
  ADD PRIMARY KEY (`rowid`),
  ADD UNIQUE KEY `uk_import_model` (`label`,`type`);

--
-- Index pour la table `llx_links`
--
ALTER TABLE `llx_links`
  ADD PRIMARY KEY (`rowid`);

--
-- Index pour la table `llx_livraison`
--
ALTER TABLE `llx_livraison`
  ADD PRIMARY KEY (`rowid`),
  ADD UNIQUE KEY `idx_livraison_uk_ref` (`ref`,`entity`),
  ADD KEY `idx_livraison_fk_soc` (`fk_soc`),
  ADD KEY `idx_livraison_fk_user_author` (`fk_user_author`),
  ADD KEY `idx_livraison_fk_user_valid` (`fk_user_valid`);

--
-- Index pour la table `llx_livraisondet`
--
ALTER TABLE `llx_livraisondet`
  ADD PRIMARY KEY (`rowid`),
  ADD KEY `idx_livraisondet_fk_expedition` (`fk_livraison`);

--
-- Index pour la table `llx_loan`
--
ALTER TABLE `llx_loan`
  ADD PRIMARY KEY (`rowid`);

--
-- Index pour la table `llx_localtax`
--
ALTER TABLE `llx_localtax`
  ADD PRIMARY KEY (`rowid`);

--
-- Index pour la table `llx_mailing`
--
ALTER TABLE `llx_mailing`
  ADD PRIMARY KEY (`rowid`);

--
-- Index pour la table `llx_mailing_cibles`
--
ALTER TABLE `llx_mailing_cibles`
  ADD PRIMARY KEY (`rowid`),
  ADD UNIQUE KEY `uk_mailing_cibles` (`fk_mailing`,`email`),
  ADD KEY `idx_mailing_cibles_email` (`email`);

--
-- Index pour la table `llx_menu`
--
ALTER TABLE `llx_menu`
  ADD PRIMARY KEY (`rowid`),
  ADD UNIQUE KEY `idx_menu_uk_menu` (`menu_handler`,`fk_menu`,`position`,`url`,`entity`),
  ADD KEY `idx_menu_menuhandler_type` (`menu_handler`,`type`);

--
-- Index pour la table `llx_notify`
--
ALTER TABLE `llx_notify`
  ADD PRIMARY KEY (`rowid`);

--
-- Index pour la table `llx_notify_def`
--
ALTER TABLE `llx_notify_def`
  ADD PRIMARY KEY (`rowid`);

--
-- Index pour la table `llx_opensurvey_comments`
--
ALTER TABLE `llx_opensurvey_comments`
  ADD PRIMARY KEY (`id_comment`),
  ADD KEY `idx_id_comment` (`id_comment`),
  ADD KEY `idx_id_sondage` (`id_sondage`);

--
-- Index pour la table `llx_opensurvey_sondage`
--
ALTER TABLE `llx_opensurvey_sondage`
  ADD PRIMARY KEY (`id_sondage`),
  ADD KEY `idx_date_fin` (`date_fin`);

--
-- Index pour la table `llx_opensurvey_user_studs`
--
ALTER TABLE `llx_opensurvey_user_studs`
  ADD PRIMARY KEY (`id_users`),
  ADD KEY `idx_opensurvey_user_studs_id_users` (`id_users`),
  ADD KEY `idx_opensurvey_user_studs_nom` (`nom`),
  ADD KEY `idx_opensurvey_user_studs_id_sondage` (`id_sondage`);

--
-- Index pour la table `llx_paiement`
--
ALTER TABLE `llx_paiement`
  ADD PRIMARY KEY (`rowid`);

--
-- Index pour la table `llx_paiementcharge`
--
ALTER TABLE `llx_paiementcharge`
  ADD PRIMARY KEY (`rowid`);

--
-- Index pour la table `llx_paiementfourn`
--
ALTER TABLE `llx_paiementfourn`
  ADD PRIMARY KEY (`rowid`);

--
-- Index pour la table `llx_paiementfourn_facturefourn`
--
ALTER TABLE `llx_paiementfourn_facturefourn`
  ADD PRIMARY KEY (`rowid`),
  ADD UNIQUE KEY `uk_paiementfourn_facturefourn` (`fk_paiementfourn`,`fk_facturefourn`),
  ADD KEY `idx_paiementfourn_facturefourn_fk_facture` (`fk_facturefourn`),
  ADD KEY `idx_paiementfourn_facturefourn_fk_paiement` (`fk_paiementfourn`);

--
-- Index pour la table `llx_paiement_facture`
--
ALTER TABLE `llx_paiement_facture`
  ADD PRIMARY KEY (`rowid`),
  ADD UNIQUE KEY `uk_paiement_facture` (`fk_paiement`,`fk_facture`),
  ADD KEY `idx_paiement_facture_fk_facture` (`fk_facture`),
  ADD KEY `idx_paiement_facture_fk_paiement` (`fk_paiement`);

--
-- Index pour la table `llx_payment_donation`
--
ALTER TABLE `llx_payment_donation`
  ADD PRIMARY KEY (`rowid`);

--
-- Index pour la table `llx_payment_expensereport`
--
ALTER TABLE `llx_payment_expensereport`
  ADD PRIMARY KEY (`rowid`);

--
-- Index pour la table `llx_payment_loan`
--
ALTER TABLE `llx_payment_loan`
  ADD PRIMARY KEY (`rowid`);

--
-- Index pour la table `llx_payment_salary`
--
ALTER TABLE `llx_payment_salary`
  ADD PRIMARY KEY (`rowid`),
  ADD KEY `idx_payment_salary_ref` (`num_payment`),
  ADD KEY `idx_payment_salary_user` (`fk_user`,`entity`),
  ADD KEY `idx_payment_salary_datep` (`datep`),
  ADD KEY `idx_payment_salary_datesp` (`datesp`),
  ADD KEY `idx_payment_salary_dateep` (`dateep`);

--
-- Index pour la table `llx_prelevement_bons`
--
ALTER TABLE `llx_prelevement_bons`
  ADD PRIMARY KEY (`rowid`),
  ADD UNIQUE KEY `uk_prelevement_bons_ref` (`ref`,`entity`);

--
-- Index pour la table `llx_prelevement_facture`
--
ALTER TABLE `llx_prelevement_facture`
  ADD PRIMARY KEY (`rowid`),
  ADD KEY `idx_prelevement_facture_fk_prelevement_lignes` (`fk_prelevement_lignes`);

--
-- Index pour la table `llx_prelevement_facture_demande`
--
ALTER TABLE `llx_prelevement_facture_demande`
  ADD PRIMARY KEY (`rowid`);

--
-- Index pour la table `llx_prelevement_lignes`
--
ALTER TABLE `llx_prelevement_lignes`
  ADD PRIMARY KEY (`rowid`),
  ADD KEY `idx_prelevement_lignes_fk_prelevement_bons` (`fk_prelevement_bons`);

--
-- Index pour la table `llx_prelevement_rejet`
--
ALTER TABLE `llx_prelevement_rejet`
  ADD PRIMARY KEY (`rowid`);

--
-- Index pour la table `llx_printing`
--
ALTER TABLE `llx_printing`
  ADD PRIMARY KEY (`rowid`);

--
-- Index pour la table `llx_product`
--
ALTER TABLE `llx_product`
  ADD PRIMARY KEY (`rowid`),
  ADD UNIQUE KEY `uk_product_ref` (`ref`,`entity`),
  ADD UNIQUE KEY `uk_product_barcode` (`barcode`,`fk_barcode_type`,`entity`),
  ADD KEY `idx_product_label` (`label`),
  ADD KEY `idx_product_barcode` (`barcode`),
  ADD KEY `idx_product_import_key` (`import_key`),
  ADD KEY `idx_product_seuil_stock_alerte` (`seuil_stock_alerte`),
  ADD KEY `idx_product_fk_country` (`fk_country`),
  ADD KEY `idx_product_fk_user_author` (`fk_user_author`),
  ADD KEY `idx_product_fk_barcode_type` (`fk_barcode_type`),
  ADD KEY `fk_product_fk_unit` (`fk_unit`);

--
-- Index pour la table `llx_product_association`
--
ALTER TABLE `llx_product_association`
  ADD PRIMARY KEY (`rowid`),
  ADD UNIQUE KEY `uk_product_association` (`fk_product_pere`,`fk_product_fils`),
  ADD KEY `idx_product_association_fils` (`fk_product_fils`);

--
-- Index pour la table `llx_product_batch`
--
ALTER TABLE `llx_product_batch`
  ADD PRIMARY KEY (`rowid`),
  ADD KEY `idx_fk_product_stock` (`fk_product_stock`),
  ADD KEY `idx_batch` (`batch`);

--
-- Index pour la table `llx_product_customer_price`
--
ALTER TABLE `llx_product_customer_price`
  ADD PRIMARY KEY (`rowid`),
  ADD UNIQUE KEY `uk_customer_price_fk_product_fk_soc` (`fk_product`,`fk_soc`),
  ADD KEY `idx_product_customer_price_fk_user` (`fk_user`),
  ADD KEY `idx_product_customer_price_fk_soc` (`fk_soc`);

--
-- Index pour la table `llx_product_customer_price_log`
--
ALTER TABLE `llx_product_customer_price_log`
  ADD PRIMARY KEY (`rowid`);

--
-- Index pour la table `llx_product_extrafields`
--
ALTER TABLE `llx_product_extrafields`
  ADD PRIMARY KEY (`rowid`),
  ADD KEY `idx_product_extrafields` (`fk_object`);

--
-- Index pour la table `llx_product_fournisseur_price`
--
ALTER TABLE `llx_product_fournisseur_price`
  ADD PRIMARY KEY (`rowid`),
  ADD UNIQUE KEY `uk_product_fournisseur_price_ref` (`ref_fourn`,`fk_soc`,`quantity`,`entity`),
  ADD KEY `idx_product_fournisseur_price_fk_user` (`fk_user`),
  ADD KEY `idx_product_fourn_price_fk_product` (`fk_product`,`entity`),
  ADD KEY `idx_product_fourn_price_fk_soc` (`fk_soc`,`entity`);

--
-- Index pour la table `llx_product_fournisseur_price_log`
--
ALTER TABLE `llx_product_fournisseur_price_log`
  ADD PRIMARY KEY (`rowid`);

--
-- Index pour la table `llx_product_lang`
--
ALTER TABLE `llx_product_lang`
  ADD PRIMARY KEY (`rowid`),
  ADD UNIQUE KEY `uk_product_lang` (`fk_product`,`lang`);

--
-- Index pour la table `llx_product_price`
--
ALTER TABLE `llx_product_price`
  ADD PRIMARY KEY (`rowid`),
  ADD KEY `idx_product_price_fk_user_author` (`fk_user_author`),
  ADD KEY `idx_product_price_fk_product` (`fk_product`);

--
-- Index pour la table `llx_product_price_by_qty`
--
ALTER TABLE `llx_product_price_by_qty`
  ADD PRIMARY KEY (`rowid`),
  ADD UNIQUE KEY `uk_product_price_by_qty_level` (`fk_product_price`,`quantity`),
  ADD KEY `idx_product_price_by_qty_fk_product_price` (`fk_product_price`);

--
-- Index pour la table `llx_product_stock`
--
ALTER TABLE `llx_product_stock`
  ADD PRIMARY KEY (`rowid`),
  ADD UNIQUE KEY `uk_product_stock` (`fk_product`,`fk_entrepot`),
  ADD KEY `idx_product_stock_fk_product` (`fk_product`),
  ADD KEY `idx_product_stock_fk_entrepot` (`fk_entrepot`);

--
-- Index pour la table `llx_projet`
--
ALTER TABLE `llx_projet`
  ADD PRIMARY KEY (`rowid`),
  ADD UNIQUE KEY `uk_projet_ref` (`ref`,`entity`),
  ADD KEY `idx_projet_fk_soc` (`fk_soc`);

--
-- Index pour la table `llx_projet_extrafields`
--
ALTER TABLE `llx_projet_extrafields`
  ADD PRIMARY KEY (`rowid`),
  ADD KEY `idx_projet_extrafields` (`fk_object`);

--
-- Index pour la table `llx_projet_task`
--
ALTER TABLE `llx_projet_task`
  ADD PRIMARY KEY (`rowid`),
  ADD KEY `idx_projet_task_fk_projet` (`fk_projet`),
  ADD KEY `idx_projet_task_fk_user_creat` (`fk_user_creat`),
  ADD KEY `idx_projet_task_fk_user_valid` (`fk_user_valid`);

--
-- Index pour la table `llx_projet_task_extrafields`
--
ALTER TABLE `llx_projet_task_extrafields`
  ADD PRIMARY KEY (`rowid`),
  ADD KEY `idx_projet_task_extrafields` (`fk_object`);

--
-- Index pour la table `llx_projet_task_time`
--
ALTER TABLE `llx_projet_task_time`
  ADD PRIMARY KEY (`rowid`),
  ADD KEY `idx_projet_task_time_task` (`fk_task`),
  ADD KEY `idx_projet_task_time_date` (`task_date`),
  ADD KEY `idx_projet_task_time_datehour` (`task_datehour`);

--
-- Index pour la table `llx_propal`
--
ALTER TABLE `llx_propal`
  ADD PRIMARY KEY (`rowid`),
  ADD UNIQUE KEY `uk_propal_ref` (`ref`,`entity`),
  ADD KEY `idx_propal_fk_soc` (`fk_soc`),
  ADD KEY `idx_propal_fk_user_author` (`fk_user_author`),
  ADD KEY `idx_propal_fk_user_valid` (`fk_user_valid`),
  ADD KEY `idx_propal_fk_user_cloture` (`fk_user_cloture`),
  ADD KEY `idx_propal_fk_projet` (`fk_projet`),
  ADD KEY `idx_propal_fk_account` (`fk_account`),
  ADD KEY `idx_propal_fk_currency` (`fk_currency`);

--
-- Index pour la table `llx_propaldet`
--
ALTER TABLE `llx_propaldet`
  ADD PRIMARY KEY (`rowid`),
  ADD KEY `idx_propaldet_fk_propal` (`fk_propal`),
  ADD KEY `idx_propaldet_fk_product` (`fk_product`),
  ADD KEY `fk_propaldet_fk_unit` (`fk_unit`);

--
-- Index pour la table `llx_propaldet_extrafields`
--
ALTER TABLE `llx_propaldet_extrafields`
  ADD PRIMARY KEY (`rowid`),
  ADD KEY `idx_propaldet_extrafields` (`fk_object`);

--
-- Index pour la table `llx_propal_extrafields`
--
ALTER TABLE `llx_propal_extrafields`
  ADD PRIMARY KEY (`rowid`),
  ADD KEY `idx_propal_extrafields` (`fk_object`);

--
-- Index pour la table `llx_propal_merge_pdf_product`
--
ALTER TABLE `llx_propal_merge_pdf_product`
  ADD PRIMARY KEY (`rowid`);

--
-- Index pour la table `llx_resource`
--
ALTER TABLE `llx_resource`
  ADD PRIMARY KEY (`rowid`),
  ADD KEY `fk_code_type_resource_idx` (`fk_code_type_resource`);

--
-- Index pour la table `llx_rights_def`
--
ALTER TABLE `llx_rights_def`
  ADD PRIMARY KEY (`id`,`entity`);

--
-- Index pour la table `llx_societe`
--
ALTER TABLE `llx_societe`
  ADD PRIMARY KEY (`rowid`),
  ADD UNIQUE KEY `uk_societe_prefix_comm` (`prefix_comm`,`entity`),
  ADD UNIQUE KEY `uk_societe_code_client` (`code_client`,`entity`),
  ADD UNIQUE KEY `uk_societe_code_fournisseur` (`code_fournisseur`,`entity`),
  ADD UNIQUE KEY `uk_societe_barcode` (`barcode`,`fk_barcode_type`,`entity`),
  ADD KEY `idx_societe_user_creat` (`fk_user_creat`),
  ADD KEY `idx_societe_user_modif` (`fk_user_modif`);

--
-- Index pour la table `llx_societe_address`
--
ALTER TABLE `llx_societe_address`
  ADD PRIMARY KEY (`rowid`);

--
-- Index pour la table `llx_societe_commerciaux`
--
ALTER TABLE `llx_societe_commerciaux`
  ADD PRIMARY KEY (`rowid`),
  ADD UNIQUE KEY `uk_societe_commerciaux` (`fk_soc`,`fk_user`);

--
-- Index pour la table `llx_societe_extrafields`
--
ALTER TABLE `llx_societe_extrafields`
  ADD PRIMARY KEY (`rowid`),
  ADD UNIQUE KEY `uk_societe_extrafields` (`fk_object`);

--
-- Index pour la table `llx_societe_log`
--
ALTER TABLE `llx_societe_log`
  ADD PRIMARY KEY (`id`);

--
-- Index pour la table `llx_societe_prices`
--
ALTER TABLE `llx_societe_prices`
  ADD PRIMARY KEY (`rowid`);

--
-- Index pour la table `llx_societe_remise`
--
ALTER TABLE `llx_societe_remise`
  ADD PRIMARY KEY (`rowid`);

--
-- Index pour la table `llx_societe_remise_except`
--
ALTER TABLE `llx_societe_remise_except`
  ADD PRIMARY KEY (`rowid`),
  ADD KEY `idx_societe_remise_except_fk_user` (`fk_user`),
  ADD KEY `idx_societe_remise_except_fk_soc` (`fk_soc`),
  ADD KEY `idx_societe_remise_except_fk_facture_line` (`fk_facture_line`),
  ADD KEY `idx_societe_remise_except_fk_facture` (`fk_facture`),
  ADD KEY `idx_societe_remise_except_fk_facture_source` (`fk_facture_source`);

--
-- Index pour la table `llx_societe_rib`
--
ALTER TABLE `llx_societe_rib`
  ADD PRIMARY KEY (`rowid`);

--
-- Index pour la table `llx_socpeople`
--
ALTER TABLE `llx_socpeople`
  ADD PRIMARY KEY (`rowid`),
  ADD KEY `idx_socpeople_fk_soc` (`fk_soc`),
  ADD KEY `idx_socpeople_fk_user_creat` (`fk_user_creat`);

--
-- Index pour la table `llx_socpeople_extrafields`
--
ALTER TABLE `llx_socpeople_extrafields`
  ADD PRIMARY KEY (`rowid`),
  ADD KEY `idx_socpeople_extrafields` (`fk_object`);

--
-- Index pour la table `llx_stock_mouvement`
--
ALTER TABLE `llx_stock_mouvement`
  ADD PRIMARY KEY (`rowid`),
  ADD KEY `idx_stock_mouvement_fk_product` (`fk_product`),
  ADD KEY `idx_stock_mouvement_fk_entrepot` (`fk_entrepot`);

--
-- Index pour la table `llx_tva`
--
ALTER TABLE `llx_tva`
  ADD PRIMARY KEY (`rowid`);

--
-- Index pour la table `llx_user`
--
ALTER TABLE `llx_user`
  ADD PRIMARY KEY (`rowid`),
  ADD UNIQUE KEY `uk_user_login` (`login`,`entity`),
  ADD UNIQUE KEY `uk_user_fk_socpeople` (`fk_socpeople`),
  ADD UNIQUE KEY `uk_user_fk_member` (`fk_member`),
  ADD UNIQUE KEY `uk_user_api_key` (`api_key`),
  ADD KEY `idx_user_fk_societe` (`fk_soc`);

--
-- Index pour la table `llx_usergroup`
--
ALTER TABLE `llx_usergroup`
  ADD PRIMARY KEY (`rowid`),
  ADD UNIQUE KEY `uk_usergroup_name` (`nom`,`entity`);

--
-- Index pour la table `llx_usergroup_extrafields`
--
ALTER TABLE `llx_usergroup_extrafields`
  ADD PRIMARY KEY (`rowid`),
  ADD KEY `idx_usergroup_extrafields` (`fk_object`);

--
-- Index pour la table `llx_usergroup_rights`
--
ALTER TABLE `llx_usergroup_rights`
  ADD PRIMARY KEY (`rowid`),
  ADD UNIQUE KEY `fk_usergroup` (`fk_usergroup`,`fk_id`);

--
-- Index pour la table `llx_usergroup_user`
--
ALTER TABLE `llx_usergroup_user`
  ADD PRIMARY KEY (`rowid`),
  ADD UNIQUE KEY `uk_usergroup_user` (`entity`,`fk_user`,`fk_usergroup`),
  ADD KEY `fk_usergroup_user_fk_user` (`fk_user`),
  ADD KEY `fk_usergroup_user_fk_usergroup` (`fk_usergroup`);

--
-- Index pour la table `llx_user_alert`
--
ALTER TABLE `llx_user_alert`
  ADD PRIMARY KEY (`rowid`);

--
-- Index pour la table `llx_user_clicktodial`
--
ALTER TABLE `llx_user_clicktodial`
  ADD PRIMARY KEY (`fk_user`);

--
-- Index pour la table `llx_user_extrafields`
--
ALTER TABLE `llx_user_extrafields`
  ADD PRIMARY KEY (`rowid`),
  ADD KEY `idx_user_extrafields` (`fk_object`);

--
-- Index pour la table `llx_user_param`
--
ALTER TABLE `llx_user_param`
  ADD UNIQUE KEY `uk_user_param` (`fk_user`,`param`,`entity`);

--
-- Index pour la table `llx_user_rights`
--
ALTER TABLE `llx_user_rights`
  ADD PRIMARY KEY (`rowid`),
  ADD UNIQUE KEY `uk_user_rights` (`fk_user`,`fk_id`);

--
-- AUTO_INCREMENT pour les tables déchargées
--

--
-- AUTO_INCREMENT pour la table `llx_accountingaccount`
--
ALTER TABLE `llx_accountingaccount`
  MODIFY `rowid` int(11) NOT NULL AUTO_INCREMENT, AUTO_INCREMENT=4785;

--
-- AUTO_INCREMENT pour la table `llx_accountingtransaction`
--
ALTER TABLE `llx_accountingtransaction`
  MODIFY `rowid` int(11) NOT NULL AUTO_INCREMENT;

--
-- AUTO_INCREMENT pour la table `llx_accounting_bookkeeping`
--
ALTER TABLE `llx_accounting_bookkeeping`
  MODIFY `rowid` int(11) NOT NULL AUTO_INCREMENT;

--
-- AUTO_INCREMENT pour la table `llx_accounting_fiscalyear`
--
ALTER TABLE `llx_accounting_fiscalyear`
  MODIFY `rowid` int(11) NOT NULL AUTO_INCREMENT;

--
-- AUTO_INCREMENT pour la table `llx_accounting_system`
--
ALTER TABLE `llx_accounting_system`
  MODIFY `rowid` int(11) NOT NULL AUTO_INCREMENT, AUTO_INCREMENT=5;

--
-- AUTO_INCREMENT pour la table `llx_actioncomm`
--
ALTER TABLE `llx_actioncomm`
  MODIFY `id` int(11) NOT NULL AUTO_INCREMENT;

--
-- AUTO_INCREMENT pour la table `llx_actioncomm_extrafields`
--
ALTER TABLE `llx_actioncomm_extrafields`
  MODIFY `rowid` int(11) NOT NULL AUTO_INCREMENT;

--
-- AUTO_INCREMENT pour la table `llx_actioncomm_resources`
--
ALTER TABLE `llx_actioncomm_resources`
  MODIFY `rowid` int(11) NOT NULL AUTO_INCREMENT;

--
-- AUTO_INCREMENT pour la table `llx_adherent`
--
ALTER TABLE `llx_adherent`
  MODIFY `rowid` int(11) NOT NULL AUTO_INCREMENT;

--
-- AUTO_INCREMENT pour la table `llx_adherent_extrafields`
--
ALTER TABLE `llx_adherent_extrafields`
  MODIFY `rowid` int(11) NOT NULL AUTO_INCREMENT;

--
-- AUTO_INCREMENT pour la table `llx_adherent_type`
--
ALTER TABLE `llx_adherent_type`
  MODIFY `rowid` int(11) NOT NULL AUTO_INCREMENT;

--
-- AUTO_INCREMENT pour la table `llx_adherent_type_extrafields`
--
ALTER TABLE `llx_adherent_type_extrafields`
  MODIFY `rowid` int(11) NOT NULL AUTO_INCREMENT;

--
-- AUTO_INCREMENT pour la table `llx_askpricesupplier`
--
ALTER TABLE `llx_askpricesupplier`
  MODIFY `rowid` int(11) NOT NULL AUTO_INCREMENT;

--
-- AUTO_INCREMENT pour la table `llx_askpricesupplierdet`
--
ALTER TABLE `llx_askpricesupplierdet`
  MODIFY `rowid` int(11) NOT NULL AUTO_INCREMENT;

--
-- AUTO_INCREMENT pour la table `llx_askpricesupplierdet_extrafields`
--
ALTER TABLE `llx_askpricesupplierdet_extrafields`
  MODIFY `rowid` int(11) NOT NULL AUTO_INCREMENT;

--
-- AUTO_INCREMENT pour la table `llx_askpricesupplier_extrafields`
--
ALTER TABLE `llx_askpricesupplier_extrafields`
  MODIFY `rowid` int(11) NOT NULL AUTO_INCREMENT;

--
-- AUTO_INCREMENT pour la table `llx_bank`
--
ALTER TABLE `llx_bank`
  MODIFY `rowid` int(11) NOT NULL AUTO_INCREMENT, AUTO_INCREMENT=36;

--
-- AUTO_INCREMENT pour la table `llx_bank_account`
--
ALTER TABLE `llx_bank_account`
  MODIFY `rowid` int(11) NOT NULL AUTO_INCREMENT, AUTO_INCREMENT=2;

--
-- AUTO_INCREMENT pour la table `llx_bank_account_extrafields`
--
ALTER TABLE `llx_bank_account_extrafields`
  MODIFY `rowid` int(11) NOT NULL AUTO_INCREMENT;

--
-- AUTO_INCREMENT pour la table `llx_bank_categ`
--
ALTER TABLE `llx_bank_categ`
  MODIFY `rowid` int(11) NOT NULL AUTO_INCREMENT;

--
-- AUTO_INCREMENT pour la table `llx_bank_url`
--
ALTER TABLE `llx_bank_url`
  MODIFY `rowid` int(11) NOT NULL AUTO_INCREMENT, AUTO_INCREMENT=69;

--
-- AUTO_INCREMENT pour la table `llx_bookmark`
--
ALTER TABLE `llx_bookmark`
  MODIFY `rowid` int(11) NOT NULL AUTO_INCREMENT;

--
-- AUTO_INCREMENT pour la table `llx_bordereau_cheque`
--
ALTER TABLE `llx_bordereau_cheque`
  MODIFY `rowid` int(11) NOT NULL AUTO_INCREMENT;

--
-- AUTO_INCREMENT pour la table `llx_boxes`
--
ALTER TABLE `llx_boxes`
  MODIFY `rowid` int(11) NOT NULL AUTO_INCREMENT, AUTO_INCREMENT=78;

--
-- AUTO_INCREMENT pour la table `llx_boxes_def`
--
ALTER TABLE `llx_boxes_def`
  MODIFY `rowid` int(11) NOT NULL AUTO_INCREMENT, AUTO_INCREMENT=20;

--
-- AUTO_INCREMENT pour la table `llx_categorie`
--
ALTER TABLE `llx_categorie`
  MODIFY `rowid` int(11) NOT NULL AUTO_INCREMENT;

--
-- AUTO_INCREMENT pour la table `llx_categories_extrafields`
--
ALTER TABLE `llx_categories_extrafields`
  MODIFY `rowid` int(11) NOT NULL AUTO_INCREMENT;

--
-- AUTO_INCREMENT pour la table `llx_categorie_lang`
--
ALTER TABLE `llx_categorie_lang`
  MODIFY `rowid` int(11) NOT NULL AUTO_INCREMENT;

--
-- AUTO_INCREMENT pour la table `llx_chargesociales`
--
ALTER TABLE `llx_chargesociales`
  MODIFY `rowid` int(11) NOT NULL AUTO_INCREMENT;

--
-- AUTO_INCREMENT pour la table `llx_commande`
--
ALTER TABLE `llx_commande`
  MODIFY `rowid` int(11) NOT NULL AUTO_INCREMENT;

--
-- AUTO_INCREMENT pour la table `llx_commandedet`
--
ALTER TABLE `llx_commandedet`
  MODIFY `rowid` int(11) NOT NULL AUTO_INCREMENT;

--
-- AUTO_INCREMENT pour la table `llx_commandedet_extrafields`
--
ALTER TABLE `llx_commandedet_extrafields`
  MODIFY `rowid` int(11) NOT NULL AUTO_INCREMENT;

--
-- AUTO_INCREMENT pour la table `llx_commande_extrafields`
--
ALTER TABLE `llx_commande_extrafields`
  MODIFY `rowid` int(11) NOT NULL AUTO_INCREMENT;

--
-- AUTO_INCREMENT pour la table `llx_commande_fournisseur`
--
ALTER TABLE `llx_commande_fournisseur`
  MODIFY `rowid` int(11) NOT NULL AUTO_INCREMENT;

--
-- AUTO_INCREMENT pour la table `llx_commande_fournisseurdet`
--
ALTER TABLE `llx_commande_fournisseurdet`
  MODIFY `rowid` int(11) NOT NULL AUTO_INCREMENT;

--
-- AUTO_INCREMENT pour la table `llx_commande_fournisseurdet_extrafields`
--
ALTER TABLE `llx_commande_fournisseurdet_extrafields`
  MODIFY `rowid` int(11) NOT NULL AUTO_INCREMENT;

--
-- AUTO_INCREMENT pour la table `llx_commande_fournisseur_dispatch`
--
ALTER TABLE `llx_commande_fournisseur_dispatch`
  MODIFY `rowid` int(11) NOT NULL AUTO_INCREMENT;

--
-- AUTO_INCREMENT pour la table `llx_commande_fournisseur_extrafields`
--
ALTER TABLE `llx_commande_fournisseur_extrafields`
  MODIFY `rowid` int(11) NOT NULL AUTO_INCREMENT;

--
-- AUTO_INCREMENT pour la table `llx_commande_fournisseur_log`
--
ALTER TABLE `llx_commande_fournisseur_log`
  MODIFY `rowid` int(11) NOT NULL AUTO_INCREMENT;

--
-- AUTO_INCREMENT pour la table `llx_const`
--
ALTER TABLE `llx_const`
  MODIFY `rowid` int(11) NOT NULL AUTO_INCREMENT, AUTO_INCREMENT=191;

--
-- AUTO_INCREMENT pour la table `llx_contrat`
--
ALTER TABLE `llx_contrat`
  MODIFY `rowid` int(11) NOT NULL AUTO_INCREMENT;

--
-- AUTO_INCREMENT pour la table `llx_contratdet`
--
ALTER TABLE `llx_contratdet`
  MODIFY `rowid` int(11) NOT NULL AUTO_INCREMENT;

--
-- AUTO_INCREMENT pour la table `llx_contratdet_extrafields`
--
ALTER TABLE `llx_contratdet_extrafields`
  MODIFY `rowid` int(11) NOT NULL AUTO_INCREMENT;

--
-- AUTO_INCREMENT pour la table `llx_contratdet_log`
--
ALTER TABLE `llx_contratdet_log`
  MODIFY `rowid` int(11) NOT NULL AUTO_INCREMENT;

--
-- AUTO_INCREMENT pour la table `llx_contrat_extrafields`
--
ALTER TABLE `llx_contrat_extrafields`
  MODIFY `rowid` int(11) NOT NULL AUTO_INCREMENT;

--
-- AUTO_INCREMENT pour la table `llx_cotisation`
--
ALTER TABLE `llx_cotisation`
  MODIFY `rowid` int(11) NOT NULL AUTO_INCREMENT;

--
-- AUTO_INCREMENT pour la table `llx_cronjob`
--
ALTER TABLE `llx_cronjob`
  MODIFY `rowid` int(11) NOT NULL AUTO_INCREMENT;

--
-- AUTO_INCREMENT pour la table `llx_c_action_trigger`
--
ALTER TABLE `llx_c_action_trigger`
  MODIFY `rowid` int(11) NOT NULL AUTO_INCREMENT, AUTO_INCREMENT=44;

--
-- AUTO_INCREMENT pour la table `llx_c_availability`
--
ALTER TABLE `llx_c_availability`
  MODIFY `rowid` int(11) NOT NULL AUTO_INCREMENT, AUTO_INCREMENT=5;

--
-- AUTO_INCREMENT pour la table `llx_c_barcode_type`
--
ALTER TABLE `llx_c_barcode_type`
  MODIFY `rowid` int(11) NOT NULL AUTO_INCREMENT;

--
-- AUTO_INCREMENT pour la table `llx_c_chargesociales`
--
ALTER TABLE `llx_c_chargesociales`
  MODIFY `id` int(11) NOT NULL AUTO_INCREMENT, AUTO_INCREMENT=231;

--
-- AUTO_INCREMENT pour la table `llx_c_departements`
--
ALTER TABLE `llx_c_departements`
  MODIFY `rowid` int(11) NOT NULL AUTO_INCREMENT, AUTO_INCREMENT=1009;

--
-- AUTO_INCREMENT pour la table `llx_c_ecotaxe`
--
ALTER TABLE `llx_c_ecotaxe`
  MODIFY `rowid` int(11) NOT NULL AUTO_INCREMENT, AUTO_INCREMENT=39;

--
-- AUTO_INCREMENT pour la table `llx_c_email_templates`
--
ALTER TABLE `llx_c_email_templates`
  MODIFY `rowid` int(11) NOT NULL AUTO_INCREMENT;

--
-- AUTO_INCREMENT pour la table `llx_c_field_list`
--
ALTER TABLE `llx_c_field_list`
  MODIFY `rowid` int(11) NOT NULL AUTO_INCREMENT;

--
-- AUTO_INCREMENT pour la table `llx_c_forme_juridique`
--
ALTER TABLE `llx_c_forme_juridique`
  MODIFY `rowid` int(11) NOT NULL AUTO_INCREMENT, AUTO_INCREMENT=193;

--
-- AUTO_INCREMENT pour la table `llx_c_holiday_types`
--
ALTER TABLE `llx_c_holiday_types`
  MODIFY `rowid` int(11) NOT NULL AUTO_INCREMENT, AUTO_INCREMENT=6;

--
-- AUTO_INCREMENT pour la table `llx_c_incoterms`
--
ALTER TABLE `llx_c_incoterms`
  MODIFY `rowid` int(11) NOT NULL AUTO_INCREMENT, AUTO_INCREMENT=12;

--
-- AUTO_INCREMENT pour la table `llx_c_input_method`
--
ALTER TABLE `llx_c_input_method`
  MODIFY `rowid` int(11) NOT NULL AUTO_INCREMENT, AUTO_INCREMENT=6;

--
-- AUTO_INCREMENT pour la table `llx_c_input_reason`
--
ALTER TABLE `llx_c_input_reason`
  MODIFY `rowid` int(11) NOT NULL AUTO_INCREMENT, AUTO_INCREMENT=12;

--
-- AUTO_INCREMENT pour la table `llx_c_lead_status`
--
ALTER TABLE `llx_c_lead_status`
  MODIFY `rowid` int(11) NOT NULL AUTO_INCREMENT, AUTO_INCREMENT=8;

--
-- AUTO_INCREMENT pour la table `llx_c_paper_format`
--
ALTER TABLE `llx_c_paper_format`
  MODIFY `rowid` int(11) NOT NULL AUTO_INCREMENT, AUTO_INCREMENT=226;

--
-- AUTO_INCREMENT pour la table `llx_c_price_expression`
--
ALTER TABLE `llx_c_price_expression`
  MODIFY `rowid` int(11) NOT NULL AUTO_INCREMENT;

--
-- AUTO_INCREMENT pour la table `llx_c_price_global_variable`
--
ALTER TABLE `llx_c_price_global_variable`
  MODIFY `rowid` int(11) NOT NULL AUTO_INCREMENT;

--
-- AUTO_INCREMENT pour la table `llx_c_price_global_variable_updater`
--
ALTER TABLE `llx_c_price_global_variable_updater`
  MODIFY `rowid` int(11) NOT NULL AUTO_INCREMENT;

--
-- AUTO_INCREMENT pour la table `llx_c_regions`
--
ALTER TABLE `llx_c_regions`
  MODIFY `rowid` int(11) NOT NULL AUTO_INCREMENT, AUTO_INCREMENT=186;

--
-- AUTO_INCREMENT pour la table `llx_c_revenuestamp`
--
ALTER TABLE `llx_c_revenuestamp`
  MODIFY `rowid` int(11) NOT NULL AUTO_INCREMENT, AUTO_INCREMENT=102;

--
-- AUTO_INCREMENT pour la table `llx_c_shipment_mode`
--
ALTER TABLE `llx_c_shipment_mode`
  MODIFY `rowid` int(11) NOT NULL AUTO_INCREMENT, AUTO_INCREMENT=9;

--
-- AUTO_INCREMENT pour la table `llx_c_tva`
--
ALTER TABLE `llx_c_tva`
  MODIFY `rowid` int(11) NOT NULL AUTO_INCREMENT, AUTO_INCREMENT=2469;

--
-- AUTO_INCREMENT pour la table `llx_c_type_fees`
--
ALTER TABLE `llx_c_type_fees`
  MODIFY `id` int(11) NOT NULL AUTO_INCREMENT, AUTO_INCREMENT=4;

--
-- AUTO_INCREMENT pour la table `llx_c_type_resource`
--
ALTER TABLE `llx_c_type_resource`
  MODIFY `rowid` int(11) NOT NULL AUTO_INCREMENT;

--
-- AUTO_INCREMENT pour la table `llx_c_units`
--
ALTER TABLE `llx_c_units`
  MODIFY `rowid` int(11) NOT NULL AUTO_INCREMENT, AUTO_INCREMENT=13;

--
-- AUTO_INCREMENT pour la table `llx_c_ziptown`
--
ALTER TABLE `llx_c_ziptown`
  MODIFY `rowid` int(11) NOT NULL AUTO_INCREMENT;

--
-- AUTO_INCREMENT pour la table `llx_deplacement`
--
ALTER TABLE `llx_deplacement`
  MODIFY `rowid` int(11) NOT NULL AUTO_INCREMENT;

--
-- AUTO_INCREMENT pour la table `llx_document_model`
--
ALTER TABLE `llx_document_model`
  MODIFY `rowid` int(11) NOT NULL AUTO_INCREMENT, AUTO_INCREMENT=4;

--
-- AUTO_INCREMENT pour la table `llx_don`
--
ALTER TABLE `llx_don`
  MODIFY `rowid` int(11) NOT NULL AUTO_INCREMENT;

--
-- AUTO_INCREMENT pour la table `llx_don_extrafields`
--
ALTER TABLE `llx_don_extrafields`
  MODIFY `rowid` int(11) NOT NULL AUTO_INCREMENT;

--
-- AUTO_INCREMENT pour la table `llx_ecm_directories`
--
ALTER TABLE `llx_ecm_directories`
  MODIFY `rowid` int(11) NOT NULL AUTO_INCREMENT;

--
-- AUTO_INCREMENT pour la table `llx_element_contact`
--
ALTER TABLE `llx_element_contact`
  MODIFY `rowid` int(11) NOT NULL AUTO_INCREMENT;

--
-- AUTO_INCREMENT pour la table `llx_element_element`
--
ALTER TABLE `llx_element_element`
  MODIFY `rowid` int(11) NOT NULL AUTO_INCREMENT, AUTO_INCREMENT=4;

--
-- AUTO_INCREMENT pour la table `llx_element_lock`
--
ALTER TABLE `llx_element_lock`
  MODIFY `rowid` int(11) NOT NULL AUTO_INCREMENT;

--
-- AUTO_INCREMENT pour la table `llx_element_resources`
--
ALTER TABLE `llx_element_resources`
  MODIFY `rowid` int(11) NOT NULL AUTO_INCREMENT;

--
-- AUTO_INCREMENT pour la table `llx_element_tag`
--
ALTER TABLE `llx_element_tag`
  MODIFY `rowid` int(11) NOT NULL AUTO_INCREMENT;

--
-- AUTO_INCREMENT pour la table `llx_entrepot`
--
ALTER TABLE `llx_entrepot`
  MODIFY `rowid` int(11) NOT NULL AUTO_INCREMENT;

--
-- AUTO_INCREMENT pour la table `llx_events`
--
ALTER TABLE `llx_events`
  MODIFY `rowid` int(11) NOT NULL AUTO_INCREMENT;

--
-- AUTO_INCREMENT pour la table `llx_event_element`
--
ALTER TABLE `llx_event_element`
  MODIFY `rowid` int(11) NOT NULL AUTO_INCREMENT;

--
-- AUTO_INCREMENT pour la table `llx_expedition`
--
ALTER TABLE `llx_expedition`
  MODIFY `rowid` int(11) NOT NULL AUTO_INCREMENT;

--
-- AUTO_INCREMENT pour la table `llx_expeditiondet`
--
ALTER TABLE `llx_expeditiondet`
  MODIFY `rowid` int(11) NOT NULL AUTO_INCREMENT;

--
-- AUTO_INCREMENT pour la table `llx_expeditiondet_batch`
--
ALTER TABLE `llx_expeditiondet_batch`
  MODIFY `rowid` int(11) NOT NULL AUTO_INCREMENT;

--
-- AUTO_INCREMENT pour la table `llx_expensereport`
--
ALTER TABLE `llx_expensereport`
  MODIFY `rowid` int(11) NOT NULL AUTO_INCREMENT;

--
-- AUTO_INCREMENT pour la table `llx_expensereport_det`
--
ALTER TABLE `llx_expensereport_det`
  MODIFY `rowid` int(11) NOT NULL AUTO_INCREMENT;

--
-- AUTO_INCREMENT pour la table `llx_export_compta`
--
ALTER TABLE `llx_export_compta`
  MODIFY `rowid` int(11) NOT NULL AUTO_INCREMENT;

--
-- AUTO_INCREMENT pour la table `llx_export_model`
--
ALTER TABLE `llx_export_model`
  MODIFY `rowid` int(11) NOT NULL AUTO_INCREMENT;

--
-- AUTO_INCREMENT pour la table `llx_extrafields`
--
ALTER TABLE `llx_extrafields`
  MODIFY `rowid` int(11) NOT NULL AUTO_INCREMENT;

--
-- AUTO_INCREMENT pour la table `llx_facture`
--
ALTER TABLE `llx_facture`
  MODIFY `rowid` int(11) NOT NULL AUTO_INCREMENT, AUTO_INCREMENT=78;

--
-- AUTO_INCREMENT pour la table `llx_facturedet`
--
ALTER TABLE `llx_facturedet`
  MODIFY `rowid` int(11) NOT NULL AUTO_INCREMENT, AUTO_INCREMENT=111;

--
-- AUTO_INCREMENT pour la table `llx_facturedet_extrafields`
--
ALTER TABLE `llx_facturedet_extrafields`
  MODIFY `rowid` int(11) NOT NULL AUTO_INCREMENT;

--
-- AUTO_INCREMENT pour la table `llx_facturedet_rec`
--
ALTER TABLE `llx_facturedet_rec`
  MODIFY `rowid` int(11) NOT NULL AUTO_INCREMENT;

--
-- AUTO_INCREMENT pour la table `llx_facture_extrafields`
--
ALTER TABLE `llx_facture_extrafields`
  MODIFY `rowid` int(11) NOT NULL AUTO_INCREMENT;

--
-- AUTO_INCREMENT pour la table `llx_facture_fourn`
--
ALTER TABLE `llx_facture_fourn`
  MODIFY `rowid` int(11) NOT NULL AUTO_INCREMENT;

--
-- AUTO_INCREMENT pour la table `llx_facture_fourn_det`
--
ALTER TABLE `llx_facture_fourn_det`
  MODIFY `rowid` int(11) NOT NULL AUTO_INCREMENT;

--
-- AUTO_INCREMENT pour la table `llx_facture_fourn_det_extrafields`
--
ALTER TABLE `llx_facture_fourn_det_extrafields`
  MODIFY `rowid` int(11) NOT NULL AUTO_INCREMENT;

--
-- AUTO_INCREMENT pour la table `llx_facture_fourn_extrafields`
--
ALTER TABLE `llx_facture_fourn_extrafields`
  MODIFY `rowid` int(11) NOT NULL AUTO_INCREMENT;

--
-- AUTO_INCREMENT pour la table `llx_facture_rec`
--
ALTER TABLE `llx_facture_rec`
  MODIFY `rowid` int(11) NOT NULL AUTO_INCREMENT;

--
-- AUTO_INCREMENT pour la table `llx_fichinter`
--
ALTER TABLE `llx_fichinter`
  MODIFY `rowid` int(11) NOT NULL AUTO_INCREMENT;

--
-- AUTO_INCREMENT pour la table `llx_fichinterdet`
--
ALTER TABLE `llx_fichinterdet`
  MODIFY `rowid` int(11) NOT NULL AUTO_INCREMENT;

--
-- AUTO_INCREMENT pour la table `llx_fichinterdet_extrafields`
--
ALTER TABLE `llx_fichinterdet_extrafields`
  MODIFY `rowid` int(11) NOT NULL AUTO_INCREMENT;

--
-- AUTO_INCREMENT pour la table `llx_fichinter_extrafields`
--
ALTER TABLE `llx_fichinter_extrafields`
  MODIFY `rowid` int(11) NOT NULL AUTO_INCREMENT;

--
-- AUTO_INCREMENT pour la table `llx_holiday`
--
ALTER TABLE `llx_holiday`
  MODIFY `rowid` int(11) NOT NULL AUTO_INCREMENT;

--
-- AUTO_INCREMENT pour la table `llx_holiday_config`
--
ALTER TABLE `llx_holiday_config`
  MODIFY `rowid` int(11) NOT NULL AUTO_INCREMENT, AUTO_INCREMENT=2;

--
-- AUTO_INCREMENT pour la table `llx_holiday_events`
--
ALTER TABLE `llx_holiday_events`
  MODIFY `rowid` int(11) NOT NULL AUTO_INCREMENT;

--
-- AUTO_INCREMENT pour la table `llx_holiday_logs`
--
ALTER TABLE `llx_holiday_logs`
  MODIFY `rowid` int(11) NOT NULL AUTO_INCREMENT;

--
-- AUTO_INCREMENT pour la table `llx_import_model`
--
ALTER TABLE `llx_import_model`
  MODIFY `rowid` int(11) NOT NULL AUTO_INCREMENT;

--
-- AUTO_INCREMENT pour la table `llx_links`
--
ALTER TABLE `llx_links`
  MODIFY `rowid` int(11) NOT NULL AUTO_INCREMENT;

--
-- AUTO_INCREMENT pour la table `llx_livraison`
--
ALTER TABLE `llx_livraison`
  MODIFY `rowid` int(11) NOT NULL AUTO_INCREMENT;

--
-- AUTO_INCREMENT pour la table `llx_livraisondet`
--
ALTER TABLE `llx_livraisondet`
  MODIFY `rowid` int(11) NOT NULL AUTO_INCREMENT;

--
-- AUTO_INCREMENT pour la table `llx_loan`
--
ALTER TABLE `llx_loan`
  MODIFY `rowid` int(11) NOT NULL AUTO_INCREMENT;

--
-- AUTO_INCREMENT pour la table `llx_localtax`
--
ALTER TABLE `llx_localtax`
  MODIFY `rowid` int(11) NOT NULL AUTO_INCREMENT;

--
-- AUTO_INCREMENT pour la table `llx_mailing`
--
ALTER TABLE `llx_mailing`
  MODIFY `rowid` int(11) NOT NULL AUTO_INCREMENT;

--
-- AUTO_INCREMENT pour la table `llx_mailing_cibles`
--
ALTER TABLE `llx_mailing_cibles`
  MODIFY `rowid` int(11) NOT NULL AUTO_INCREMENT;

--
-- AUTO_INCREMENT pour la table `llx_menu`
--
ALTER TABLE `llx_menu`
  MODIFY `rowid` int(11) NOT NULL AUTO_INCREMENT;

--
-- AUTO_INCREMENT pour la table `llx_notify`
--
ALTER TABLE `llx_notify`
  MODIFY `rowid` int(11) NOT NULL AUTO_INCREMENT;

--
-- AUTO_INCREMENT pour la table `llx_notify_def`
--
ALTER TABLE `llx_notify_def`
  MODIFY `rowid` int(11) NOT NULL AUTO_INCREMENT;

--
-- AUTO_INCREMENT pour la table `llx_opensurvey_comments`
--
ALTER TABLE `llx_opensurvey_comments`
  MODIFY `id_comment` int(10) UNSIGNED NOT NULL AUTO_INCREMENT;

--
-- AUTO_INCREMENT pour la table `llx_opensurvey_user_studs`
--
ALTER TABLE `llx_opensurvey_user_studs`
  MODIFY `id_users` int(11) NOT NULL AUTO_INCREMENT;

--
-- AUTO_INCREMENT pour la table `llx_paiement`
--
ALTER TABLE `llx_paiement`
  MODIFY `rowid` int(11) NOT NULL AUTO_INCREMENT, AUTO_INCREMENT=35;

--
-- AUTO_INCREMENT pour la table `llx_paiementcharge`
--
ALTER TABLE `llx_paiementcharge`
  MODIFY `rowid` int(11) NOT NULL AUTO_INCREMENT;

--
-- AUTO_INCREMENT pour la table `llx_paiementfourn`
--
ALTER TABLE `llx_paiementfourn`
  MODIFY `rowid` int(11) NOT NULL AUTO_INCREMENT;

--
-- AUTO_INCREMENT pour la table `llx_paiementfourn_facturefourn`
--
ALTER TABLE `llx_paiementfourn_facturefourn`
  MODIFY `rowid` int(11) NOT NULL AUTO_INCREMENT;

--
-- AUTO_INCREMENT pour la table `llx_paiement_facture`
--
ALTER TABLE `llx_paiement_facture`
  MODIFY `rowid` int(11) NOT NULL AUTO_INCREMENT, AUTO_INCREMENT=45;

--
-- AUTO_INCREMENT pour la table `llx_payment_donation`
--
ALTER TABLE `llx_payment_donation`
  MODIFY `rowid` int(11) NOT NULL AUTO_INCREMENT;

--
-- AUTO_INCREMENT pour la table `llx_payment_expensereport`
--
ALTER TABLE `llx_payment_expensereport`
  MODIFY `rowid` int(11) NOT NULL AUTO_INCREMENT;

--
-- AUTO_INCREMENT pour la table `llx_payment_loan`
--
ALTER TABLE `llx_payment_loan`
  MODIFY `rowid` int(11) NOT NULL AUTO_INCREMENT;

--
-- AUTO_INCREMENT pour la table `llx_payment_salary`
--
ALTER TABLE `llx_payment_salary`
  MODIFY `rowid` int(11) NOT NULL AUTO_INCREMENT;

--
-- AUTO_INCREMENT pour la table `llx_prelevement_bons`
--
ALTER TABLE `llx_prelevement_bons`
  MODIFY `rowid` int(11) NOT NULL AUTO_INCREMENT;

--
-- AUTO_INCREMENT pour la table `llx_prelevement_facture`
--
ALTER TABLE `llx_prelevement_facture`
  MODIFY `rowid` int(11) NOT NULL AUTO_INCREMENT;

--
-- AUTO_INCREMENT pour la table `llx_prelevement_facture_demande`
--
ALTER TABLE `llx_prelevement_facture_demande`
  MODIFY `rowid` int(11) NOT NULL AUTO_INCREMENT;

--
-- AUTO_INCREMENT pour la table `llx_prelevement_lignes`
--
ALTER TABLE `llx_prelevement_lignes`
  MODIFY `rowid` int(11) NOT NULL AUTO_INCREMENT;

--
-- AUTO_INCREMENT pour la table `llx_prelevement_rejet`
--
ALTER TABLE `llx_prelevement_rejet`
  MODIFY `rowid` int(11) NOT NULL AUTO_INCREMENT;

--
-- AUTO_INCREMENT pour la table `llx_printing`
--
ALTER TABLE `llx_printing`
  MODIFY `rowid` int(11) NOT NULL AUTO_INCREMENT;

--
-- AUTO_INCREMENT pour la table `llx_product`
--
ALTER TABLE `llx_product`
  MODIFY `rowid` int(11) NOT NULL AUTO_INCREMENT, AUTO_INCREMENT=2;

--
-- AUTO_INCREMENT pour la table `llx_product_association`
--
ALTER TABLE `llx_product_association`
  MODIFY `rowid` int(11) NOT NULL AUTO_INCREMENT;

--
-- AUTO_INCREMENT pour la table `llx_product_batch`
--
ALTER TABLE `llx_product_batch`
  MODIFY `rowid` int(11) NOT NULL AUTO_INCREMENT;

--
-- AUTO_INCREMENT pour la table `llx_product_customer_price`
--
ALTER TABLE `llx_product_customer_price`
  MODIFY `rowid` int(11) NOT NULL AUTO_INCREMENT;

--
-- AUTO_INCREMENT pour la table `llx_product_customer_price_log`
--
ALTER TABLE `llx_product_customer_price_log`
  MODIFY `rowid` int(11) NOT NULL AUTO_INCREMENT;

--
-- AUTO_INCREMENT pour la table `llx_product_extrafields`
--
ALTER TABLE `llx_product_extrafields`
  MODIFY `rowid` int(11) NOT NULL AUTO_INCREMENT;

--
-- AUTO_INCREMENT pour la table `llx_product_fournisseur_price`
--
ALTER TABLE `llx_product_fournisseur_price`
  MODIFY `rowid` int(11) NOT NULL AUTO_INCREMENT;

--
-- AUTO_INCREMENT pour la table `llx_product_fournisseur_price_log`
--
ALTER TABLE `llx_product_fournisseur_price_log`
  MODIFY `rowid` int(11) NOT NULL AUTO_INCREMENT;

--
-- AUTO_INCREMENT pour la table `llx_product_lang`
--
ALTER TABLE `llx_product_lang`
  MODIFY `rowid` int(11) NOT NULL AUTO_INCREMENT;

--
-- AUTO_INCREMENT pour la table `llx_product_price`
--
ALTER TABLE `llx_product_price`
  MODIFY `rowid` int(11) NOT NULL AUTO_INCREMENT, AUTO_INCREMENT=2;

--
-- AUTO_INCREMENT pour la table `llx_product_price_by_qty`
--
ALTER TABLE `llx_product_price_by_qty`
  MODIFY `rowid` int(11) NOT NULL AUTO_INCREMENT;

--
-- AUTO_INCREMENT pour la table `llx_product_stock`
--
ALTER TABLE `llx_product_stock`
  MODIFY `rowid` int(11) NOT NULL AUTO_INCREMENT;

--
-- AUTO_INCREMENT pour la table `llx_projet`
--
ALTER TABLE `llx_projet`
  MODIFY `rowid` int(11) NOT NULL AUTO_INCREMENT;

--
-- AUTO_INCREMENT pour la table `llx_projet_extrafields`
--
ALTER TABLE `llx_projet_extrafields`
  MODIFY `rowid` int(11) NOT NULL AUTO_INCREMENT;

--
-- AUTO_INCREMENT pour la table `llx_projet_task`
--
ALTER TABLE `llx_projet_task`
  MODIFY `rowid` int(11) NOT NULL AUTO_INCREMENT;

--
-- AUTO_INCREMENT pour la table `llx_projet_task_extrafields`
--
ALTER TABLE `llx_projet_task_extrafields`
  MODIFY `rowid` int(11) NOT NULL AUTO_INCREMENT;

--
-- AUTO_INCREMENT pour la table `llx_projet_task_time`
--
ALTER TABLE `llx_projet_task_time`
  MODIFY `rowid` int(11) NOT NULL AUTO_INCREMENT;

--
-- AUTO_INCREMENT pour la table `llx_propal`
--
ALTER TABLE `llx_propal`
  MODIFY `rowid` int(11) NOT NULL AUTO_INCREMENT, AUTO_INCREMENT=111;

--
-- AUTO_INCREMENT pour la table `llx_propaldet`
--
ALTER TABLE `llx_propaldet`
  MODIFY `rowid` int(11) NOT NULL AUTO_INCREMENT, AUTO_INCREMENT=1157;

--
-- AUTO_INCREMENT pour la table `llx_propaldet_extrafields`
--
ALTER TABLE `llx_propaldet_extrafields`
  MODIFY `rowid` int(11) NOT NULL AUTO_INCREMENT;

--
-- AUTO_INCREMENT pour la table `llx_propal_extrafields`
--
ALTER TABLE `llx_propal_extrafields`
  MODIFY `rowid` int(11) NOT NULL AUTO_INCREMENT;

--
-- AUTO_INCREMENT pour la table `llx_propal_merge_pdf_product`
--
ALTER TABLE `llx_propal_merge_pdf_product`
  MODIFY `rowid` int(11) NOT NULL AUTO_INCREMENT;

--
-- AUTO_INCREMENT pour la table `llx_resource`
--
ALTER TABLE `llx_resource`
  MODIFY `rowid` int(11) NOT NULL AUTO_INCREMENT;

--
-- AUTO_INCREMENT pour la table `llx_societe`
--
ALTER TABLE `llx_societe`
  MODIFY `rowid` int(11) NOT NULL AUTO_INCREMENT, AUTO_INCREMENT=99;

--
-- AUTO_INCREMENT pour la table `llx_societe_address`
--
ALTER TABLE `llx_societe_address`
  MODIFY `rowid` int(11) NOT NULL AUTO_INCREMENT;

--
-- AUTO_INCREMENT pour la table `llx_societe_commerciaux`
--
ALTER TABLE `llx_societe_commerciaux`
  MODIFY `rowid` int(11) NOT NULL AUTO_INCREMENT, AUTO_INCREMENT=99;

--
-- AUTO_INCREMENT pour la table `llx_societe_extrafields`
--
ALTER TABLE `llx_societe_extrafields`
  MODIFY `rowid` int(11) NOT NULL AUTO_INCREMENT;

--
-- AUTO_INCREMENT pour la table `llx_societe_log`
--
ALTER TABLE `llx_societe_log`
  MODIFY `id` int(11) NOT NULL AUTO_INCREMENT;

--
-- AUTO_INCREMENT pour la table `llx_societe_prices`
--
ALTER TABLE `llx_societe_prices`
  MODIFY `rowid` int(11) NOT NULL AUTO_INCREMENT;

--
-- AUTO_INCREMENT pour la table `llx_societe_remise`
--
ALTER TABLE `llx_societe_remise`
  MODIFY `rowid` int(11) NOT NULL AUTO_INCREMENT;

--
-- AUTO_INCREMENT pour la table `llx_societe_remise_except`
--
ALTER TABLE `llx_societe_remise_except`
  MODIFY `rowid` int(11) NOT NULL AUTO_INCREMENT;

--
-- AUTO_INCREMENT pour la table `llx_societe_rib`
--
ALTER TABLE `llx_societe_rib`
  MODIFY `rowid` int(11) NOT NULL AUTO_INCREMENT;

--
-- AUTO_INCREMENT pour la table `llx_socpeople`
--
ALTER TABLE `llx_socpeople`
  MODIFY `rowid` int(11) NOT NULL AUTO_INCREMENT, AUTO_INCREMENT=3;

--
-- AUTO_INCREMENT pour la table `llx_socpeople_extrafields`
--
ALTER TABLE `llx_socpeople_extrafields`
  MODIFY `rowid` int(11) NOT NULL AUTO_INCREMENT;

--
-- AUTO_INCREMENT pour la table `llx_stock_mouvement`
--
ALTER TABLE `llx_stock_mouvement`
  MODIFY `rowid` int(11) NOT NULL AUTO_INCREMENT;

--
-- AUTO_INCREMENT pour la table `llx_tva`
--
ALTER TABLE `llx_tva`
  MODIFY `rowid` int(11) NOT NULL AUTO_INCREMENT;

--
-- AUTO_INCREMENT pour la table `llx_user`
--
ALTER TABLE `llx_user`
  MODIFY `rowid` int(11) NOT NULL AUTO_INCREMENT, AUTO_INCREMENT=4;

--
-- AUTO_INCREMENT pour la table `llx_usergroup`
--
ALTER TABLE `llx_usergroup`
  MODIFY `rowid` int(11) NOT NULL AUTO_INCREMENT;

--
-- AUTO_INCREMENT pour la table `llx_usergroup_extrafields`
--
ALTER TABLE `llx_usergroup_extrafields`
  MODIFY `rowid` int(11) NOT NULL AUTO_INCREMENT;

--
-- AUTO_INCREMENT pour la table `llx_usergroup_rights`
--
ALTER TABLE `llx_usergroup_rights`
  MODIFY `rowid` int(11) NOT NULL AUTO_INCREMENT;

--
-- AUTO_INCREMENT pour la table `llx_usergroup_user`
--
ALTER TABLE `llx_usergroup_user`
  MODIFY `rowid` int(11) NOT NULL AUTO_INCREMENT;

--
-- AUTO_INCREMENT pour la table `llx_user_alert`
--
ALTER TABLE `llx_user_alert`
  MODIFY `rowid` int(11) NOT NULL AUTO_INCREMENT;

--
-- AUTO_INCREMENT pour la table `llx_user_extrafields`
--
ALTER TABLE `llx_user_extrafields`
  MODIFY `rowid` int(11) NOT NULL AUTO_INCREMENT;

--
-- AUTO_INCREMENT pour la table `llx_user_rights`
--
ALTER TABLE `llx_user_rights`
  MODIFY `rowid` int(11) NOT NULL AUTO_INCREMENT, AUTO_INCREMENT=307;

--
-- Contraintes pour les tables déchargées
--

--
-- Contraintes pour la table `llx_accountingaccount`
--
ALTER TABLE `llx_accountingaccount`
  ADD CONSTRAINT `fk_accountingaccount_fk_pcg_version` FOREIGN KEY (`fk_pcg_version`) REFERENCES `llx_accounting_system` (`pcg_version`);

--
-- Contraintes pour la table `llx_adherent`
--
ALTER TABLE `llx_adherent`
  ADD CONSTRAINT `adherent_fk_soc` FOREIGN KEY (`fk_soc`) REFERENCES `llx_societe` (`rowid`),
  ADD CONSTRAINT `fk_adherent_adherent_type` FOREIGN KEY (`fk_adherent_type`) REFERENCES `llx_adherent_type` (`rowid`);

--
-- Contraintes pour la table `llx_boxes`
--
ALTER TABLE `llx_boxes`
  ADD CONSTRAINT `fk_boxes_box_id` FOREIGN KEY (`box_id`) REFERENCES `llx_boxes_def` (`rowid`);

--
-- Contraintes pour la table `llx_categorie_contact`
--
ALTER TABLE `llx_categorie_contact`
  ADD CONSTRAINT `fk_categorie_contact_categorie_rowid` FOREIGN KEY (`fk_categorie`) REFERENCES `llx_categorie` (`rowid`),
  ADD CONSTRAINT `fk_categorie_contact_fk_socpeople` FOREIGN KEY (`fk_socpeople`) REFERENCES `llx_socpeople` (`rowid`);

--
-- Contraintes pour la table `llx_categorie_fournisseur`
--
ALTER TABLE `llx_categorie_fournisseur`
  ADD CONSTRAINT `fk_categorie_fournisseur_categorie_rowid` FOREIGN KEY (`fk_categorie`) REFERENCES `llx_categorie` (`rowid`),
  ADD CONSTRAINT `fk_categorie_fournisseur_fk_soc` FOREIGN KEY (`fk_soc`) REFERENCES `llx_societe` (`rowid`);

--
-- Contraintes pour la table `llx_categorie_lang`
--
ALTER TABLE `llx_categorie_lang`
  ADD CONSTRAINT `fk_category_lang_fk_category` FOREIGN KEY (`fk_category`) REFERENCES `llx_categorie` (`rowid`);

--
-- Contraintes pour la table `llx_categorie_member`
--
ALTER TABLE `llx_categorie_member`
  ADD CONSTRAINT `fk_categorie_member_categorie_rowid` FOREIGN KEY (`fk_categorie`) REFERENCES `llx_categorie` (`rowid`),
  ADD CONSTRAINT `fk_categorie_member_member_rowid` FOREIGN KEY (`fk_member`) REFERENCES `llx_adherent` (`rowid`);

--
-- Contraintes pour la table `llx_categorie_product`
--
ALTER TABLE `llx_categorie_product`
  ADD CONSTRAINT `fk_categorie_product_categorie_rowid` FOREIGN KEY (`fk_categorie`) REFERENCES `llx_categorie` (`rowid`),
  ADD CONSTRAINT `fk_categorie_product_product_rowid` FOREIGN KEY (`fk_product`) REFERENCES `llx_product` (`rowid`);

--
-- Contraintes pour la table `llx_categorie_societe`
--
ALTER TABLE `llx_categorie_societe`
  ADD CONSTRAINT `fk_categorie_societe_categorie_rowid` FOREIGN KEY (`fk_categorie`) REFERENCES `llx_categorie` (`rowid`),
  ADD CONSTRAINT `fk_categorie_societe_fk_soc` FOREIGN KEY (`fk_soc`) REFERENCES `llx_societe` (`rowid`);

--
-- Contraintes pour la table `llx_commande`
--
ALTER TABLE `llx_commande`
  ADD CONSTRAINT `fk_commande_fk_projet` FOREIGN KEY (`fk_projet`) REFERENCES `llx_projet` (`rowid`),
  ADD CONSTRAINT `fk_commande_fk_soc` FOREIGN KEY (`fk_soc`) REFERENCES `llx_societe` (`rowid`),
  ADD CONSTRAINT `fk_commande_fk_user_author` FOREIGN KEY (`fk_user_author`) REFERENCES `llx_user` (`rowid`),
  ADD CONSTRAINT `fk_commande_fk_user_cloture` FOREIGN KEY (`fk_user_cloture`) REFERENCES `llx_user` (`rowid`),
  ADD CONSTRAINT `fk_commande_fk_user_valid` FOREIGN KEY (`fk_user_valid`) REFERENCES `llx_user` (`rowid`);

--
-- Contraintes pour la table `llx_commandedet`
--
ALTER TABLE `llx_commandedet`
  ADD CONSTRAINT `fk_commandedet_fk_commande` FOREIGN KEY (`fk_commande`) REFERENCES `llx_commande` (`rowid`),
  ADD CONSTRAINT `fk_commandedet_fk_unit` FOREIGN KEY (`fk_unit`) REFERENCES `llx_c_units` (`rowid`);

--
-- Contraintes pour la table `llx_commande_fournisseur`
--
ALTER TABLE `llx_commande_fournisseur`
  ADD CONSTRAINT `fk_commande_fournisseur_fk_soc` FOREIGN KEY (`fk_soc`) REFERENCES `llx_societe` (`rowid`);

--
-- Contraintes pour la table `llx_commande_fournisseurdet`
--
ALTER TABLE `llx_commande_fournisseurdet`
  ADD CONSTRAINT `fk_commande_fournisseurdet_fk_unit` FOREIGN KEY (`fk_unit`) REFERENCES `llx_c_units` (`rowid`);

--
-- Contraintes pour la table `llx_contrat`
--
ALTER TABLE `llx_contrat`
  ADD CONSTRAINT `fk_contrat_fk_soc` FOREIGN KEY (`fk_soc`) REFERENCES `llx_societe` (`rowid`),
  ADD CONSTRAINT `fk_contrat_user_author` FOREIGN KEY (`fk_user_author`) REFERENCES `llx_user` (`rowid`);

--
-- Contraintes pour la table `llx_contratdet`
--
ALTER TABLE `llx_contratdet`
  ADD CONSTRAINT `fk_contratdet_fk_contrat` FOREIGN KEY (`fk_contrat`) REFERENCES `llx_contrat` (`rowid`),
  ADD CONSTRAINT `fk_contratdet_fk_product` FOREIGN KEY (`fk_product`) REFERENCES `llx_product` (`rowid`),
  ADD CONSTRAINT `fk_contratdet_fk_unit` FOREIGN KEY (`fk_unit`) REFERENCES `llx_c_units` (`rowid`);

--
-- Contraintes pour la table `llx_contratdet_log`
--
ALTER TABLE `llx_contratdet_log`
  ADD CONSTRAINT `fk_contratdet_log_fk_contratdet` FOREIGN KEY (`fk_contratdet`) REFERENCES `llx_contratdet` (`rowid`);

--
-- Contraintes pour la table `llx_c_departements`
--
ALTER TABLE `llx_c_departements`
  ADD CONSTRAINT `fk_departements_fk_region` FOREIGN KEY (`fk_region`) REFERENCES `llx_c_regions` (`code_region`);

--
-- Contraintes pour la table `llx_c_regions`
--
ALTER TABLE `llx_c_regions`
  ADD CONSTRAINT `fk_c_regions_fk_pays` FOREIGN KEY (`fk_pays`) REFERENCES `llx_c_country` (`rowid`);

--
-- Contraintes pour la table `llx_c_ziptown`
--
ALTER TABLE `llx_c_ziptown`
  ADD CONSTRAINT `fk_c_ziptown_fk_county` FOREIGN KEY (`fk_county`) REFERENCES `llx_c_departements` (`rowid`),
  ADD CONSTRAINT `fk_c_ziptown_fk_pays` FOREIGN KEY (`fk_pays`) REFERENCES `llx_c_country` (`rowid`);

--
-- Contraintes pour la table `llx_ecm_directories`
--
ALTER TABLE `llx_ecm_directories`
  ADD CONSTRAINT `fk_ecm_directories_fk_user_c` FOREIGN KEY (`fk_user_c`) REFERENCES `llx_user` (`rowid`),
  ADD CONSTRAINT `fk_ecm_directories_fk_user_m` FOREIGN KEY (`fk_user_m`) REFERENCES `llx_user` (`rowid`);

--
-- Contraintes pour la table `llx_element_contact`
--
ALTER TABLE `llx_element_contact`
  ADD CONSTRAINT `fk_element_contact_fk_c_type_contact` FOREIGN KEY (`fk_c_type_contact`) REFERENCES `llx_c_type_contact` (`rowid`);

--
-- Contraintes pour la table `llx_expedition`
--
ALTER TABLE `llx_expedition`
  ADD CONSTRAINT `fk_expedition_fk_shipping_method` FOREIGN KEY (`fk_shipping_method`) REFERENCES `llx_c_shipment_mode` (`rowid`),
  ADD CONSTRAINT `fk_expedition_fk_soc` FOREIGN KEY (`fk_soc`) REFERENCES `llx_societe` (`rowid`),
  ADD CONSTRAINT `fk_expedition_fk_user_author` FOREIGN KEY (`fk_user_author`) REFERENCES `llx_user` (`rowid`),
  ADD CONSTRAINT `fk_expedition_fk_user_valid` FOREIGN KEY (`fk_user_valid`) REFERENCES `llx_user` (`rowid`);

--
-- Contraintes pour la table `llx_expeditiondet`
--
ALTER TABLE `llx_expeditiondet`
  ADD CONSTRAINT `fk_expeditiondet_fk_expedition` FOREIGN KEY (`fk_expedition`) REFERENCES `llx_expedition` (`rowid`);

--
-- Contraintes pour la table `llx_expeditiondet_batch`
--
ALTER TABLE `llx_expeditiondet_batch`
  ADD CONSTRAINT `fk_expeditiondet_batch_fk_expeditiondet` FOREIGN KEY (`fk_expeditiondet`) REFERENCES `llx_expeditiondet` (`rowid`);

--
-- Contraintes pour la table `llx_facture`
--
ALTER TABLE `llx_facture`
  ADD CONSTRAINT `fk_facture_fk_facture_source` FOREIGN KEY (`fk_facture_source`) REFERENCES `llx_facture` (`rowid`),
  ADD CONSTRAINT `fk_facture_fk_projet` FOREIGN KEY (`fk_projet`) REFERENCES `llx_projet` (`rowid`),
  ADD CONSTRAINT `fk_facture_fk_soc` FOREIGN KEY (`fk_soc`) REFERENCES `llx_societe` (`rowid`),
  ADD CONSTRAINT `fk_facture_fk_user_author` FOREIGN KEY (`fk_user_author`) REFERENCES `llx_user` (`rowid`),
  ADD CONSTRAINT `fk_facture_fk_user_valid` FOREIGN KEY (`fk_user_valid`) REFERENCES `llx_user` (`rowid`);

--
-- Contraintes pour la table `llx_facturedet`
--
ALTER TABLE `llx_facturedet`
  ADD CONSTRAINT `fk_facturedet_fk_facture` FOREIGN KEY (`fk_facture`) REFERENCES `llx_facture` (`rowid`),
  ADD CONSTRAINT `fk_facturedet_fk_unit` FOREIGN KEY (`fk_unit`) REFERENCES `llx_c_units` (`rowid`);

--
-- Contraintes pour la table `llx_facturedet_rec`
--
ALTER TABLE `llx_facturedet_rec`
  ADD CONSTRAINT `fk_facturedet_rec_fk_unit` FOREIGN KEY (`fk_unit`) REFERENCES `llx_c_units` (`rowid`);

--
-- Contraintes pour la table `llx_facture_fourn`
--
ALTER TABLE `llx_facture_fourn`
  ADD CONSTRAINT `fk_facture_fourn_fk_projet` FOREIGN KEY (`fk_projet`) REFERENCES `llx_projet` (`rowid`),
  ADD CONSTRAINT `fk_facture_fourn_fk_soc` FOREIGN KEY (`fk_soc`) REFERENCES `llx_societe` (`rowid`),
  ADD CONSTRAINT `fk_facture_fourn_fk_user_author` FOREIGN KEY (`fk_user_author`) REFERENCES `llx_user` (`rowid`),
  ADD CONSTRAINT `fk_facture_fourn_fk_user_valid` FOREIGN KEY (`fk_user_valid`) REFERENCES `llx_user` (`rowid`);

--
-- Contraintes pour la table `llx_facture_fourn_det`
--
ALTER TABLE `llx_facture_fourn_det`
  ADD CONSTRAINT `fk_facture_fourn_det_fk_facture` FOREIGN KEY (`fk_facture_fourn`) REFERENCES `llx_facture_fourn` (`rowid`),
  ADD CONSTRAINT `fk_facture_fourn_det_fk_unit` FOREIGN KEY (`fk_unit`) REFERENCES `llx_c_units` (`rowid`);

--
-- Contraintes pour la table `llx_facture_rec`
--
ALTER TABLE `llx_facture_rec`
  ADD CONSTRAINT `fk_facture_rec_fk_projet` FOREIGN KEY (`fk_projet`) REFERENCES `llx_projet` (`rowid`),
  ADD CONSTRAINT `fk_facture_rec_fk_soc` FOREIGN KEY (`fk_soc`) REFERENCES `llx_societe` (`rowid`),
  ADD CONSTRAINT `fk_facture_rec_fk_user_author` FOREIGN KEY (`fk_user_author`) REFERENCES `llx_user` (`rowid`);

--
-- Contraintes pour la table `llx_fichinter`
--
ALTER TABLE `llx_fichinter`
  ADD CONSTRAINT `fk_fichinter_fk_soc` FOREIGN KEY (`fk_soc`) REFERENCES `llx_societe` (`rowid`);

--
-- Contraintes pour la table `llx_fichinterdet`
--
ALTER TABLE `llx_fichinterdet`
  ADD CONSTRAINT `fk_fichinterdet_fk_fichinter` FOREIGN KEY (`fk_fichinter`) REFERENCES `llx_fichinter` (`rowid`);

--
-- Contraintes pour la table `llx_livraison`
--
ALTER TABLE `llx_livraison`
  ADD CONSTRAINT `fk_livraison_fk_soc` FOREIGN KEY (`fk_soc`) REFERENCES `llx_societe` (`rowid`),
  ADD CONSTRAINT `fk_livraison_fk_user_author` FOREIGN KEY (`fk_user_author`) REFERENCES `llx_user` (`rowid`),
  ADD CONSTRAINT `fk_livraison_fk_user_valid` FOREIGN KEY (`fk_user_valid`) REFERENCES `llx_user` (`rowid`);

--
-- Contraintes pour la table `llx_livraisondet`
--
ALTER TABLE `llx_livraisondet`
  ADD CONSTRAINT `fk_livraisondet_fk_livraison` FOREIGN KEY (`fk_livraison`) REFERENCES `llx_livraison` (`rowid`);

--
-- Contraintes pour la table `llx_paiement_facture`
--
ALTER TABLE `llx_paiement_facture`
  ADD CONSTRAINT `fk_paiement_facture_fk_facture` FOREIGN KEY (`fk_facture`) REFERENCES `llx_facture` (`rowid`),
  ADD CONSTRAINT `fk_paiement_facture_fk_paiement` FOREIGN KEY (`fk_paiement`) REFERENCES `llx_paiement` (`rowid`);

--
-- Contraintes pour la table `llx_payment_salary`
--
ALTER TABLE `llx_payment_salary`
  ADD CONSTRAINT `fk_payment_salary_user` FOREIGN KEY (`fk_user`) REFERENCES `llx_user` (`rowid`);

--
-- Contraintes pour la table `llx_prelevement_facture`
--
ALTER TABLE `llx_prelevement_facture`
  ADD CONSTRAINT `fk_prelevement_facture_fk_prelevement_lignes` FOREIGN KEY (`fk_prelevement_lignes`) REFERENCES `llx_prelevement_lignes` (`rowid`);

--
-- Contraintes pour la table `llx_prelevement_lignes`
--
ALTER TABLE `llx_prelevement_lignes`
  ADD CONSTRAINT `fk_prelevement_lignes_fk_prelevement_bons` FOREIGN KEY (`fk_prelevement_bons`) REFERENCES `llx_prelevement_bons` (`rowid`);

--
-- Contraintes pour la table `llx_product`
--
ALTER TABLE `llx_product`
  ADD CONSTRAINT `fk_product_barcode_type` FOREIGN KEY (`fk_barcode_type`) REFERENCES `llx_c_barcode_type` (`rowid`),
  ADD CONSTRAINT `fk_product_fk_country` FOREIGN KEY (`fk_country`) REFERENCES `llx_c_country` (`rowid`),
  ADD CONSTRAINT `fk_product_fk_unit` FOREIGN KEY (`fk_unit`) REFERENCES `llx_c_units` (`rowid`);

--
-- Contraintes pour la table `llx_product_batch`
--
ALTER TABLE `llx_product_batch`
  ADD CONSTRAINT `fk_product_batch_fk_product_stock` FOREIGN KEY (`fk_product_stock`) REFERENCES `llx_product_stock` (`rowid`);

--
-- Contraintes pour la table `llx_product_customer_price`
--
ALTER TABLE `llx_product_customer_price`
  ADD CONSTRAINT `fk_product_customer_price_fk_product` FOREIGN KEY (`fk_product`) REFERENCES `llx_product` (`rowid`),
  ADD CONSTRAINT `fk_product_customer_price_fk_soc` FOREIGN KEY (`fk_soc`) REFERENCES `llx_societe` (`rowid`),
  ADD CONSTRAINT `fk_product_customer_price_fk_user` FOREIGN KEY (`fk_user`) REFERENCES `llx_user` (`rowid`);

--
-- Contraintes pour la table `llx_product_fournisseur_price`
--
ALTER TABLE `llx_product_fournisseur_price`
  ADD CONSTRAINT `fk_product_fournisseur_price_fk_product` FOREIGN KEY (`fk_product`) REFERENCES `llx_product` (`rowid`),
  ADD CONSTRAINT `fk_product_fournisseur_price_fk_user` FOREIGN KEY (`fk_user`) REFERENCES `llx_user` (`rowid`);

--
-- Contraintes pour la table `llx_product_lang`
--
ALTER TABLE `llx_product_lang`
  ADD CONSTRAINT `fk_product_lang_fk_product` FOREIGN KEY (`fk_product`) REFERENCES `llx_product` (`rowid`);

--
-- Contraintes pour la table `llx_product_price`
--
ALTER TABLE `llx_product_price`
  ADD CONSTRAINT `fk_product_price_product` FOREIGN KEY (`fk_user_author`) REFERENCES `llx_user` (`rowid`),
  ADD CONSTRAINT `fk_product_price_user_author` FOREIGN KEY (`fk_product`) REFERENCES `llx_product` (`rowid`);

--
-- Contraintes pour la table `llx_product_price_by_qty`
--
ALTER TABLE `llx_product_price_by_qty`
  ADD CONSTRAINT `fk_product_price_by_qty_fk_product_price` FOREIGN KEY (`fk_product_price`) REFERENCES `llx_product_price` (`rowid`);

--
-- Contraintes pour la table `llx_projet`
--
ALTER TABLE `llx_projet`
  ADD CONSTRAINT `fk_projet_fk_soc` FOREIGN KEY (`fk_soc`) REFERENCES `llx_societe` (`rowid`);

--
-- Contraintes pour la table `llx_projet_task`
--
ALTER TABLE `llx_projet_task`
  ADD CONSTRAINT `fk_projet_task_fk_projet` FOREIGN KEY (`fk_projet`) REFERENCES `llx_projet` (`rowid`),
  ADD CONSTRAINT `fk_projet_task_fk_user_creat` FOREIGN KEY (`fk_user_creat`) REFERENCES `llx_user` (`rowid`),
  ADD CONSTRAINT `fk_projet_task_fk_user_valid` FOREIGN KEY (`fk_user_valid`) REFERENCES `llx_user` (`rowid`);

--
-- Contraintes pour la table `llx_propal`
--
ALTER TABLE `llx_propal`
  ADD CONSTRAINT `fk_propal_fk_projet` FOREIGN KEY (`fk_projet`) REFERENCES `llx_projet` (`rowid`),
  ADD CONSTRAINT `fk_propal_fk_soc` FOREIGN KEY (`fk_soc`) REFERENCES `llx_societe` (`rowid`),
  ADD CONSTRAINT `fk_propal_fk_user_author` FOREIGN KEY (`fk_user_author`) REFERENCES `llx_user` (`rowid`),
  ADD CONSTRAINT `fk_propal_fk_user_cloture` FOREIGN KEY (`fk_user_cloture`) REFERENCES `llx_user` (`rowid`),
  ADD CONSTRAINT `fk_propal_fk_user_valid` FOREIGN KEY (`fk_user_valid`) REFERENCES `llx_user` (`rowid`);

--
-- Contraintes pour la table `llx_propaldet`
--
ALTER TABLE `llx_propaldet`
  ADD CONSTRAINT `fk_propaldet_fk_propal` FOREIGN KEY (`fk_propal`) REFERENCES `llx_propal` (`rowid`),
  ADD CONSTRAINT `fk_propaldet_fk_unit` FOREIGN KEY (`fk_unit`) REFERENCES `llx_c_units` (`rowid`);

--
-- Contraintes pour la table `llx_societe_remise_except`
--
ALTER TABLE `llx_societe_remise_except`
  ADD CONSTRAINT `fk_soc_remise_fk_facture_line` FOREIGN KEY (`fk_facture_line`) REFERENCES `llx_facturedet` (`rowid`),
  ADD CONSTRAINT `fk_soc_remise_fk_soc` FOREIGN KEY (`fk_soc`) REFERENCES `llx_societe` (`rowid`),
  ADD CONSTRAINT `fk_societe_remise_fk_facture` FOREIGN KEY (`fk_facture`) REFERENCES `llx_facture` (`rowid`),
  ADD CONSTRAINT `fk_societe_remise_fk_facture_source` FOREIGN KEY (`fk_facture_source`) REFERENCES `llx_facture` (`rowid`),
  ADD CONSTRAINT `fk_societe_remise_fk_user` FOREIGN KEY (`fk_user`) REFERENCES `llx_user` (`rowid`);

--
-- Contraintes pour la table `llx_socpeople`
--
ALTER TABLE `llx_socpeople`
  ADD CONSTRAINT `fk_socpeople_fk_soc` FOREIGN KEY (`fk_soc`) REFERENCES `llx_societe` (`rowid`),
  ADD CONSTRAINT `fk_socpeople_user_creat_user_rowid` FOREIGN KEY (`fk_user_creat`) REFERENCES `llx_user` (`rowid`);

--
-- Contraintes pour la table `llx_usergroup_rights`
--
ALTER TABLE `llx_usergroup_rights`
  ADD CONSTRAINT `fk_usergroup_rights_fk_usergroup` FOREIGN KEY (`fk_usergroup`) REFERENCES `llx_usergroup` (`rowid`);

--
-- Contraintes pour la table `llx_usergroup_user`
--
ALTER TABLE `llx_usergroup_user`
  ADD CONSTRAINT `fk_usergroup_user_fk_user` FOREIGN KEY (`fk_user`) REFERENCES `llx_user` (`rowid`),
  ADD CONSTRAINT `fk_usergroup_user_fk_usergroup` FOREIGN KEY (`fk_usergroup`) REFERENCES `llx_usergroup` (`rowid`);

--
-- Contraintes pour la table `llx_user_rights`
--
ALTER TABLE `llx_user_rights`
  ADD CONSTRAINT `fk_user_rights_fk_user_user` FOREIGN KEY (`fk_user`) REFERENCES `llx_user` (`rowid`);
COMMIT;

